

--
-- Database: `zeonglob_zap_lifegate_nurpri_umuahia`
--




CREATE TABLE `about_us` (
  `about_us_id` int(11) NOT NULL AUTO_INCREMENT,
  `map` varchar(300) NOT NULL,
  `about_us_text` text NOT NULL,
  `date_added` datetime NOT NULL DEFAULT current_timestamp() ON UPDATE current_timestamp(),
  PRIMARY KEY (`about_us_id`)
) ENGINE=InnoDB DEFAULT CHARSET=utf8mb4;






CREATE TABLE `activity` (
  `assignment_id` int(11) NOT NULL AUTO_INCREMENT,
  `class_id` int(11) NOT NULL,
  `subclass_id` int(11) NOT NULL,
  `subject_id` int(11) NOT NULL,
  `staff_id` int(11) NOT NULL,
  `topic_id` int(11) NOT NULL,
  `table_name` varchar(30) NOT NULL,
  `assignment_title` varchar(200) NOT NULL,
  `assignment_text` text NOT NULL,
  `due_date` datetime NOT NULL,
  `property` varchar(20) NOT NULL,
  `activation` varchar(20) NOT NULL DEFAULT 'active',
  `total_score` decimal(15,2) NOT NULL,
  `assignment_date` datetime NOT NULL DEFAULT current_timestamp(),
  `answer_text` text NOT NULL,
  `answer_status` varchar(10) NOT NULL,
  `sessions` varchar(15) NOT NULL,
  `terms` varchar(15) NOT NULL,
  PRIMARY KEY (`assignment_id`),
  KEY `due_date` (`due_date`),
  KEY `topic_id` (`topic_id`),
  KEY `activation` (`activation`),
  KEY `answer_status` (`answer_status`)
) ENGINE=InnoDB DEFAULT CHARSET=latin1;






CREATE TABLE `activity_comment` (
  `activity_comment_id` int(11) NOT NULL AUTO_INCREMENT,
  `assignment_id` int(11) NOT NULL,
  `user_id` int(11) NOT NULL,
  `table_name` varchar(20) NOT NULL,
  `comment` varchar(500) NOT NULL,
  `date_added` datetime NOT NULL DEFAULT current_timestamp(),
  PRIMARY KEY (`activity_comment_id`),
  KEY `assignment_id` (`assignment_id`,`user_id`)
) ENGINE=InnoDB DEFAULT CHARSET=utf8mb4;






CREATE TABLE `admission_class` (
  `admission_class_id` int(11) NOT NULL AUTO_INCREMENT,
  `admission_sessions_id` int(11) NOT NULL,
  `class_id` int(11) NOT NULL,
  `price` decimal(15,2) NOT NULL,
  PRIMARY KEY (`admission_class_id`),
  KEY `admission_session_id` (`admission_sessions_id`),
  KEY `class_id` (`class_id`)
) ENGINE=InnoDB DEFAULT CHARSET=utf8mb4;






CREATE TABLE `admission_exam_questions` (
  `admission_exam_question_id` int(11) NOT NULL AUTO_INCREMENT,
  `admission_exam_id` int(11) NOT NULL,
  `subject_id` int(11) NOT NULL,
  `question_id` int(11) NOT NULL,
  `date_added` datetime NOT NULL DEFAULT current_timestamp(),
  PRIMARY KEY (`admission_exam_question_id`),
  KEY `admission_exam_id` (`admission_exam_id`)
) ENGINE=InnoDB DEFAULT CHARSET=utf8mb4;






CREATE TABLE `admission_exam_student_questions` (
  `admission_exam_student_question_id` int(11) NOT NULL AUTO_INCREMENT,
  `admission_exam_student_id` int(11) NOT NULL,
  `question_options_id` int(11) NOT NULL,
  PRIMARY KEY (`admission_exam_student_question_id`),
  KEY `admission_exam_student_id` (`admission_exam_student_id`),
  KEY `question_options_id` (`question_options_id`)
) ENGINE=InnoDB DEFAULT CHARSET=utf8mb4;






CREATE TABLE `admission_exam_students` (
  `admission_exam_student_id` int(11) NOT NULL AUTO_INCREMENT,
  `admission_exam_id` int(11) NOT NULL,
  `admission_student_id` int(11) NOT NULL,
  `start_date` datetime NOT NULL DEFAULT current_timestamp(),
  `end_date` datetime NOT NULL,
  `score` decimal(15,2) DEFAULT NULL,
  `revised_score` decimal(15,2) DEFAULT NULL,
  `total_score` decimal(15,2) DEFAULT NULL,
  `score_percentage` decimal(15,2) DEFAULT NULL,
  `revised_score_percentage` decimal(15,2) DEFAULT NULL,
  `approval` tinyint(4) NOT NULL,
  `fullscreen_exits` int(11) NOT NULL,
  `exam_ended_cond` varchar(30) NOT NULL,
  PRIMARY KEY (`admission_exam_student_id`),
  KEY `admission_exam_id` (`admission_exam_id`),
  KEY `student_id` (`admission_student_id`),
  KEY `approval` (`approval`)
) ENGINE=InnoDB DEFAULT CHARSET=utf8mb4;






CREATE TABLE `admission_exam_webcams` (
  `admission_exam_webcam_id` int(11) NOT NULL AUTO_INCREMENT,
  `admission_exam_id` int(11) NOT NULL,
  `admission_student_id` int(11) NOT NULL,
  `google_drive_id` varchar(300) NOT NULL,
  `timestamp` varchar(20) NOT NULL,
  PRIMARY KEY (`admission_exam_webcam_id`),
  KEY `admission_exam_id` (`admission_exam_id`,`admission_student_id`)
) ENGINE=InnoDB DEFAULT CHARSET=utf8mb4;






CREATE TABLE `admission_exams` (
  `admission_exam_id` int(11) NOT NULL AUTO_INCREMENT,
  `admission_class_id` int(11) NOT NULL,
  `exam_name` varchar(300) NOT NULL,
  `exam_description` text NOT NULL,
  `exam_type` varchar(20) NOT NULL DEFAULT 'multiple_choice',
  `duration` int(11) NOT NULL,
  `start_date` datetime NOT NULL,
  `end_date` datetime NOT NULL,
  `maximum_attempt` tinyint(4) NOT NULL,
  `minimum_percentage` tinyint(4) NOT NULL,
  `view_answers` tinyint(4) NOT NULL,
  `surveillance` tinyint(4) NOT NULL,
  `activation` varchar(10) NOT NULL,
  `date_added` datetime NOT NULL DEFAULT current_timestamp(),
  PRIMARY KEY (`admission_exam_id`),
  KEY `activation` (`activation`)
) ENGINE=InnoDB DEFAULT CHARSET=utf8mb4;






CREATE TABLE `admission_form` (
  `admission_form_id` int(11) NOT NULL AUTO_INCREMENT,
  `admission_form` text NOT NULL,
  `upload_instruction` varchar(500) NOT NULL,
  PRIMARY KEY (`admission_form_id`)
) ENGINE=InnoDB AUTO_INCREMENT=2 DEFAULT CHARSET=utf8mb4;


INSERT INTO admission_form VALUES
("1","[{\"type\":\"text\",\"required\":true,\"label\":\"Last Name\",\"placeholder\":\"ENTER LAST NAME\",\"className\":\"form-control\",\"name\":\"last_name\",\"access\":false,\"subtype\":\"text\"},{\"type\":\"text\",\"required\":true,\"label\":\"First Name\",\"placeholder\":\"ENTER FIRST NAME\",\"className\":\"form-control\",\"name\":\"first_name\",\"access\":false,\"subtype\":\"text\"},{\"type\":\"text\",\"required\":false,\"label\":\"Other Name\",\"placeholder\":\"ENTER OTHER NAME\",\"className\":\"form-control\",\"name\":\"other_name\",\"access\":false,\"subtype\":\"text\"},{\"type\":\"select\",\"required\":true,\"label\":\"Gender\",\"className\":\"form-control\",\"name\":\"gender\",\"access\":false,\"values\":[{\"label\":\"MALE\",\"value\":\"male\",\"selected\":true},{\"label\":\"FEMALE\",\"value\":\"female\"}]},{\"type\":\"select\",\"required\":true,\"label\":\"Religion\",\"placeholder\":\"Religion\",\"className\":\"form-control\",\"name\":\"religion\",\"access\":false,\"values\":[{\"label\":\"CHRISTIANITY \",\"value\":\"Christianity\"},{\"label\":\"ISLAM \",\"value\":\"Islam\"}]},{\"type\":\"date\",\"required\":true,\"label\":\"Date of Birth\",\"className\":\"form-control\",\"name\":\"dob\",\"access\":false},{\"type\":\"text\",\"required\":true,\"label\":\"Parent Name\",\"placeholder\":\"ENTER PARENT NAME\",\"className\":\"form-control\",\"name\":\"parent_name\",\"access\":false,\"subtype\":\"text\"},{\"type\":\"text\",\"required\":true,\"label\":\"Parent Address\",\"placeholder\":\"ENTER PARENT ADDRESS\",\"className\":\"form-control\",\"name\":\"home_address\",\"access\":false,\"subtype\":\"text\"},{\"type\":\"text\",\"required\":true,\"label\":\"Parent Occupation\",\"placeholder\":\"ENTER PARENT OCCUPATION\",\"className\":\"form-control\",\"name\":\"occupation\",\"access\":false,\"subtype\":\"text\"},{\"type\":\"autocomplete\",\"required\":true,\"label\":\"Parent State of Origin\",\"className\":\"form-control\",\"name\":\"parent_state_origin\",\"access\":false,\"requireValidOption\":true,\"values\":[{\"label\":\"ABIA\",\"value\":\"ABIA\"},{\"label\":\"ADAMAWA\",\"value\":\"ADAMAWA\"},{\"label\":\"AKWA IBOM\",\"value\":\"AKWA IBOM\"},{\"label\":\"ANAMBRA\",\"value\":\"ANAMBRA\"},{\"label\":\"BAUCHI\",\"value\":\"BAUCHI\"},{\"label\":\"BAYELSA\",\"value\":\"BAYELSA\"},{\"label\":\"BENUE\",\"value\":\"BENUE\"},{\"label\":\"BORNO\",\"value\":\"BORNO\"},{\"label\":\"CROSS RIVER\",\"value\":\"CROSS RIVER\"},{\"label\":\"DELTA\",\"value\":\"DELTA\"},{\"label\":\"EBONYI\",\"value\":\"EBONYI\"},{\"label\":\"EDO\",\"value\":\"EDO\"},{\"label\":\"EKITI\",\"value\":\"EKITI\"},{\"label\":\"ENUGU\",\"value\":\"ENUGU\"},{\"label\":\"FCT\",\"value\":\"FCT\"},{\"label\":\"GOMBE\",\"value\":\"GOMBE\"},{\"label\":\"IMO\",\"value\":\"IMO\"},{\"label\":\"JIGAWA\",\"value\":\"JIGAWA\"},{\"label\":\"KADUNA\",\"value\":\"KADUNA\"},{\"label\":\"KANO\",\"value\":\"KANO\"},{\"label\":\"KATSINA\",\"value\":\"KATSINA\"},{\"label\":\"KEBBI\",\"value\":\"KEBBI\"},{\"label\":\"KOGI\",\"value\":\"KOGI\"},{\"label\":\"KWARA\",\"value\":\"KWARA\"},{\"label\":\"LAGOS\",\"value\":\"LAGOS\"},{\"label\":\"NASARAWA\",\"value\":\"NASARAWA\"},{\"label\":\"NIGER\",\"value\":\"NIGER\"},{\"label\":\"OGUN\",\"value\":\"OGUN\"},{\"label\":\"ONDO\",\"value\":\"ONDO\"},{\"label\":\"OSUN\",\"value\":\"OSUN\"},{\"label\":\"OYO\",\"value\":\"OYO\"},{\"label\":\"PLATEAU\",\"value\":\"PLATEAU\"},{\"label\":\"RIVERS\",\"value\":\"RIVERS\"},{\"label\":\"SOKOTO\",\"value\":\"SOKOTO\"},{\"label\":\"TARABA\",\"value\":\"TARABA\"},{\"label\":\"YOBE\",\"value\":\"YOBE\"},{\"label\":\"ZAMFARA\",\"value\":\"ZAMFARA\"}]},{\"type\":\"select\",\"required\":true,\"label\":\"Parent Religion\",\"placeholder\":\"Religion\",\"className\":\"form-control\",\"name\":\"select-1595660440643\",\"access\":false,\"values\":[{\"label\":\"CHRISTIANITY \",\"value\":\"Christianity\",\"selected\":true},{\"label\":\"ISLAM \",\"value\":\"Islam\"}]}]","");




CREATE TABLE `admission_sessions` (
  `admission_sessions_id` int(11) NOT NULL AUTO_INCREMENT,
  `admission_sessions_name` varchar(300) NOT NULL,
  `admission_status` varchar(100) NOT NULL DEFAULT 'active',
  `date_created` datetime NOT NULL DEFAULT current_timestamp(),
  PRIMARY KEY (`admission_sessions_id`),
  KEY `admission_status` (`admission_status`)
) ENGINE=InnoDB DEFAULT CHARSET=latin1;






CREATE TABLE `admission_students` (
  `admission_student_id` int(11) NOT NULL AUTO_INCREMENT,
  `admission_class_id` int(11) NOT NULL,
  `main_phonenumber` varchar(20) NOT NULL,
  `phone_number2` varchar(20) DEFAULT NULL,
  `email` varchar(300) NOT NULL,
  `student_info` text NOT NULL,
  `payment` varchar(10) NOT NULL,
  `application_status` varchar(20) NOT NULL,
  `date_added` datetime NOT NULL DEFAULT current_timestamp(),
  PRIMARY KEY (`admission_student_id`)
) ENGINE=InnoDB DEFAULT CHARSET=utf8mb4;






CREATE TABLE `admission_uploads` (
  `admission_upload_id` int(11) NOT NULL AUTO_INCREMENT,
  `admission_student_id` int(11) NOT NULL,
  `upload_title` varchar(50) NOT NULL,
  `google_drive_id` varchar(100) NOT NULL,
  `google_drive_title` varchar(50) NOT NULL,
  `date_added` datetime NOT NULL DEFAULT current_timestamp(),
  PRIMARY KEY (`admission_upload_id`),
  KEY `admission_student_id` (`admission_student_id`)
) ENGINE=InnoDB DEFAULT CHARSET=latin1;






CREATE TABLE `album` (
  `album_id` int(11) NOT NULL AUTO_INCREMENT,
  `class_id` int(11) NOT NULL,
  `subclass_id` int(11) NOT NULL,
  `album_cat` varchar(20) NOT NULL,
  `album_name` varchar(100) NOT NULL,
  `album_date` datetime NOT NULL,
  PRIMARY KEY (`album_id`),
  KEY `album_cat` (`album_cat`),
  KEY `class_id` (`class_id`)
) ENGINE=InnoDB DEFAULT CHARSET=latin1;






CREATE TABLE `album_images` (
  `album_images_id` int(11) NOT NULL AUTO_INCREMENT,
  `album_id` int(11) NOT NULL,
  `image_name` varchar(20) NOT NULL,
  `image_dir` varchar(300) NOT NULL,
  PRIMARY KEY (`album_images_id`),
  KEY `album_id` (`album_id`)
) ENGINE=InnoDB DEFAULT CHARSET=latin1;






CREATE TABLE `alumni` (
  `alumni_id` int(11) NOT NULL AUTO_INCREMENT,
  `alumni_class_id` int(11) NOT NULL,
  `last_name` varchar(50) NOT NULL,
  `first_name` varchar(50) NOT NULL,
  `address` varchar(400) NOT NULL,
  `phonenumber` varchar(20) NOT NULL,
  `email` varchar(200) NOT NULL,
  `payment_reference` varchar(50) DEFAULT NULL,
  `year_you_left` varchar(20) NOT NULL,
  `set_name` varchar(15) NOT NULL,
  `brief_info` varchar(400) NOT NULL,
  `date_created` datetime NOT NULL DEFAULT current_timestamp(),
  PRIMARY KEY (`alumni_id`),
  KEY `alumni_class_id` (`alumni_class_id`)
) ENGINE=InnoDB DEFAULT CHARSET=utf8mb4;






CREATE TABLE `alumni_class` (
  `alumni_class_id` int(11) NOT NULL AUTO_INCREMENT,
  `class_name` varchar(50) NOT NULL,
  `class_group` varchar(10) NOT NULL,
  `class_order` int(11) NOT NULL,
  PRIMARY KEY (`alumni_class_id`)
) ENGINE=InnoDB DEFAULT CHARSET=utf8mb4;






CREATE TABLE `app_token` (
  `app_token_id` int(11) NOT NULL AUTO_INCREMENT,
  `user_id` int(11) NOT NULL,
  `table_name` varchar(100) NOT NULL,
  `user_key` varchar(100) NOT NULL,
  `browser_token` varchar(100) NOT NULL,
  `db_name` varchar(100) NOT NULL,
  `token` varchar(300) NOT NULL,
  `date_added` datetime NOT NULL DEFAULT current_timestamp(),
  `last_updated` datetime NOT NULL DEFAULT current_timestamp() ON UPDATE current_timestamp(),
  PRIMARY KEY (`app_token_id`),
  KEY `user_key` (`user_key`,`token`),
  KEY `browser_token` (`browser_token`)
) ENGINE=InnoDB DEFAULT CHARSET=latin1;






CREATE TABLE `assignments` (
  `assignment_id` int(11) NOT NULL AUTO_INCREMENT,
  `class_id` int(11) NOT NULL,
  `subclass_id` int(11) NOT NULL,
  `subject_id` int(11) NOT NULL,
  `assignment_title` varchar(200) NOT NULL,
  `assignment_text` text NOT NULL,
  `assignment_dir` varchar(500) NOT NULL,
  `assignment_date` datetime NOT NULL,
  `sessions` varchar(15) NOT NULL,
  `terms` varchar(15) NOT NULL,
  PRIMARY KEY (`assignment_id`)
) ENGINE=InnoDB DEFAULT CHARSET=latin1;






CREATE TABLE `assignments_answer_file` (
  `assignments_answer_file_id` int(11) NOT NULL AUTO_INCREMENT,
  `assignment_id` int(11) NOT NULL,
  `file_name` varchar(100) NOT NULL,
  `file_dir` varchar(300) NOT NULL,
  `google_drive_id` varchar(200) NOT NULL,
  `google_drive_title` varchar(200) NOT NULL,
  `google_drive_thumbnail_link` varchar(300) NOT NULL,
  `google_drive_dir` varchar(300) NOT NULL,
  `google_drive_embed_link` varchar(300) NOT NULL,
  `google_drive_filesize` varchar(30) NOT NULL,
  `date_added` datetime NOT NULL DEFAULT current_timestamp(),
  PRIMARY KEY (`assignments_answer_file_id`),
  KEY `assignment_id` (`assignment_id`)
) ENGINE=InnoDB DEFAULT CHARSET=utf8mb4;






CREATE TABLE `assignments_files` (
  `assignments_file_id` int(11) NOT NULL AUTO_INCREMENT,
  `assignment_id` int(11) NOT NULL,
  `file_name` varchar(200) NOT NULL,
  `file_dir` varchar(300) NOT NULL,
  `google_drive_id` varchar(200) NOT NULL,
  `google_drive_title` varchar(200) NOT NULL,
  `google_drive_thumbnail_link` varchar(300) NOT NULL,
  `google_drive_dir` varchar(300) NOT NULL,
  `google_drive_embed_link` varchar(300) NOT NULL,
  `google_drive_filesize` varchar(30) NOT NULL,
  `date_added` datetime NOT NULL DEFAULT current_timestamp(),
  PRIMARY KEY (`assignments_file_id`),
  KEY `assignment_id` (`assignment_id`)
) ENGINE=InnoDB DEFAULT CHARSET=utf8mb4;






CREATE TABLE `assignments_marked_file` (
  `assignments_marked_file_id` int(11) NOT NULL AUTO_INCREMENT,
  `assignments_submitted_id` int(11) NOT NULL,
  `file_name` varchar(200) NOT NULL,
  `file_dir` varchar(300) NOT NULL,
  `google_drive_id` varchar(200) NOT NULL,
  `google_drive_title` varchar(200) NOT NULL,
  `google_drive_thumbnail_link` varchar(300) NOT NULL,
  `google_drive_dir` varchar(300) NOT NULL,
  `google_drive_embed_link` varchar(300) NOT NULL,
  `google_drive_filesize` varchar(30) NOT NULL,
  `date_added` datetime NOT NULL DEFAULT current_timestamp(),
  PRIMARY KEY (`assignments_marked_file_id`),
  KEY `assignments_submitted_id` (`assignments_submitted_id`)
) ENGINE=InnoDB DEFAULT CHARSET=utf8mb4;






CREATE TABLE `assignments_submitted` (
  `assignments_submitted_id` int(11) NOT NULL AUTO_INCREMENT,
  `assignment_id` int(11) NOT NULL,
  `student_id` int(11) NOT NULL,
  `typed_assignment` text NOT NULL,
  `uploaded_assignment` varchar(500) NOT NULL,
  `date_added` datetime NOT NULL DEFAULT current_timestamp(),
  `sessions` varchar(15) NOT NULL,
  `terms` varchar(15) NOT NULL,
  `staff_id` int(11) NOT NULL,
  `table_name` varchar(20) NOT NULL,
  `student_submit_status` varchar(30) NOT NULL,
  `staff_marked_status` varchar(30) NOT NULL,
  `typed_marked` text NOT NULL,
  `student_score` decimal(15,2) DEFAULT NULL,
  `date_marked` datetime NOT NULL,
  PRIMARY KEY (`assignments_submitted_id`),
  KEY `assignment_id` (`assignment_id`),
  KEY `student_id` (`student_id`),
  KEY `staff_id` (`staff_id`)
) ENGINE=InnoDB DEFAULT CHARSET=latin1;






CREATE TABLE `assignments_submitted_file` (
  `assignments_submitted_file_id` int(11) NOT NULL AUTO_INCREMENT,
  `assignments_submitted_id` int(11) NOT NULL,
  `file_name` varchar(200) NOT NULL,
  `file_dir` varchar(300) NOT NULL,
  `google_drive_id` varchar(200) NOT NULL,
  `google_drive_title` varchar(200) NOT NULL,
  `google_drive_thumbnail_link` varchar(300) NOT NULL,
  `google_drive_dir` varchar(300) NOT NULL,
  `google_drive_embed_link` varchar(300) NOT NULL,
  `google_drive_filesize` varchar(30) NOT NULL,
  `date_added` datetime NOT NULL DEFAULT current_timestamp(),
  PRIMARY KEY (`assignments_submitted_file_id`),
  KEY `assignments_submitted_id` (`assignments_submitted_id`),
  KEY `date_added` (`date_added`)
) ENGINE=InnoDB DEFAULT CHARSET=utf8mb4;






CREATE TABLE `attendance_behaviour` (
  `attendance_behaviour_id` int(11) NOT NULL AUTO_INCREMENT,
  `student_id` int(11) NOT NULL,
  `student_attendance` int(11) DEFAULT NULL,
  `total_attendance` int(11) NOT NULL,
  `handwriting` int(11) NOT NULL,
  `neatness` int(11) NOT NULL,
  `punctuality` int(11) NOT NULL,
  `attentiveness` int(11) NOT NULL,
  `initiative` int(11) NOT NULL,
  `respect` int(11) NOT NULL,
  `obedience` int(11) NOT NULL,
  `attitude` int(11) NOT NULL,
  `honesty` int(11) NOT NULL,
  `creativity` int(11) NOT NULL,
  `sessions` varchar(20) NOT NULL,
  `terms` varchar(20) NOT NULL,
  PRIMARY KEY (`attendance_behaviour_id`),
  KEY `student_id` (`student_id`)
) ENGINE=InnoDB DEFAULT CHARSET=latin1;






CREATE TABLE `autologin` (
  `user_key` varchar(100) NOT NULL,
  `token` char(32) NOT NULL,
  `created` timestamp NOT NULL DEFAULT current_timestamp(),
  `browser_token` char(32) NOT NULL,
  `dbname` varchar(300) NOT NULL,
  `data` text DEFAULT NULL,
  `used` tinyint(1) NOT NULL DEFAULT 0,
  PRIMARY KEY (`user_key`,`token`),
  KEY `dbname` (`dbname`(255))
) ENGINE=InnoDB DEFAULT CHARSET=utf8;






CREATE TABLE `backup_class` (
  `backup_class_id` int(10) unsigned NOT NULL AUTO_INCREMENT,
  `class_id` int(10) unsigned NOT NULL,
  `class_name` varchar(10) NOT NULL,
  `class_order` int(10) unsigned NOT NULL,
  `section` varchar(10) NOT NULL,
  `promotional_average` varchar(5) NOT NULL,
  `new_student_fee` decimal(15,2) unsigned NOT NULL,
  `sessions` varchar(20) NOT NULL,
  `terms` varchar(15) NOT NULL,
  PRIMARY KEY (`backup_class_id`),
  KEY `session_term` (`sessions`,`terms`)
) ENGINE=InnoDB AUTO_INCREMENT=61 DEFAULT CHARSET=latin1;


INSERT INTO backup_class VALUES
("1","1","BASIC 1","5","primary","60","0.00","2019/2020","1st Term"),
("2","2","BASIC 2","6","primary","60","0.00","2019/2020","1st Term"),
("3","3","BASIC 3","7","primary","60","0.00","2019/2020","1st Term"),
("4","4","BASIC 4","8","primary","60","0.00","2019/2020","1st Term"),
("5","5","BASIC 5","9","primary","60","0.00","2019/2020","1st Term"),
("6","6","PRE-NURSER","2","nursery","50","0.00","2019/2020","1st Term"),
("7","7","NURSERY 2","3","nursery","50","0.00","2019/2020","1st Term"),
("8","8","NURSERY 3","4","nursery","50","0.00","2019/2020","1st Term"),
("9","9","PRE-NURSER","1","nursery","50","0.00","2019/2020","1st Term"),
("10","10","NURSERY 1","10","nursery","50","0.00","2019/2020","1st Term"),
("11","1","BASIC 1","6","primary","50","0.00","2019/2020","2nd Term"),
("12","2","BASIC 2","7","primary","50","0.00","2019/2020","2nd Term"),
("13","3","BASIC 3","8","primary","50","0.00","2019/2020","2nd Term"),
("14","4","BASIC 4","9","primary","50","0.00","2019/2020","2nd Term"),
("15","5","BASIC 5","10","primary","50","0.00","2019/2020","2nd Term"),
("16","6","PRE-NURSER","2","nursery","40","0.00","2019/2020","2nd Term"),
("17","7","NURSERY 2","4","nursery","40","0.00","2019/2020","2nd Term"),
("18","8","NURSERY 3","5","primary","50","0.00","2019/2020","2nd Term"),
("19","9","PRE-NURSER","1","nursery","40","0.00","2019/2020","2nd Term"),
("20","10","NURSERY 1","3","nursery","40","0.00","2019/2020","2nd Term"),
("21","1","BASIC 1","6","primary","50","0.00","2019/2020","3rd Term"),
("22","2","BASIC 2","7","primary","50","0.00","2019/2020","3rd Term"),
("23","3","BASIC 3","8","primary","50","0.00","2019/2020","3rd Term"),
("24","4","BASIC 4","9","primary","50","0.00","2019/2020","3rd Term"),
("25","5","BASIC 5","10","primary","50","0.00","2019/2020","3rd Term"),
("26","6","PRE-NURSER","2","nursery","40","0.00","2019/2020","3rd Term"),
("27","7","NURSERY 2","4","nursery","40","0.00","2019/2020","3rd Term"),
("28","8","NURSERY 3","5","primary","50","0.00","2019/2020","3rd Term"),
("29","9","PRE-NURSER","1","nursery","40","0.00","2019/2020","3rd Term"),
("30","10","NURSERY 1","3","nursery","40","0.00","2019/2020","3rd Term"),
("31","1","BASIC 1","6","primary","50","0.00","2020/2021","1st Term"),
("32","2","BASIC 2","7","primary","50","0.00","2020/2021","1st Term"),
("33","3","BASIC 3","8","primary","50","0.00","2020/2021","1st Term"),
("34","4","BASIC 4","9","primary","50","0.00","2020/2021","1st Term"),
("35","5","BASIC 5","10","primary","50","0.00","2020/2021","1st Term"),
("36","6","PRE-NURSER","2","nursery","40","0.00","2020/2021","1st Term"),
("37","7","NURSERY 2","4","nursery","40","0.00","2020/2021","1st Term"),
("38","8","NURSERY 3","5","primary","50","0.00","2020/2021","1st Term"),
("39","9","PRE-NURSER","1","nursery","40","0.00","2020/2021","1st Term"),
("40","10","NURSERY 1","3","nursery","40","0.00","2020/2021","1st Term"),
("41","1","BASIC 1","6","primary","50","0.00","2020/2021","2nd Term"),
("42","2","BASIC 2","7","primary","50","0.00","2020/2021","2nd Term"),
("43","3","BASIC 3","8","primary","50","0.00","2020/2021","2nd Term"),
("44","4","BASIC 4","9","primary","50","0.00","2020/2021","2nd Term"),
("45","5","BASIC 5","10","primary","50","0.00","2020/2021","2nd Term"),
("46","6","PRE-NURSER","2","nursery","40","0.00","2020/2021","2nd Term"),
("47","7","NURSERY 2","4","nursery","40","0.00","2020/2021","2nd Term"),
("48","8","NURSERY 3","5","primary","50","0.00","2020/2021","2nd Term"),
("49","9","PRE-NURSER","1","nursery","40","0.00","2020/2021","2nd Term"),
("50","10","NURSERY 1","3","nursery","40","0.00","2020/2021","2nd Term"),
("51","1","BASIC 1","6","primary","30","0.00","2020/2021","3rd Term"),
("52","2","BASIC 2","7","primary","30","0.00","2020/2021","3rd Term"),
("53","3","BASIC 3","8","primary","30","0.00","2020/2021","3rd Term"),
("54","4","BASIC 4","9","primary","30","0.00","2020/2021","3rd Term"),
("55","5","BASIC 5","10","primary","30","0.00","2020/2021","3rd Term"),
("56","6","PRE-NURSER","2","nursery","30","0.00","2020/2021","3rd Term"),
("57","7","NURSERY 2","4","nursery","30","0.00","2020/2021","3rd Term"),
("58","8","NURSERY 3","5","primary","30","0.00","2020/2021","3rd Term"),
("59","9","PRE-NURSER","1","nursery","30","0.00","2020/2021","3rd Term"),
("60","10","NURSERY 1","3","nursery","30","0.00","2020/2021","3rd Term");




CREATE TABLE `backup_new_fees_class` (
  `backup_new_fees_class_id` int(10) unsigned NOT NULL AUTO_INCREMENT,
  `new_fees_class_id` int(11) NOT NULL,
  `class_id` int(11) NOT NULL,
  `amount` decimal(15,2) NOT NULL,
  `term` varchar(20) NOT NULL,
  `sessions` varchar(20) NOT NULL,
  `terms` varchar(15) NOT NULL,
  PRIMARY KEY (`backup_new_fees_class_id`),
  KEY `session_term` (`sessions`,`terms`)
) ENGINE=InnoDB AUTO_INCREMENT=181 DEFAULT CHARSET=latin1;


INSERT INTO backup_new_fees_class VALUES
("1","1","1","0.00","1st Term","2019/2020","1st Term"),
("2","2","1","0.00","2nd Term","2019/2020","1st Term"),
("3","3","1","0.00","3rd Term","2019/2020","1st Term"),
("4","4","2","0.00","1st Term","2019/2020","1st Term"),
("5","5","2","0.00","2nd Term","2019/2020","1st Term"),
("6","6","2","0.00","3rd Term","2019/2020","1st Term"),
("7","7","3","0.00","1st Term","2019/2020","1st Term"),
("8","8","3","0.00","2nd Term","2019/2020","1st Term"),
("9","9","3","0.00","3rd Term","2019/2020","1st Term"),
("10","10","4","0.00","1st Term","2019/2020","1st Term"),
("11","11","4","0.00","2nd Term","2019/2020","1st Term"),
("12","12","4","0.00","3rd Term","2019/2020","1st Term"),
("13","13","5","0.00","1st Term","2019/2020","1st Term"),
("14","14","5","0.00","2nd Term","2019/2020","1st Term"),
("15","15","5","0.00","3rd Term","2019/2020","1st Term"),
("16","16","6","0.00","1st Term","2019/2020","1st Term"),
("17","17","6","0.00","2nd Term","2019/2020","1st Term"),
("18","18","6","0.00","3rd Term","2019/2020","1st Term"),
("19","19","7","0.00","1st Term","2019/2020","1st Term"),
("20","20","7","0.00","2nd Term","2019/2020","1st Term"),
("21","21","7","0.00","3rd Term","2019/2020","1st Term"),
("22","22","8","0.00","1st Term","2019/2020","1st Term"),
("23","23","8","0.00","2nd Term","2019/2020","1st Term"),
("24","24","8","0.00","3rd Term","2019/2020","1st Term"),
("25","25","9","0.00","1st Term","2019/2020","1st Term"),
("26","26","9","0.00","2nd Term","2019/2020","1st Term"),
("27","27","9","0.00","3rd Term","2019/2020","1st Term"),
("28","28","10","0.00","1st Term","2019/2020","1st Term"),
("29","29","10","0.00","2nd Term","2019/2020","1st Term"),
("30","30","10","0.00","3rd Term","2019/2020","1st Term"),
("31","1","1","0.00","1st Term","2019/2020","2nd Term"),
("32","2","1","0.00","2nd Term","2019/2020","2nd Term"),
("33","3","1","0.00","3rd Term","2019/2020","2nd Term"),
("34","4","2","0.00","1st Term","2019/2020","2nd Term"),
("35","5","2","0.00","2nd Term","2019/2020","2nd Term"),
("36","6","2","0.00","3rd Term","2019/2020","2nd Term"),
("37","7","3","0.00","1st Term","2019/2020","2nd Term"),
("38","8","3","0.00","2nd Term","2019/2020","2nd Term"),
("39","9","3","0.00","3rd Term","2019/2020","2nd Term"),
("40","10","4","0.00","1st Term","2019/2020","2nd Term"),
("41","11","4","0.00","2nd Term","2019/2020","2nd Term"),
("42","12","4","0.00","3rd Term","2019/2020","2nd Term"),
("43","13","5","0.00","1st Term","2019/2020","2nd Term"),
("44","14","5","0.00","2nd Term","2019/2020","2nd Term"),
("45","15","5","0.00","3rd Term","2019/2020","2nd Term"),
("46","16","6","0.00","1st Term","2019/2020","2nd Term"),
("47","17","6","0.00","2nd Term","2019/2020","2nd Term"),
("48","18","6","0.00","3rd Term","2019/2020","2nd Term"),
("49","19","7","0.00","1st Term","2019/2020","2nd Term"),
("50","20","7","0.00","2nd Term","2019/2020","2nd Term"),
("51","21","7","0.00","3rd Term","2019/2020","2nd Term"),
("52","22","8","0.00","1st Term","2019/2020","2nd Term"),
("53","23","8","0.00","2nd Term","2019/2020","2nd Term"),
("54","24","8","0.00","3rd Term","2019/2020","2nd Term"),
("55","25","9","0.00","1st Term","2019/2020","2nd Term"),
("56","26","9","0.00","2nd Term","2019/2020","2nd Term"),
("57","27","9","0.00","3rd Term","2019/2020","2nd Term"),
("58","28","10","0.00","1st Term","2019/2020","2nd Term"),
("59","29","10","0.00","2nd Term","2019/2020","2nd Term"),
("60","30","10","0.00","3rd Term","2019/2020","2nd Term"),
("61","1","1","0.00","1st Term","2019/2020","3rd Term"),
("62","2","1","0.00","2nd Term","2019/2020","3rd Term"),
("63","3","1","0.00","3rd Term","2019/2020","3rd Term"),
("64","4","2","0.00","1st Term","2019/2020","3rd Term"),
("65","5","2","0.00","2nd Term","2019/2020","3rd Term"),
("66","6","2","0.00","3rd Term","2019/2020","3rd Term"),
("67","7","3","0.00","1st Term","2019/2020","3rd Term"),
("68","8","3","0.00","2nd Term","2019/2020","3rd Term"),
("69","9","3","0.00","3rd Term","2019/2020","3rd Term"),
("70","10","4","0.00","1st Term","2019/2020","3rd Term"),
("71","11","4","0.00","2nd Term","2019/2020","3rd Term"),
("72","12","4","0.00","3rd Term","2019/2020","3rd Term"),
("73","13","5","0.00","1st Term","2019/2020","3rd Term"),
("74","14","5","0.00","2nd Term","2019/2020","3rd Term"),
("75","15","5","0.00","3rd Term","2019/2020","3rd Term"),
("76","16","6","0.00","1st Term","2019/2020","3rd Term"),
("77","17","6","0.00","2nd Term","2019/2020","3rd Term"),
("78","18","6","0.00","3rd Term","2019/2020","3rd Term"),
("79","19","7","0.00","1st Term","2019/2020","3rd Term"),
("80","20","7","0.00","2nd Term","2019/2020","3rd Term"),
("81","21","7","0.00","3rd Term","2019/2020","3rd Term"),
("82","22","8","0.00","1st Term","2019/2020","3rd Term"),
("83","23","8","0.00","2nd Term","2019/2020","3rd Term"),
("84","24","8","0.00","3rd Term","2019/2020","3rd Term"),
("85","25","9","0.00","1st Term","2019/2020","3rd Term"),
("86","26","9","0.00","2nd Term","2019/2020","3rd Term"),
("87","27","9","0.00","3rd Term","2019/2020","3rd Term"),
("88","28","10","0.00","1st Term","2019/2020","3rd Term"),
("89","29","10","0.00","2nd Term","2019/2020","3rd Term"),
("90","30","10","0.00","3rd Term","2019/2020","3rd Term"),
("91","1","1","0.00","1st Term","2020/2021","1st Term"),
("92","2","1","0.00","2nd Term","2020/2021","1st Term"),
("93","3","1","0.00","3rd Term","2020/2021","1st Term"),
("94","4","2","0.00","1st Term","2020/2021","1st Term"),
("95","5","2","0.00","2nd Term","2020/2021","1st Term"),
("96","6","2","0.00","3rd Term","2020/2021","1st Term"),
("97","7","3","0.00","1st Term","2020/2021","1st Term"),
("98","8","3","0.00","2nd Term","2020/2021","1st Term"),
("99","9","3","0.00","3rd Term","2020/2021","1st Term"),
("100","10","4","0.00","1st Term","2020/2021","1st Term");
INSERT INTO backup_new_fees_class VALUES
("101","11","4","0.00","2nd Term","2020/2021","1st Term"),
("102","12","4","0.00","3rd Term","2020/2021","1st Term"),
("103","13","5","0.00","1st Term","2020/2021","1st Term"),
("104","14","5","0.00","2nd Term","2020/2021","1st Term"),
("105","15","5","0.00","3rd Term","2020/2021","1st Term"),
("106","16","6","0.00","1st Term","2020/2021","1st Term"),
("107","17","6","0.00","2nd Term","2020/2021","1st Term"),
("108","18","6","0.00","3rd Term","2020/2021","1st Term"),
("109","19","7","0.00","1st Term","2020/2021","1st Term"),
("110","20","7","0.00","2nd Term","2020/2021","1st Term"),
("111","21","7","0.00","3rd Term","2020/2021","1st Term"),
("112","22","8","0.00","1st Term","2020/2021","1st Term"),
("113","23","8","0.00","2nd Term","2020/2021","1st Term"),
("114","24","8","0.00","3rd Term","2020/2021","1st Term"),
("115","25","9","0.00","1st Term","2020/2021","1st Term"),
("116","26","9","0.00","2nd Term","2020/2021","1st Term"),
("117","27","9","0.00","3rd Term","2020/2021","1st Term"),
("118","28","10","0.00","1st Term","2020/2021","1st Term"),
("119","29","10","0.00","2nd Term","2020/2021","1st Term"),
("120","30","10","0.00","3rd Term","2020/2021","1st Term"),
("121","1","1","0.00","1st Term","2020/2021","2nd Term"),
("122","2","1","0.00","2nd Term","2020/2021","2nd Term"),
("123","3","1","0.00","3rd Term","2020/2021","2nd Term"),
("124","4","2","0.00","1st Term","2020/2021","2nd Term"),
("125","5","2","0.00","2nd Term","2020/2021","2nd Term"),
("126","6","2","0.00","3rd Term","2020/2021","2nd Term"),
("127","7","3","0.00","1st Term","2020/2021","2nd Term"),
("128","8","3","0.00","2nd Term","2020/2021","2nd Term"),
("129","9","3","0.00","3rd Term","2020/2021","2nd Term"),
("130","10","4","0.00","1st Term","2020/2021","2nd Term"),
("131","11","4","0.00","2nd Term","2020/2021","2nd Term"),
("132","12","4","0.00","3rd Term","2020/2021","2nd Term"),
("133","13","5","0.00","1st Term","2020/2021","2nd Term"),
("134","14","5","0.00","2nd Term","2020/2021","2nd Term"),
("135","15","5","0.00","3rd Term","2020/2021","2nd Term"),
("136","16","6","0.00","1st Term","2020/2021","2nd Term"),
("137","17","6","0.00","2nd Term","2020/2021","2nd Term"),
("138","18","6","0.00","3rd Term","2020/2021","2nd Term"),
("139","19","7","0.00","1st Term","2020/2021","2nd Term"),
("140","20","7","0.00","2nd Term","2020/2021","2nd Term"),
("141","21","7","0.00","3rd Term","2020/2021","2nd Term"),
("142","22","8","0.00","1st Term","2020/2021","2nd Term"),
("143","23","8","0.00","2nd Term","2020/2021","2nd Term"),
("144","24","8","0.00","3rd Term","2020/2021","2nd Term"),
("145","25","9","0.00","1st Term","2020/2021","2nd Term"),
("146","26","9","0.00","2nd Term","2020/2021","2nd Term"),
("147","27","9","0.00","3rd Term","2020/2021","2nd Term"),
("148","28","10","0.00","1st Term","2020/2021","2nd Term"),
("149","29","10","0.00","2nd Term","2020/2021","2nd Term"),
("150","30","10","0.00","3rd Term","2020/2021","2nd Term"),
("151","1","1","0.00","1st Term","2020/2021","3rd Term"),
("152","2","1","0.00","2nd Term","2020/2021","3rd Term"),
("153","3","1","0.00","3rd Term","2020/2021","3rd Term"),
("154","4","2","0.00","1st Term","2020/2021","3rd Term"),
("155","5","2","0.00","2nd Term","2020/2021","3rd Term"),
("156","6","2","0.00","3rd Term","2020/2021","3rd Term"),
("157","7","3","0.00","1st Term","2020/2021","3rd Term"),
("158","8","3","0.00","2nd Term","2020/2021","3rd Term"),
("159","9","3","0.00","3rd Term","2020/2021","3rd Term"),
("160","10","4","0.00","1st Term","2020/2021","3rd Term"),
("161","11","4","0.00","2nd Term","2020/2021","3rd Term"),
("162","12","4","0.00","3rd Term","2020/2021","3rd Term"),
("163","13","5","0.00","1st Term","2020/2021","3rd Term"),
("164","14","5","0.00","2nd Term","2020/2021","3rd Term"),
("165","15","5","0.00","3rd Term","2020/2021","3rd Term"),
("166","16","6","0.00","1st Term","2020/2021","3rd Term"),
("167","17","6","0.00","2nd Term","2020/2021","3rd Term"),
("168","18","6","0.00","3rd Term","2020/2021","3rd Term"),
("169","19","7","0.00","1st Term","2020/2021","3rd Term"),
("170","20","7","0.00","2nd Term","2020/2021","3rd Term"),
("171","21","7","0.00","3rd Term","2020/2021","3rd Term"),
("172","22","8","0.00","1st Term","2020/2021","3rd Term"),
("173","23","8","0.00","2nd Term","2020/2021","3rd Term"),
("174","24","8","0.00","3rd Term","2020/2021","3rd Term"),
("175","25","9","0.00","1st Term","2020/2021","3rd Term"),
("176","26","9","0.00","2nd Term","2020/2021","3rd Term"),
("177","27","9","0.00","3rd Term","2020/2021","3rd Term"),
("178","28","10","0.00","1st Term","2020/2021","3rd Term"),
("179","29","10","0.00","2nd Term","2020/2021","3rd Term"),
("180","30","10","0.00","3rd Term","2020/2021","3rd Term");




CREATE TABLE `backup_plan` (
  `backup_plan_id` int(10) unsigned NOT NULL AUTO_INCREMENT,
  `plan_id` int(10) unsigned NOT NULL,
  `plan_name` varchar(100) NOT NULL,
  `amount` decimal(15,2) unsigned NOT NULL,
  `date_added` datetime NOT NULL,
  `sessions` varchar(20) NOT NULL,
  `terms` varchar(15) NOT NULL,
  PRIMARY KEY (`backup_plan_id`),
  KEY `session_term` (`sessions`,`terms`)
) ENGINE=InnoDB DEFAULT CHARSET=latin1;






CREATE TABLE `behaviours` (
  `behaviour_id` int(11) NOT NULL AUTO_INCREMENT,
  `class_id` int(11) NOT NULL,
  `behaviour_order` int(11) NOT NULL,
  `behaviour_name` varchar(200) NOT NULL,
  PRIMARY KEY (`behaviour_id`),
  KEY `class_id` (`class_id`,`behaviour_order`)
) ENGINE=InnoDB AUTO_INCREMENT=101 DEFAULT CHARSET=latin1;


INSERT INTO behaviours VALUES
("1","1","1","HANDWRITING"),
("2","1","2","NEATNESS"),
("3","1","3","PUNCTUALITY"),
("4","1","4","ATTENTIVENESS"),
("5","1","5","INITIATIVE"),
("6","1","6","RESPECT"),
("7","1","7","OBEDIENCE"),
("8","1","8","ATTITUDE"),
("9","1","9","HONESTY"),
("10","1","10","CREATIVITY"),
("11","2","1","HANDWRITING"),
("12","2","2","NEATNESS"),
("13","2","3","PUNCTUALITY"),
("14","2","4","ATTENTIVENESS"),
("15","2","5","INITIATIVE"),
("16","2","6","RESPECT"),
("17","2","7","OBEDIENCE"),
("18","2","8","ATTITUDE"),
("19","2","9","HONESTY"),
("20","2","10","CREATIVITY"),
("21","3","1","HANDWRITING"),
("22","3","2","NEATNESS"),
("23","3","3","PUNCTUALITY"),
("24","3","4","ATTENTIVENESS"),
("25","3","5","INITIATIVE"),
("26","3","6","RESPECT"),
("27","3","7","OBEDIENCE"),
("28","3","8","ATTITUDE"),
("29","3","9","HONESTY"),
("30","3","10","CREATIVITY"),
("31","4","1","HANDWRITING"),
("32","4","2","NEATNESS"),
("33","4","3","PUNCTUALITY"),
("34","4","4","ATTENTIVENESS"),
("35","4","5","INITIATIVE"),
("36","4","6","RESPECT"),
("37","4","7","OBEDIENCE"),
("38","4","8","ATTITUDE"),
("39","4","9","HONESTY"),
("40","4","10","CREATIVITY"),
("41","5","1","HANDWRITING"),
("42","5","2","NEATNESS"),
("43","5","3","PUNCTUALITY"),
("44","5","4","ATTENTIVENESS"),
("45","5","5","INITIATIVE"),
("46","5","6","RESPECT"),
("47","5","7","OBEDIENCE"),
("48","5","8","ATTITUDE"),
("49","5","9","HONESTY"),
("50","5","10","CREATIVITY"),
("51","6","1","HANDWRITING"),
("52","6","2","NEATNESS"),
("53","6","3","PUNCTUALITY"),
("54","6","4","ATTENTIVENESS"),
("55","6","5","INITIATIVE"),
("56","6","6","RESPECT"),
("57","6","7","OBEDIENCE"),
("58","6","8","ATTITUDE"),
("59","6","9","HONESTY"),
("60","6","10","CREATIVITY"),
("61","7","1","HANDWRITING"),
("62","7","2","NEATNESS"),
("63","7","3","PUNCTUALITY"),
("64","7","4","ATTENTIVENESS"),
("65","7","5","INITIATIVE"),
("66","7","6","RESPECT"),
("67","7","7","OBEDIENCE"),
("68","7","8","ATTITUDE"),
("69","7","9","HONESTY"),
("70","7","10","CREATIVITY"),
("71","8","1","HANDWRITING"),
("72","8","2","NEATNESS"),
("73","8","3","PUNCTUALITY"),
("74","8","4","ATTENTIVENESS"),
("75","8","5","INITIATIVE"),
("76","8","6","RESPECT"),
("77","8","7","OBEDIENCE"),
("78","8","8","ATTITUDE"),
("79","8","9","HONESTY"),
("80","8","10","CREATIVITY"),
("81","9","1","HANDWRITING"),
("82","9","2","NEATNESS"),
("83","9","3","PUNCTUALITY"),
("84","9","4","ATTENTIVENESS"),
("85","9","5","INITIATIVE"),
("86","9","6","RESPECT"),
("87","9","7","OBEDIENCE"),
("88","9","8","ATTITUDE"),
("89","9","9","HONESTY"),
("90","9","10","CREATIVITY"),
("91","10","1","HANDWRITING"),
("92","10","2","NEATNESS"),
("93","10","3","PUNCTUALITY"),
("94","10","4","ATTENTIVENESS"),
("95","10","5","INITIATIVE"),
("96","10","6","RESPECT"),
("97","10","7","OBEDIENCE"),
("98","10","8","ATTITUDE"),
("99","10","9","HONESTY"),
("100","10","10","CREATIVITY");




CREATE TABLE `class` (
  `class_id` int(11) NOT NULL AUTO_INCREMENT,
  `class_name` varchar(30) NOT NULL,
  `class_order` int(10) unsigned NOT NULL,
  `section` varchar(10) NOT NULL,
  `promotional_average` varchar(5) NOT NULL,
  `new_student_fee` decimal(15,2) unsigned NOT NULL,
  PRIMARY KEY (`class_id`),
  KEY `order` (`class_order`),
  KEY `section` (`section`)
) ENGINE=InnoDB AUTO_INCREMENT=11 DEFAULT CHARSET=latin1;


INSERT INTO class VALUES
("1","BASIC 1","6","primary","30","0.00"),
("2","BASIC 2","7","primary","30","0.00"),
("3","BASIC 3","8","primary","30","0.00"),
("4","BASIC 4","9","primary","30","0.00"),
("5","BASIC 5","10","primary","30","0.00"),
("6","PRE-NURSERY 2","2","nursery","30","0.00"),
("7","NURSERY 2","4","nursery","30","0.00"),
("8","NURSERY 3","5","primary","30","0.00"),
("9","PRE-NURSERY 1","1","nursery","30","0.00"),
("10","NURSERY 1","3","nursery","30","0.00");




CREATE TABLE `class_approval` (
  `class_approval_id` int(11) NOT NULL AUTO_INCREMENT,
  `student_id` int(11) NOT NULL,
  `old_class_id` int(11) NOT NULL,
  `new_class_id` int(11) NOT NULL,
  `old_status` char(20) NOT NULL,
  `mode` char(20) NOT NULL,
  `date_sent` datetime NOT NULL,
  PRIMARY KEY (`class_approval_id`),
  KEY `old_status` (`old_status`)
) ENGINE=InnoDB DEFAULT CHARSET=latin1;






CREATE TABLE `class_category` (
  `class_category_id` int(11) NOT NULL AUTO_INCREMENT,
  `class_category_name` varchar(80) NOT NULL,
  `date_added` datetime NOT NULL DEFAULT current_timestamp(),
  PRIMARY KEY (`class_category_id`)
) ENGINE=InnoDB DEFAULT CHARSET=latin1;






CREATE TABLE `class_class_category` (
  `class_class_category_id` int(11) NOT NULL AUTO_INCREMENT,
  `class_id` int(11) NOT NULL,
  `class_category_id` int(11) NOT NULL,
  `date_added` datetime NOT NULL DEFAULT current_timestamp(),
  PRIMARY KEY (`class_class_category_id`),
  KEY `class_id` (`class_id`),
  KEY `class_category_id` (`class_category_id`)
) ENGINE=InnoDB DEFAULT CHARSET=latin1;






CREATE TABLE `class_storages` (
  `class_storage_id` int(11) NOT NULL AUTO_INCREMENT,
  `class_id` int(11) NOT NULL,
  `subclass_id` int(11) NOT NULL,
  `subject_id` int(11) NOT NULL,
  `class_storage_title` varchar(200) NOT NULL,
  `class_storage_dir` varchar(500) NOT NULL,
  `class_storage_date` datetime NOT NULL,
  PRIMARY KEY (`class_storage_id`)
) ENGINE=InnoDB DEFAULT CHARSET=latin1;






CREATE TABLE `class_subclass` (
  `class_subclass_id` int(10) unsigned NOT NULL AUTO_INCREMENT,
  `class_id` int(10) unsigned NOT NULL,
  `subclass_id` int(10) unsigned NOT NULL,
  PRIMARY KEY (`class_subclass_id`),
  KEY `class_id` (`class_id`),
  KEY `subclass_id` (`subclass_id`)
) ENGINE=InnoDB AUTO_INCREMENT=13 DEFAULT CHARSET=latin1;


INSERT INTO class_subclass VALUES
("1","1","0"),
("2","2","0"),
("3","3","0"),
("4","4","0"),
("5","5","0"),
("6","6","0"),
("8","8","0"),
("9","9","0"),
("10","10","0"),
("11","7","1"),
("12","7","2");




CREATE TABLE `contact_us` (
  `contact_us_id` int(11) NOT NULL AUTO_INCREMENT,
  `name` varchar(200) NOT NULL,
  `role` varchar(200) NOT NULL,
  `phonenumber` varchar(100) NOT NULL,
  `email` varchar(200) NOT NULL,
  `date_added` datetime NOT NULL DEFAULT current_timestamp(),
  PRIMARY KEY (`contact_us_id`)
) ENGINE=InnoDB AUTO_INCREMENT=4 DEFAULT CHARSET=utf8mb4;


INSERT INTO contact_us VALUES
("2","OKORAFOR NGOZI GIFT","ADMINISTRATOR","07032900569","lifegatemontessori@gmail.com","2020-10-22 16:57:49"),
("3","CHIEF CHUKWUEMEKA NZECHUKWU","SUPERVISOR","07063202990","","2021-05-04 13:01:41");




CREATE TABLE `current_fees_info` (
  `current_fees_info_id` int(11) unsigned NOT NULL AUTO_INCREMENT,
  `student_id` int(11) unsigned NOT NULL,
  `class_id` int(10) unsigned NOT NULL,
  `current_school_fees` decimal(15,2) NOT NULL,
  `past_debt` decimal(15,2) NOT NULL,
  `amount_to_pay` decimal(15,2) NOT NULL,
  `amount_paid` decimal(15,2) NOT NULL,
  `discount` decimal(15,2) NOT NULL,
  `surcharge_amount` decimal(15,2) NOT NULL,
  `surcharge_reason` varchar(500) NOT NULL,
  `wave_over` decimal(15,2) NOT NULL,
  `owing` decimal(15,2) NOT NULL,
  `present_owing` decimal(15,2) NOT NULL,
  `class_fee` decimal(15,2) NOT NULL,
  `plan_fee` decimal(15,2) NOT NULL,
  `new_student_fee` decimal(15,2) NOT NULL,
  `room_fee` decimal(15,2) NOT NULL,
  `sessions` varchar(20) NOT NULL,
  `terms` varchar(20) NOT NULL,
  PRIMARY KEY (`current_fees_info_id`),
  KEY `student_id` (`student_id`),
  KEY `sess_term` (`sessions`,`terms`)
) ENGINE=InnoDB AUTO_INCREMENT=692 DEFAULT CHARSET=latin1;


INSERT INTO current_fees_info VALUES
("1","1","1","0.00","0.00","0.00","0.00","0.00","0.00","","0.00","0.00","0.00","0.00","0.00","0.00","0.00","2019/2020","1st Term"),
("2","2","1","0.00","0.00","0.00","0.00","0.00","0.00","","0.00","0.00","0.00","0.00","0.00","0.00","0.00","2019/2020","1st Term"),
("3","3","1","0.00","0.00","0.00","0.00","0.00","0.00","","0.00","0.00","0.00","0.00","0.00","0.00","0.00","2019/2020","1st Term"),
("4","4","1","0.00","0.00","0.00","0.00","0.00","0.00","","0.00","0.00","0.00","0.00","0.00","0.00","0.00","2019/2020","1st Term"),
("5","5","1","0.00","0.00","0.00","0.00","0.00","0.00","","0.00","0.00","0.00","0.00","0.00","0.00","0.00","2019/2020","1st Term"),
("6","6","1","0.00","0.00","0.00","0.00","0.00","0.00","","0.00","0.00","0.00","0.00","0.00","0.00","0.00","2019/2020","1st Term"),
("7","7","1","0.00","0.00","0.00","0.00","0.00","0.00","","0.00","0.00","0.00","0.00","0.00","0.00","0.00","2019/2020","1st Term"),
("8","8","1","0.00","0.00","0.00","0.00","0.00","0.00","","0.00","0.00","0.00","0.00","0.00","0.00","0.00","2019/2020","1st Term"),
("9","9","1","0.00","0.00","0.00","0.00","0.00","0.00","","0.00","0.00","0.00","0.00","0.00","0.00","0.00","2019/2020","1st Term"),
("10","10","1","0.00","0.00","0.00","0.00","0.00","0.00","","0.00","0.00","0.00","0.00","0.00","0.00","0.00","2019/2020","1st Term"),
("11","11","1","0.00","0.00","0.00","0.00","0.00","0.00","","0.00","0.00","0.00","0.00","0.00","0.00","0.00","2019/2020","1st Term"),
("12","12","1","0.00","0.00","0.00","0.00","0.00","0.00","","0.00","0.00","0.00","0.00","0.00","0.00","0.00","2019/2020","1st Term"),
("13","13","1","0.00","0.00","0.00","0.00","0.00","0.00","","0.00","0.00","0.00","0.00","0.00","0.00","0.00","2019/2020","1st Term"),
("14","14","1","0.00","0.00","0.00","0.00","0.00","0.00","","0.00","0.00","0.00","0.00","0.00","0.00","0.00","2019/2020","1st Term"),
("15","15","1","0.00","0.00","0.00","0.00","0.00","0.00","","0.00","0.00","0.00","0.00","0.00","0.00","0.00","2019/2020","1st Term"),
("16","16","1","0.00","0.00","0.00","0.00","0.00","0.00","","0.00","0.00","0.00","0.00","0.00","0.00","0.00","2019/2020","1st Term"),
("17","17","1","0.00","0.00","0.00","0.00","0.00","0.00","","0.00","0.00","0.00","0.00","0.00","0.00","0.00","2019/2020","1st Term"),
("18","18","1","0.00","0.00","0.00","0.00","0.00","0.00","","0.00","0.00","0.00","0.00","0.00","0.00","0.00","2019/2020","1st Term"),
("19","19","1","0.00","0.00","0.00","0.00","0.00","0.00","","0.00","0.00","0.00","0.00","0.00","0.00","0.00","2019/2020","1st Term"),
("20","20","1","0.00","0.00","0.00","0.00","0.00","0.00","","0.00","0.00","0.00","0.00","0.00","0.00","0.00","2019/2020","1st Term"),
("21","21","1","0.00","0.00","0.00","0.00","0.00","0.00","","0.00","0.00","0.00","0.00","0.00","0.00","0.00","2019/2020","1st Term"),
("22","22","6","0.00","0.00","0.00","0.00","0.00","0.00","","0.00","0.00","0.00","0.00","0.00","0.00","0.00","2019/2020","1st Term"),
("23","23","6","0.00","0.00","0.00","0.00","0.00","0.00","","0.00","0.00","0.00","0.00","0.00","0.00","0.00","2019/2020","1st Term"),
("24","24","6","0.00","0.00","0.00","0.00","0.00","0.00","","0.00","0.00","0.00","0.00","0.00","0.00","0.00","2019/2020","1st Term"),
("25","25","6","0.00","0.00","0.00","0.00","0.00","0.00","","0.00","0.00","0.00","0.00","0.00","0.00","0.00","2019/2020","1st Term"),
("26","26","6","0.00","0.00","0.00","0.00","0.00","0.00","","0.00","0.00","0.00","0.00","0.00","0.00","0.00","2019/2020","1st Term"),
("27","27","6","0.00","0.00","0.00","0.00","0.00","0.00","","0.00","0.00","0.00","0.00","0.00","0.00","0.00","2019/2020","1st Term"),
("28","28","1","0.00","0.00","0.00","0.00","0.00","0.00","","0.00","0.00","0.00","0.00","0.00","0.00","0.00","2019/2020","1st Term"),
("29","29","1","0.00","0.00","0.00","0.00","0.00","0.00","","0.00","0.00","0.00","0.00","0.00","0.00","0.00","2019/2020","1st Term"),
("30","30","6","0.00","0.00","0.00","0.00","0.00","0.00","","0.00","0.00","0.00","0.00","0.00","0.00","0.00","2019/2020","1st Term"),
("31","31","1","0.00","0.00","0.00","0.00","0.00","0.00","","0.00","0.00","0.00","0.00","0.00","0.00","0.00","2019/2020","1st Term"),
("32","32","6","0.00","0.00","0.00","0.00","0.00","0.00","","0.00","0.00","0.00","0.00","0.00","0.00","0.00","2019/2020","1st Term"),
("33","33","6","0.00","0.00","0.00","0.00","0.00","0.00","","0.00","0.00","0.00","0.00","0.00","0.00","0.00","2019/2020","1st Term"),
("34","34","6","0.00","0.00","0.00","0.00","0.00","0.00","","0.00","0.00","0.00","0.00","0.00","0.00","0.00","2019/2020","1st Term"),
("35","35","6","0.00","0.00","0.00","0.00","0.00","0.00","","0.00","0.00","0.00","0.00","0.00","0.00","0.00","2019/2020","1st Term"),
("36","36","6","0.00","0.00","0.00","0.00","0.00","0.00","","0.00","0.00","0.00","0.00","0.00","0.00","0.00","2019/2020","1st Term"),
("37","37","3","0.00","0.00","0.00","0.00","0.00","0.00","","0.00","0.00","0.00","0.00","0.00","0.00","0.00","2019/2020","1st Term"),
("38","38","3","0.00","0.00","0.00","0.00","0.00","0.00","","0.00","0.00","0.00","0.00","0.00","0.00","0.00","2019/2020","1st Term"),
("39","39","6","0.00","0.00","0.00","0.00","0.00","0.00","","0.00","0.00","0.00","0.00","0.00","0.00","0.00","2019/2020","1st Term"),
("40","40","3","0.00","0.00","0.00","0.00","0.00","0.00","","0.00","0.00","0.00","0.00","0.00","0.00","0.00","2019/2020","1st Term"),
("41","41","3","0.00","0.00","0.00","0.00","0.00","0.00","","0.00","0.00","0.00","0.00","0.00","0.00","0.00","2019/2020","1st Term"),
("42","42","6","0.00","0.00","0.00","0.00","0.00","0.00","","0.00","0.00","0.00","0.00","0.00","0.00","0.00","2019/2020","1st Term"),
("43","43","6","0.00","0.00","0.00","0.00","0.00","0.00","","0.00","0.00","0.00","0.00","0.00","0.00","0.00","2019/2020","1st Term"),
("44","44","6","0.00","0.00","0.00","0.00","0.00","0.00","","0.00","0.00","0.00","0.00","0.00","0.00","0.00","2019/2020","1st Term"),
("45","45","6","0.00","0.00","0.00","0.00","0.00","0.00","","0.00","0.00","0.00","0.00","0.00","0.00","0.00","2019/2020","1st Term"),
("46","46","6","0.00","0.00","0.00","0.00","0.00","0.00","","0.00","0.00","0.00","0.00","0.00","0.00","0.00","2019/2020","1st Term"),
("47","47","6","0.00","0.00","0.00","0.00","0.00","0.00","","0.00","0.00","0.00","0.00","0.00","0.00","0.00","2019/2020","1st Term"),
("48","48","7","0.00","0.00","0.00","0.00","0.00","0.00","","0.00","0.00","0.00","0.00","0.00","0.00","0.00","2019/2020","1st Term"),
("49","49","3","0.00","0.00","0.00","0.00","0.00","0.00","","0.00","0.00","0.00","0.00","0.00","0.00","0.00","2019/2020","1st Term"),
("50","50","3","0.00","0.00","0.00","0.00","0.00","0.00","","0.00","0.00","0.00","0.00","0.00","0.00","0.00","2019/2020","1st Term"),
("51","51","3","0.00","0.00","0.00","0.00","0.00","0.00","","0.00","0.00","0.00","0.00","0.00","0.00","0.00","2019/2020","1st Term"),
("52","52","3","0.00","0.00","0.00","0.00","0.00","0.00","","0.00","0.00","0.00","0.00","0.00","0.00","0.00","2019/2020","1st Term"),
("53","53","3","0.00","0.00","0.00","0.00","0.00","0.00","","0.00","0.00","0.00","0.00","0.00","0.00","0.00","2019/2020","1st Term"),
("54","54","3","0.00","0.00","0.00","0.00","0.00","0.00","","0.00","0.00","0.00","0.00","0.00","0.00","0.00","2019/2020","1st Term"),
("55","55","7","0.00","0.00","0.00","0.00","0.00","0.00","","0.00","0.00","0.00","0.00","0.00","0.00","0.00","2019/2020","1st Term"),
("56","56","7","0.00","0.00","0.00","0.00","0.00","0.00","","0.00","0.00","0.00","0.00","0.00","0.00","0.00","2019/2020","1st Term"),
("57","57","7","0.00","0.00","0.00","0.00","0.00","0.00","","0.00","0.00","0.00","0.00","0.00","0.00","0.00","2019/2020","1st Term"),
("58","58","7","0.00","0.00","0.00","0.00","0.00","0.00","","0.00","0.00","0.00","0.00","0.00","0.00","0.00","2019/2020","1st Term"),
("59","59","7","0.00","0.00","0.00","0.00","0.00","0.00","","0.00","0.00","0.00","0.00","0.00","0.00","0.00","2019/2020","1st Term"),
("60","60","7","0.00","0.00","0.00","0.00","0.00","0.00","","0.00","0.00","0.00","0.00","0.00","0.00","0.00","2019/2020","1st Term"),
("61","61","7","0.00","0.00","0.00","0.00","0.00","0.00","","0.00","0.00","0.00","0.00","0.00","0.00","0.00","2019/2020","1st Term"),
("62","62","7","0.00","0.00","0.00","0.00","0.00","0.00","","0.00","0.00","0.00","0.00","0.00","0.00","0.00","2019/2020","1st Term"),
("64","64","7","0.00","0.00","0.00","0.00","0.00","0.00","","0.00","0.00","0.00","0.00","0.00","0.00","0.00","2019/2020","1st Term"),
("65","65","7","0.00","0.00","0.00","0.00","0.00","0.00","","0.00","0.00","0.00","0.00","0.00","0.00","0.00","2019/2020","1st Term"),
("66","66","7","0.00","0.00","0.00","0.00","0.00","0.00","","0.00","0.00","0.00","0.00","0.00","0.00","0.00","2019/2020","1st Term"),
("67","67","7","0.00","0.00","0.00","0.00","0.00","0.00","","0.00","0.00","0.00","0.00","0.00","0.00","0.00","2019/2020","1st Term"),
("68","68","7","0.00","0.00","0.00","0.00","0.00","0.00","","0.00","0.00","0.00","0.00","0.00","0.00","0.00","2019/2020","1st Term"),
("69","69","7","0.00","0.00","0.00","0.00","0.00","0.00","","0.00","0.00","0.00","0.00","0.00","0.00","0.00","2019/2020","1st Term"),
("70","70","7","0.00","0.00","0.00","0.00","0.00","0.00","","0.00","0.00","0.00","0.00","0.00","0.00","0.00","2019/2020","1st Term"),
("71","71","7","0.00","0.00","0.00","0.00","0.00","0.00","","0.00","0.00","0.00","0.00","0.00","0.00","0.00","2019/2020","1st Term"),
("72","72","8","0.00","0.00","0.00","0.00","0.00","0.00","","0.00","0.00","0.00","0.00","0.00","0.00","0.00","2019/2020","1st Term"),
("73","73","8","0.00","0.00","0.00","0.00","0.00","0.00","","0.00","0.00","0.00","0.00","0.00","0.00","0.00","2019/2020","1st Term"),
("74","74","8","0.00","0.00","0.00","0.00","0.00","0.00","","0.00","0.00","0.00","0.00","0.00","0.00","0.00","2019/2020","1st Term"),
("75","75","3","0.00","0.00","0.00","0.00","0.00","0.00","","0.00","0.00","0.00","0.00","0.00","0.00","0.00","2019/2020","1st Term"),
("76","76","8","0.00","0.00","0.00","0.00","0.00","0.00","","0.00","0.00","0.00","0.00","0.00","0.00","0.00","2019/2020","1st Term"),
("77","77","3","0.00","0.00","0.00","0.00","0.00","0.00","","0.00","0.00","0.00","0.00","0.00","0.00","0.00","2019/2020","1st Term"),
("78","78","3","0.00","0.00","0.00","0.00","0.00","0.00","","0.00","0.00","0.00","0.00","0.00","0.00","0.00","2019/2020","1st Term"),
("79","79","3","0.00","0.00","0.00","0.00","0.00","0.00","","0.00","0.00","0.00","0.00","0.00","0.00","0.00","2019/2020","1st Term"),
("80","80","8","0.00","0.00","0.00","0.00","0.00","0.00","","0.00","0.00","0.00","0.00","0.00","0.00","0.00","2019/2020","1st Term"),
("81","81","3","0.00","0.00","0.00","0.00","0.00","0.00","","0.00","0.00","0.00","0.00","0.00","0.00","0.00","2019/2020","1st Term"),
("82","82","8","0.00","0.00","0.00","0.00","0.00","0.00","","0.00","0.00","0.00","0.00","0.00","0.00","0.00","2019/2020","1st Term"),
("83","83","8","0.00","0.00","0.00","0.00","0.00","0.00","","0.00","0.00","0.00","0.00","0.00","0.00","0.00","2019/2020","1st Term"),
("84","84","3","0.00","0.00","0.00","0.00","0.00","0.00","","0.00","0.00","0.00","0.00","0.00","0.00","0.00","2019/2020","1st Term"),
("85","85","8","0.00","0.00","0.00","0.00","0.00","0.00","","0.00","0.00","0.00","0.00","0.00","0.00","0.00","2019/2020","1st Term"),
("86","86","8","0.00","0.00","0.00","0.00","0.00","0.00","","0.00","0.00","0.00","0.00","0.00","0.00","0.00","2019/2020","1st Term"),
("87","87","3","0.00","0.00","0.00","0.00","0.00","0.00","","0.00","0.00","0.00","0.00","0.00","0.00","0.00","2019/2020","1st Term"),
("88","88","8","0.00","0.00","0.00","0.00","0.00","0.00","","0.00","0.00","0.00","0.00","0.00","0.00","0.00","2019/2020","1st Term"),
("89","89","9","0.00","0.00","0.00","0.00","0.00","0.00","","0.00","0.00","0.00","0.00","0.00","0.00","0.00","2019/2020","1st Term"),
("90","90","8","0.00","0.00","0.00","0.00","0.00","0.00","","0.00","0.00","0.00","0.00","0.00","0.00","0.00","2019/2020","1st Term"),
("91","91","9","0.00","0.00","0.00","0.00","0.00","0.00","","0.00","0.00","0.00","0.00","0.00","0.00","0.00","2019/2020","1st Term"),
("92","92","3","0.00","0.00","0.00","0.00","0.00","0.00","","0.00","0.00","0.00","0.00","0.00","0.00","0.00","2019/2020","1st Term"),
("93","93","9","0.00","0.00","0.00","0.00","0.00","0.00","","0.00","0.00","0.00","0.00","0.00","0.00","0.00","2019/2020","1st Term"),
("94","94","8","0.00","0.00","0.00","0.00","0.00","0.00","","0.00","0.00","0.00","0.00","0.00","0.00","0.00","2019/2020","1st Term"),
("95","95","9","0.00","0.00","0.00","0.00","0.00","0.00","","0.00","0.00","0.00","0.00","0.00","0.00","0.00","2019/2020","1st Term"),
("96","96","8","0.00","0.00","0.00","0.00","0.00","0.00","","0.00","0.00","0.00","0.00","0.00","0.00","0.00","2019/2020","1st Term"),
("97","97","3","0.00","0.00","0.00","0.00","0.00","0.00","","0.00","0.00","0.00","0.00","0.00","0.00","0.00","2019/2020","1st Term"),
("98","98","9","0.00","0.00","0.00","0.00","0.00","0.00","","0.00","0.00","0.00","0.00","0.00","0.00","0.00","2019/2020","1st Term"),
("99","99","8","0.00","0.00","0.00","0.00","0.00","0.00","","0.00","0.00","0.00","0.00","0.00","0.00","0.00","2019/2020","1st Term"),
("100","100","8","0.00","0.00","0.00","0.00","0.00","0.00","","0.00","0.00","0.00","0.00","0.00","0.00","0.00","2019/2020","1st Term"),
("101","101","9","0.00","0.00","0.00","0.00","0.00","0.00","","0.00","0.00","0.00","0.00","0.00","0.00","0.00","2019/2020","1st Term");
INSERT INTO current_fees_info VALUES
("102","102","8","0.00","0.00","0.00","0.00","0.00","0.00","","0.00","0.00","0.00","0.00","0.00","0.00","0.00","2019/2020","1st Term"),
("103","103","3","0.00","0.00","0.00","0.00","0.00","0.00","","0.00","0.00","0.00","0.00","0.00","0.00","0.00","2019/2020","1st Term"),
("104","104","9","0.00","0.00","0.00","0.00","0.00","0.00","","0.00","0.00","0.00","0.00","0.00","0.00","0.00","2019/2020","1st Term"),
("105","105","8","0.00","0.00","0.00","0.00","0.00","0.00","","0.00","0.00","0.00","0.00","0.00","0.00","0.00","2019/2020","1st Term"),
("106","106","8","0.00","0.00","0.00","0.00","0.00","0.00","","0.00","0.00","0.00","0.00","0.00","0.00","0.00","2019/2020","1st Term"),
("107","107","9","0.00","0.00","0.00","0.00","0.00","0.00","","0.00","0.00","0.00","0.00","0.00","0.00","0.00","2019/2020","1st Term"),
("108","108","8","0.00","0.00","0.00","0.00","0.00","0.00","","0.00","0.00","0.00","0.00","0.00","0.00","0.00","2019/2020","1st Term"),
("109","109","3","0.00","0.00","0.00","0.00","0.00","0.00","","0.00","0.00","0.00","0.00","0.00","0.00","0.00","2019/2020","1st Term"),
("110","110","3","0.00","0.00","0.00","0.00","0.00","0.00","","0.00","0.00","0.00","0.00","0.00","0.00","0.00","2019/2020","1st Term"),
("111","111","3","0.00","0.00","0.00","0.00","0.00","0.00","","0.00","0.00","0.00","0.00","0.00","0.00","0.00","2019/2020","1st Term"),
("112","112","3","0.00","0.00","0.00","0.00","0.00","0.00","","0.00","0.00","0.00","0.00","0.00","0.00","0.00","2019/2020","1st Term"),
("113","113","4","0.00","0.00","0.00","0.00","0.00","0.00","","0.00","0.00","0.00","0.00","0.00","0.00","0.00","2019/2020","1st Term"),
("114","114","4","0.00","0.00","0.00","0.00","0.00","0.00","","0.00","0.00","0.00","0.00","0.00","0.00","0.00","2019/2020","1st Term"),
("115","115","4","0.00","0.00","0.00","0.00","0.00","0.00","","0.00","0.00","0.00","0.00","0.00","0.00","0.00","2019/2020","1st Term"),
("116","116","4","0.00","0.00","0.00","0.00","0.00","0.00","","0.00","0.00","0.00","0.00","0.00","0.00","0.00","2019/2020","1st Term"),
("117","117","4","0.00","0.00","0.00","0.00","0.00","0.00","","0.00","0.00","0.00","0.00","0.00","0.00","0.00","2019/2020","1st Term"),
("118","118","4","0.00","0.00","0.00","0.00","0.00","0.00","","0.00","0.00","0.00","0.00","0.00","0.00","0.00","2019/2020","1st Term"),
("119","119","4","0.00","0.00","0.00","0.00","0.00","0.00","","0.00","0.00","0.00","0.00","0.00","0.00","0.00","2019/2020","1st Term"),
("120","120","4","0.00","0.00","0.00","0.00","0.00","0.00","","0.00","0.00","0.00","0.00","0.00","0.00","0.00","2019/2020","1st Term"),
("121","121","4","0.00","0.00","0.00","0.00","0.00","0.00","","0.00","0.00","0.00","0.00","0.00","0.00","0.00","2019/2020","1st Term"),
("122","122","4","0.00","0.00","0.00","0.00","0.00","0.00","","0.00","0.00","0.00","0.00","0.00","0.00","0.00","2019/2020","1st Term"),
("123","123","4","0.00","0.00","0.00","0.00","0.00","0.00","","0.00","0.00","0.00","0.00","0.00","0.00","0.00","2019/2020","1st Term"),
("124","124","4","0.00","0.00","0.00","0.00","0.00","0.00","","0.00","0.00","0.00","0.00","0.00","0.00","0.00","2019/2020","1st Term"),
("125","125","4","0.00","0.00","0.00","0.00","0.00","0.00","","0.00","0.00","0.00","0.00","0.00","0.00","0.00","2019/2020","1st Term"),
("126","126","4","0.00","0.00","0.00","0.00","0.00","0.00","","0.00","0.00","0.00","0.00","0.00","0.00","0.00","2019/2020","1st Term"),
("127","127","4","0.00","0.00","0.00","0.00","0.00","0.00","","0.00","0.00","0.00","0.00","0.00","0.00","0.00","2019/2020","1st Term"),
("128","128","4","0.00","0.00","0.00","0.00","0.00","0.00","","0.00","0.00","0.00","0.00","0.00","0.00","0.00","2019/2020","1st Term"),
("129","129","4","0.00","0.00","0.00","0.00","0.00","0.00","","0.00","0.00","0.00","0.00","0.00","0.00","0.00","2019/2020","1st Term"),
("130","130","4","0.00","0.00","0.00","0.00","0.00","0.00","","0.00","0.00","0.00","0.00","0.00","0.00","0.00","2019/2020","1st Term"),
("131","131","4","0.00","0.00","0.00","0.00","0.00","0.00","","0.00","0.00","0.00","0.00","0.00","0.00","0.00","2019/2020","1st Term"),
("132","132","4","0.00","0.00","0.00","0.00","0.00","0.00","","0.00","0.00","0.00","0.00","0.00","0.00","0.00","2019/2020","1st Term"),
("133","133","5","0.00","0.00","0.00","0.00","0.00","0.00","","0.00","0.00","0.00","0.00","0.00","0.00","0.00","2019/2020","1st Term"),
("134","134","5","0.00","0.00","0.00","0.00","0.00","0.00","","0.00","0.00","0.00","0.00","0.00","0.00","0.00","2019/2020","1st Term"),
("135","135","5","0.00","0.00","0.00","0.00","0.00","0.00","","0.00","0.00","0.00","0.00","0.00","0.00","0.00","2019/2020","1st Term"),
("136","136","5","0.00","0.00","0.00","0.00","0.00","0.00","","0.00","0.00","0.00","0.00","0.00","0.00","0.00","2019/2020","1st Term"),
("137","137","5","0.00","0.00","0.00","0.00","0.00","0.00","","0.00","0.00","0.00","0.00","0.00","0.00","0.00","2019/2020","1st Term"),
("138","138","5","0.00","0.00","0.00","0.00","0.00","0.00","","0.00","0.00","0.00","0.00","0.00","0.00","0.00","2019/2020","1st Term"),
("139","139","5","0.00","0.00","0.00","0.00","0.00","0.00","","0.00","0.00","0.00","0.00","0.00","0.00","0.00","2019/2020","1st Term"),
("140","140","5","0.00","0.00","0.00","0.00","0.00","0.00","","0.00","0.00","0.00","0.00","0.00","0.00","0.00","2019/2020","1st Term"),
("141","141","5","0.00","0.00","0.00","0.00","0.00","0.00","","0.00","0.00","0.00","0.00","0.00","0.00","0.00","2019/2020","1st Term"),
("142","142","5","0.00","0.00","0.00","0.00","0.00","0.00","","0.00","0.00","0.00","0.00","0.00","0.00","0.00","2019/2020","1st Term"),
("143","143","5","0.00","0.00","0.00","0.00","0.00","0.00","","0.00","0.00","0.00","0.00","0.00","0.00","0.00","2019/2020","1st Term"),
("144","144","5","0.00","0.00","0.00","0.00","0.00","0.00","","0.00","0.00","0.00","0.00","0.00","0.00","0.00","2019/2020","1st Term"),
("145","145","5","0.00","0.00","0.00","0.00","0.00","0.00","","0.00","0.00","0.00","0.00","0.00","0.00","0.00","2019/2020","1st Term"),
("146","146","5","0.00","0.00","0.00","0.00","0.00","0.00","","0.00","0.00","0.00","0.00","0.00","0.00","0.00","2019/2020","1st Term"),
("147","147","5","0.00","0.00","0.00","0.00","0.00","0.00","","0.00","0.00","0.00","0.00","0.00","0.00","0.00","2019/2020","1st Term"),
("148","148","5","0.00","0.00","0.00","0.00","0.00","0.00","","0.00","0.00","0.00","0.00","0.00","0.00","0.00","2019/2020","1st Term"),
("149","149","2","0.00","0.00","0.00","0.00","0.00","0.00","","0.00","0.00","0.00","0.00","0.00","0.00","0.00","2019/2020","1st Term"),
("150","150","2","0.00","0.00","0.00","0.00","0.00","0.00","","0.00","0.00","0.00","0.00","0.00","0.00","0.00","2019/2020","1st Term"),
("151","151","2","0.00","0.00","0.00","0.00","0.00","0.00","","0.00","0.00","0.00","0.00","0.00","0.00","0.00","2019/2020","1st Term"),
("152","152","2","0.00","0.00","0.00","0.00","0.00","0.00","","0.00","0.00","0.00","0.00","0.00","0.00","0.00","2019/2020","1st Term"),
("153","153","2","0.00","0.00","0.00","0.00","0.00","0.00","","0.00","0.00","0.00","0.00","0.00","0.00","0.00","2019/2020","1st Term"),
("154","154","2","0.00","0.00","0.00","0.00","0.00","0.00","","0.00","0.00","0.00","0.00","0.00","0.00","0.00","2019/2020","1st Term"),
("155","155","2","0.00","0.00","0.00","0.00","0.00","0.00","","0.00","0.00","0.00","0.00","0.00","0.00","0.00","2019/2020","1st Term"),
("156","156","2","0.00","0.00","0.00","0.00","0.00","0.00","","0.00","0.00","0.00","0.00","0.00","0.00","0.00","2019/2020","1st Term"),
("157","157","2","0.00","0.00","0.00","0.00","0.00","0.00","","0.00","0.00","0.00","0.00","0.00","0.00","0.00","2019/2020","1st Term"),
("158","158","2","0.00","0.00","0.00","0.00","0.00","0.00","","0.00","0.00","0.00","0.00","0.00","0.00","0.00","2019/2020","1st Term"),
("159","159","2","0.00","0.00","0.00","0.00","0.00","0.00","","0.00","0.00","0.00","0.00","0.00","0.00","0.00","2019/2020","1st Term"),
("160","160","2","0.00","0.00","0.00","0.00","0.00","0.00","","0.00","0.00","0.00","0.00","0.00","0.00","0.00","2019/2020","1st Term"),
("161","161","2","0.00","0.00","0.00","0.00","0.00","0.00","","0.00","0.00","0.00","0.00","0.00","0.00","0.00","2019/2020","1st Term"),
("162","162","2","0.00","0.00","0.00","0.00","0.00","0.00","","0.00","0.00","0.00","0.00","0.00","0.00","0.00","2019/2020","1st Term"),
("163","163","2","0.00","0.00","0.00","0.00","0.00","0.00","","0.00","0.00","0.00","0.00","0.00","0.00","0.00","2019/2020","1st Term"),
("164","164","2","0.00","0.00","0.00","0.00","0.00","0.00","","0.00","0.00","0.00","0.00","0.00","0.00","0.00","2019/2020","1st Term"),
("165","165","2","0.00","0.00","0.00","0.00","0.00","0.00","","0.00","0.00","0.00","0.00","0.00","0.00","0.00","2019/2020","1st Term"),
("166","166","3","0.00","0.00","0.00","0.00","0.00","0.00","","0.00","0.00","0.00","0.00","0.00","0.00","0.00","2019/2020","1st Term"),
("167","167","9","0.00","0.00","0.00","0.00","0.00","0.00","","0.00","0.00","0.00","0.00","0.00","0.00","0.00","2019/2020","1st Term"),
("168","168","9","0.00","0.00","0.00","0.00","0.00","0.00","","0.00","0.00","0.00","0.00","0.00","0.00","0.00","2019/2020","1st Term"),
("169","169","9","0.00","0.00","0.00","0.00","0.00","0.00","","0.00","0.00","0.00","0.00","0.00","0.00","0.00","2019/2020","1st Term"),
("170","170","9","0.00","0.00","0.00","0.00","0.00","0.00","","0.00","0.00","0.00","0.00","0.00","0.00","0.00","2019/2020","1st Term"),
("171","171","9","0.00","0.00","0.00","0.00","0.00","0.00","","0.00","0.00","0.00","0.00","0.00","0.00","0.00","2019/2020","1st Term"),
("172","172","9","0.00","0.00","0.00","0.00","0.00","0.00","","0.00","0.00","0.00","0.00","0.00","0.00","0.00","2019/2020","1st Term"),
("173","173","9","0.00","0.00","0.00","0.00","0.00","0.00","","0.00","0.00","0.00","0.00","0.00","0.00","0.00","2019/2020","1st Term"),
("174","174","6","0.00","0.00","0.00","0.00","0.00","0.00","","0.00","0.00","0.00","0.00","0.00","0.00","0.00","2019/2020","1st Term"),
("175","175","6","0.00","0.00","0.00","0.00","0.00","0.00","","0.00","0.00","0.00","0.00","0.00","0.00","0.00","2019/2020","1st Term"),
("176","176","6","0.00","0.00","0.00","0.00","0.00","0.00","","0.00","0.00","0.00","0.00","0.00","0.00","0.00","2019/2020","1st Term"),
("177","177","6","0.00","0.00","0.00","0.00","0.00","0.00","","0.00","0.00","0.00","0.00","0.00","0.00","0.00","2019/2020","1st Term"),
("178","178","6","0.00","0.00","0.00","0.00","0.00","0.00","","0.00","0.00","0.00","0.00","0.00","0.00","0.00","2019/2020","1st Term"),
("179","179","10","0.00","0.00","0.00","0.00","0.00","0.00","","0.00","0.00","0.00","0.00","0.00","0.00","0.00","2019/2020","1st Term"),
("180","180","7","0.00","0.00","0.00","0.00","0.00","0.00","","0.00","0.00","0.00","0.00","0.00","0.00","0.00","2019/2020","1st Term"),
("182","182","7","0.00","0.00","0.00","0.00","0.00","0.00","","0.00","0.00","0.00","0.00","0.00","0.00","0.00","2019/2020","1st Term"),
("183","183","8","0.00","0.00","0.00","0.00","0.00","0.00","","0.00","0.00","0.00","0.00","0.00","0.00","0.00","2019/2020","1st Term"),
("184","184","1","0.00","0.00","0.00","0.00","0.00","0.00","","0.00","0.00","0.00","0.00","0.00","0.00","0.00","2019/2020","1st Term"),
("185","185","3","0.00","0.00","0.00","0.00","0.00","0.00","","0.00","0.00","0.00","0.00","0.00","0.00","0.00","2019/2020","1st Term"),
("186","186","3","0.00","0.00","0.00","0.00","0.00","0.00","","0.00","0.00","0.00","0.00","0.00","0.00","0.00","2019/2020","1st Term"),
("187","187","3","0.00","0.00","0.00","0.00","0.00","0.00","","0.00","0.00","0.00","0.00","0.00","0.00","0.00","2019/2020","1st Term"),
("188","188","4","0.00","0.00","0.00","0.00","0.00","0.00","","0.00","0.00","0.00","0.00","0.00","0.00","0.00","2019/2020","1st Term"),
("189","189","5","0.00","0.00","0.00","0.00","0.00","0.00","","0.00","0.00","0.00","0.00","0.00","0.00","0.00","2019/2020","1st Term"),
("190","1","1","0.00","0.00","0.00","0.00","0.00","0.00","","0.00","0.00","0.00","0.00","0.00","0.00","0.00","2019/2020","2nd Term"),
("191","2","1","0.00","0.00","0.00","0.00","0.00","0.00","","0.00","0.00","0.00","0.00","0.00","0.00","0.00","2019/2020","2nd Term"),
("192","4","1","0.00","0.00","0.00","0.00","0.00","0.00","","0.00","0.00","0.00","0.00","0.00","0.00","0.00","2019/2020","2nd Term"),
("193","5","1","0.00","0.00","0.00","0.00","0.00","0.00","","0.00","0.00","0.00","0.00","0.00","0.00","0.00","2019/2020","2nd Term"),
("194","6","1","0.00","0.00","0.00","0.00","0.00","0.00","","0.00","0.00","0.00","0.00","0.00","0.00","0.00","2019/2020","2nd Term"),
("195","7","1","0.00","0.00","0.00","0.00","0.00","0.00","","0.00","0.00","0.00","0.00","0.00","0.00","0.00","2019/2020","2nd Term"),
("196","8","1","0.00","0.00","0.00","0.00","0.00","0.00","","0.00","0.00","0.00","0.00","0.00","0.00","0.00","2019/2020","2nd Term"),
("197","9","1","0.00","0.00","0.00","0.00","0.00","0.00","","0.00","0.00","0.00","0.00","0.00","0.00","0.00","2019/2020","2nd Term"),
("198","11","1","0.00","0.00","0.00","0.00","0.00","0.00","","0.00","0.00","0.00","0.00","0.00","0.00","0.00","2019/2020","2nd Term"),
("199","12","1","0.00","0.00","0.00","0.00","0.00","0.00","","0.00","0.00","0.00","0.00","0.00","0.00","0.00","2019/2020","2nd Term"),
("200","13","1","0.00","0.00","0.00","0.00","0.00","0.00","","0.00","0.00","0.00","0.00","0.00","0.00","0.00","2019/2020","2nd Term"),
("201","14","1","0.00","0.00","0.00","0.00","0.00","0.00","","0.00","0.00","0.00","0.00","0.00","0.00","0.00","2019/2020","2nd Term"),
("202","15","1","0.00","0.00","0.00","0.00","0.00","0.00","","0.00","0.00","0.00","0.00","0.00","0.00","0.00","2019/2020","2nd Term");
INSERT INTO current_fees_info VALUES
("203","16","1","0.00","0.00","0.00","0.00","0.00","0.00","","0.00","0.00","0.00","0.00","0.00","0.00","0.00","2019/2020","2nd Term"),
("204","17","1","0.00","0.00","0.00","0.00","0.00","0.00","","0.00","0.00","0.00","0.00","0.00","0.00","0.00","2019/2020","2nd Term"),
("205","18","1","0.00","0.00","0.00","0.00","0.00","0.00","","0.00","0.00","0.00","0.00","0.00","0.00","0.00","2019/2020","2nd Term"),
("206","19","1","0.00","0.00","0.00","0.00","0.00","0.00","","0.00","0.00","0.00","0.00","0.00","0.00","0.00","2019/2020","2nd Term"),
("207","20","1","0.00","0.00","0.00","0.00","0.00","0.00","","0.00","0.00","0.00","0.00","0.00","0.00","0.00","2019/2020","2nd Term"),
("208","21","1","0.00","0.00","0.00","0.00","0.00","0.00","","0.00","0.00","0.00","0.00","0.00","0.00","0.00","2019/2020","2nd Term"),
("209","22","6","0.00","0.00","0.00","0.00","0.00","0.00","","0.00","0.00","0.00","0.00","0.00","0.00","0.00","2019/2020","2nd Term"),
("210","23","6","0.00","0.00","0.00","0.00","0.00","0.00","","0.00","0.00","0.00","0.00","0.00","0.00","0.00","2019/2020","2nd Term"),
("211","24","6","0.00","0.00","0.00","0.00","0.00","0.00","","0.00","0.00","0.00","0.00","0.00","0.00","0.00","2019/2020","2nd Term"),
("212","25","6","0.00","0.00","0.00","0.00","0.00","0.00","","0.00","0.00","0.00","0.00","0.00","0.00","0.00","2019/2020","2nd Term"),
("213","26","6","0.00","0.00","0.00","0.00","0.00","0.00","","0.00","0.00","0.00","0.00","0.00","0.00","0.00","2019/2020","2nd Term"),
("214","27","6","0.00","0.00","0.00","0.00","0.00","0.00","","0.00","0.00","0.00","0.00","0.00","0.00","0.00","2019/2020","2nd Term"),
("215","28","1","0.00","0.00","0.00","0.00","0.00","0.00","","0.00","0.00","0.00","0.00","0.00","0.00","0.00","2019/2020","2nd Term"),
("216","29","1","0.00","0.00","0.00","0.00","0.00","0.00","","0.00","0.00","0.00","0.00","0.00","0.00","0.00","2019/2020","2nd Term"),
("217","30","6","0.00","0.00","0.00","0.00","0.00","0.00","","0.00","0.00","0.00","0.00","0.00","0.00","0.00","2019/2020","2nd Term"),
("218","31","1","0.00","0.00","0.00","0.00","0.00","0.00","","0.00","0.00","0.00","0.00","0.00","0.00","0.00","2019/2020","2nd Term"),
("219","32","6","0.00","0.00","0.00","0.00","0.00","0.00","","0.00","0.00","0.00","0.00","0.00","0.00","0.00","2019/2020","2nd Term"),
("220","33","6","0.00","0.00","0.00","0.00","0.00","0.00","","0.00","0.00","0.00","0.00","0.00","0.00","0.00","2019/2020","2nd Term"),
("221","34","6","0.00","0.00","0.00","0.00","0.00","0.00","","0.00","0.00","0.00","0.00","0.00","0.00","0.00","2019/2020","2nd Term"),
("222","35","6","0.00","0.00","0.00","0.00","0.00","0.00","","0.00","0.00","0.00","0.00","0.00","0.00","0.00","2019/2020","2nd Term"),
("223","36","6","0.00","0.00","0.00","0.00","0.00","0.00","","0.00","0.00","0.00","0.00","0.00","0.00","0.00","2019/2020","2nd Term"),
("224","37","3","0.00","0.00","0.00","0.00","0.00","0.00","","0.00","0.00","0.00","0.00","0.00","0.00","0.00","2019/2020","2nd Term"),
("225","38","3","0.00","0.00","0.00","0.00","0.00","0.00","","0.00","0.00","0.00","0.00","0.00","0.00","0.00","2019/2020","2nd Term"),
("226","39","6","0.00","0.00","0.00","0.00","0.00","0.00","","0.00","0.00","0.00","0.00","0.00","0.00","0.00","2019/2020","2nd Term"),
("227","40","3","0.00","0.00","0.00","0.00","0.00","0.00","","0.00","0.00","0.00","0.00","0.00","0.00","0.00","2019/2020","2nd Term"),
("228","41","3","0.00","0.00","0.00","0.00","0.00","0.00","","0.00","0.00","0.00","0.00","0.00","0.00","0.00","2019/2020","2nd Term"),
("229","42","6","0.00","0.00","0.00","0.00","0.00","0.00","","0.00","0.00","0.00","0.00","0.00","0.00","0.00","2019/2020","2nd Term"),
("230","43","6","0.00","0.00","0.00","0.00","0.00","0.00","","0.00","0.00","0.00","0.00","0.00","0.00","0.00","2019/2020","2nd Term"),
("231","44","6","0.00","0.00","0.00","0.00","0.00","0.00","","0.00","0.00","0.00","0.00","0.00","0.00","0.00","2019/2020","2nd Term"),
("232","45","6","0.00","0.00","0.00","0.00","0.00","0.00","","0.00","0.00","0.00","0.00","0.00","0.00","0.00","2019/2020","2nd Term"),
("233","46","6","0.00","0.00","0.00","0.00","0.00","0.00","","0.00","0.00","0.00","0.00","0.00","0.00","0.00","2019/2020","2nd Term"),
("234","47","6","0.00","0.00","0.00","0.00","0.00","0.00","","0.00","0.00","0.00","0.00","0.00","0.00","0.00","2019/2020","2nd Term"),
("235","48","7","0.00","0.00","0.00","0.00","0.00","0.00","","0.00","0.00","0.00","0.00","0.00","0.00","0.00","2019/2020","2nd Term"),
("236","49","3","0.00","0.00","0.00","0.00","0.00","0.00","","0.00","0.00","0.00","0.00","0.00","0.00","0.00","2019/2020","2nd Term"),
("237","50","3","0.00","0.00","0.00","0.00","0.00","0.00","","0.00","0.00","0.00","0.00","0.00","0.00","0.00","2019/2020","2nd Term"),
("238","51","3","0.00","0.00","0.00","0.00","0.00","0.00","","0.00","0.00","0.00","0.00","0.00","0.00","0.00","2019/2020","2nd Term"),
("239","52","3","0.00","0.00","0.00","0.00","0.00","0.00","","0.00","0.00","0.00","0.00","0.00","0.00","0.00","2019/2020","2nd Term"),
("240","53","3","0.00","0.00","0.00","0.00","0.00","0.00","","0.00","0.00","0.00","0.00","0.00","0.00","0.00","2019/2020","2nd Term"),
("241","54","3","0.00","0.00","0.00","0.00","0.00","0.00","","0.00","0.00","0.00","0.00","0.00","0.00","0.00","2019/2020","2nd Term"),
("242","55","7","0.00","0.00","0.00","0.00","0.00","0.00","","0.00","0.00","0.00","0.00","0.00","0.00","0.00","2019/2020","2nd Term"),
("243","56","7","0.00","0.00","0.00","0.00","0.00","0.00","","0.00","0.00","0.00","0.00","0.00","0.00","0.00","2019/2020","2nd Term"),
("244","57","7","0.00","0.00","0.00","0.00","0.00","0.00","","0.00","0.00","0.00","0.00","0.00","0.00","0.00","2019/2020","2nd Term"),
("245","58","7","0.00","0.00","0.00","0.00","0.00","0.00","","0.00","0.00","0.00","0.00","0.00","0.00","0.00","2019/2020","2nd Term"),
("246","59","7","0.00","0.00","0.00","0.00","0.00","0.00","","0.00","0.00","0.00","0.00","0.00","0.00","0.00","2019/2020","2nd Term"),
("247","60","7","0.00","0.00","0.00","0.00","0.00","0.00","","0.00","0.00","0.00","0.00","0.00","0.00","0.00","2019/2020","2nd Term"),
("248","61","7","0.00","0.00","0.00","0.00","0.00","0.00","","0.00","0.00","0.00","0.00","0.00","0.00","0.00","2019/2020","2nd Term"),
("249","62","7","0.00","0.00","0.00","0.00","0.00","0.00","","0.00","0.00","0.00","0.00","0.00","0.00","0.00","2019/2020","2nd Term"),
("251","64","7","0.00","0.00","0.00","0.00","0.00","0.00","","0.00","0.00","0.00","0.00","0.00","0.00","0.00","2019/2020","2nd Term"),
("252","65","7","0.00","0.00","0.00","0.00","0.00","0.00","","0.00","0.00","0.00","0.00","0.00","0.00","0.00","2019/2020","2nd Term"),
("253","66","7","0.00","0.00","0.00","0.00","0.00","0.00","","0.00","0.00","0.00","0.00","0.00","0.00","0.00","2019/2020","2nd Term"),
("254","67","7","0.00","0.00","0.00","0.00","0.00","0.00","","0.00","0.00","0.00","0.00","0.00","0.00","0.00","2019/2020","2nd Term"),
("255","68","7","0.00","0.00","0.00","0.00","0.00","0.00","","0.00","0.00","0.00","0.00","0.00","0.00","0.00","2019/2020","2nd Term"),
("256","69","7","0.00","0.00","0.00","0.00","0.00","0.00","","0.00","0.00","0.00","0.00","0.00","0.00","0.00","2019/2020","2nd Term"),
("257","70","7","0.00","0.00","0.00","0.00","0.00","0.00","","0.00","0.00","0.00","0.00","0.00","0.00","0.00","2019/2020","2nd Term"),
("258","71","7","0.00","0.00","0.00","0.00","0.00","0.00","","0.00","0.00","0.00","0.00","0.00","0.00","0.00","2019/2020","2nd Term"),
("259","72","8","0.00","0.00","0.00","0.00","0.00","0.00","","0.00","0.00","0.00","0.00","0.00","0.00","0.00","2019/2020","2nd Term"),
("260","73","8","0.00","0.00","0.00","0.00","0.00","0.00","","0.00","0.00","0.00","0.00","0.00","0.00","0.00","2019/2020","2nd Term"),
("261","74","8","0.00","0.00","0.00","0.00","0.00","0.00","","0.00","0.00","0.00","0.00","0.00","0.00","0.00","2019/2020","2nd Term"),
("262","75","3","0.00","0.00","0.00","0.00","0.00","0.00","","0.00","0.00","0.00","0.00","0.00","0.00","0.00","2019/2020","2nd Term"),
("263","76","1","0.00","0.00","0.00","0.00","0.00","0.00","","0.00","0.00","0.00","0.00","0.00","0.00","0.00","2019/2020","2nd Term"),
("264","77","3","0.00","0.00","0.00","0.00","0.00","0.00","","0.00","0.00","0.00","0.00","0.00","0.00","0.00","2019/2020","2nd Term"),
("265","78","3","0.00","0.00","0.00","0.00","0.00","0.00","","0.00","0.00","0.00","0.00","0.00","0.00","0.00","2019/2020","2nd Term"),
("266","79","3","0.00","0.00","0.00","0.00","0.00","0.00","","0.00","0.00","0.00","0.00","0.00","0.00","0.00","2019/2020","2nd Term"),
("267","80","8","0.00","0.00","0.00","0.00","0.00","0.00","","0.00","0.00","0.00","0.00","0.00","0.00","0.00","2019/2020","2nd Term"),
("268","81","3","0.00","0.00","0.00","0.00","0.00","0.00","","0.00","0.00","0.00","0.00","0.00","0.00","0.00","2019/2020","2nd Term"),
("269","82","8","0.00","0.00","0.00","0.00","0.00","0.00","","0.00","0.00","0.00","0.00","0.00","0.00","0.00","2019/2020","2nd Term"),
("270","83","8","0.00","0.00","0.00","0.00","0.00","0.00","","0.00","0.00","0.00","0.00","0.00","0.00","0.00","2019/2020","2nd Term"),
("271","84","3","0.00","0.00","0.00","0.00","0.00","0.00","","0.00","0.00","0.00","0.00","0.00","0.00","0.00","2019/2020","2nd Term"),
("272","85","8","0.00","0.00","0.00","0.00","0.00","0.00","","0.00","0.00","0.00","0.00","0.00","0.00","0.00","2019/2020","2nd Term"),
("273","86","8","0.00","0.00","0.00","0.00","0.00","0.00","","0.00","0.00","0.00","0.00","0.00","0.00","0.00","2019/2020","2nd Term"),
("274","87","3","0.00","0.00","0.00","0.00","0.00","0.00","","0.00","0.00","0.00","0.00","0.00","0.00","0.00","2019/2020","2nd Term"),
("275","88","8","0.00","0.00","0.00","0.00","0.00","0.00","","0.00","0.00","0.00","0.00","0.00","0.00","0.00","2019/2020","2nd Term"),
("276","89","9","0.00","0.00","0.00","0.00","0.00","0.00","","0.00","0.00","0.00","0.00","0.00","0.00","0.00","2019/2020","2nd Term"),
("277","90","8","0.00","0.00","0.00","0.00","0.00","0.00","","0.00","0.00","0.00","0.00","0.00","0.00","0.00","2019/2020","2nd Term"),
("278","91","9","0.00","0.00","0.00","0.00","0.00","0.00","","0.00","0.00","0.00","0.00","0.00","0.00","0.00","2019/2020","2nd Term"),
("279","92","3","0.00","0.00","0.00","0.00","0.00","0.00","","0.00","0.00","0.00","0.00","0.00","0.00","0.00","2019/2020","2nd Term"),
("280","93","9","0.00","0.00","0.00","0.00","0.00","0.00","","0.00","0.00","0.00","0.00","0.00","0.00","0.00","2019/2020","2nd Term"),
("281","95","9","0.00","0.00","0.00","0.00","0.00","0.00","","0.00","0.00","0.00","0.00","0.00","0.00","0.00","2019/2020","2nd Term"),
("282","96","8","0.00","0.00","0.00","0.00","0.00","0.00","","0.00","0.00","0.00","0.00","0.00","0.00","0.00","2019/2020","2nd Term"),
("283","97","3","0.00","0.00","0.00","0.00","0.00","0.00","","0.00","0.00","0.00","0.00","0.00","0.00","0.00","2019/2020","2nd Term"),
("284","98","6","0.00","0.00","0.00","0.00","0.00","0.00","","0.00","0.00","0.00","0.00","0.00","0.00","0.00","2019/2020","2nd Term"),
("285","99","8","0.00","0.00","0.00","0.00","0.00","0.00","","0.00","0.00","0.00","0.00","0.00","0.00","0.00","2019/2020","2nd Term"),
("286","100","8","0.00","0.00","0.00","0.00","0.00","0.00","","0.00","0.00","0.00","0.00","0.00","0.00","0.00","2019/2020","2nd Term"),
("287","101","6","0.00","0.00","0.00","0.00","0.00","0.00","","0.00","0.00","0.00","0.00","0.00","0.00","0.00","2019/2020","2nd Term"),
("288","102","8","0.00","0.00","0.00","0.00","0.00","0.00","","0.00","0.00","0.00","0.00","0.00","0.00","0.00","2019/2020","2nd Term"),
("289","103","3","0.00","0.00","0.00","0.00","0.00","0.00","","0.00","0.00","0.00","0.00","0.00","0.00","0.00","2019/2020","2nd Term"),
("290","104","9","0.00","0.00","0.00","0.00","0.00","0.00","","0.00","0.00","0.00","0.00","0.00","0.00","0.00","2019/2020","2nd Term"),
("291","105","8","0.00","0.00","0.00","0.00","0.00","0.00","","0.00","0.00","0.00","0.00","0.00","0.00","0.00","2019/2020","2nd Term"),
("292","106","8","0.00","0.00","0.00","0.00","0.00","0.00","","0.00","0.00","0.00","0.00","0.00","0.00","0.00","2019/2020","2nd Term"),
("293","107","9","0.00","0.00","0.00","0.00","0.00","0.00","","0.00","0.00","0.00","0.00","0.00","0.00","0.00","2019/2020","2nd Term"),
("294","109","3","0.00","0.00","0.00","0.00","0.00","0.00","","0.00","0.00","0.00","0.00","0.00","0.00","0.00","2019/2020","2nd Term"),
("295","110","3","0.00","0.00","0.00","0.00","0.00","0.00","","0.00","0.00","0.00","0.00","0.00","0.00","0.00","2019/2020","2nd Term"),
("296","111","3","0.00","0.00","0.00","0.00","0.00","0.00","","0.00","0.00","0.00","0.00","0.00","0.00","0.00","2019/2020","2nd Term"),
("297","112","3","0.00","0.00","0.00","0.00","0.00","0.00","","0.00","0.00","0.00","0.00","0.00","0.00","0.00","2019/2020","2nd Term"),
("298","113","4","0.00","0.00","0.00","0.00","0.00","0.00","","0.00","0.00","0.00","0.00","0.00","0.00","0.00","2019/2020","2nd Term"),
("299","114","4","0.00","0.00","0.00","0.00","0.00","0.00","","0.00","0.00","0.00","0.00","0.00","0.00","0.00","2019/2020","2nd Term"),
("300","115","4","0.00","0.00","0.00","0.00","0.00","0.00","","0.00","0.00","0.00","0.00","0.00","0.00","0.00","2019/2020","2nd Term"),
("301","116","4","0.00","0.00","0.00","0.00","0.00","0.00","","0.00","0.00","0.00","0.00","0.00","0.00","0.00","2019/2020","2nd Term"),
("302","117","4","0.00","0.00","0.00","0.00","0.00","0.00","","0.00","0.00","0.00","0.00","0.00","0.00","0.00","2019/2020","2nd Term"),
("303","118","4","0.00","0.00","0.00","0.00","0.00","0.00","","0.00","0.00","0.00","0.00","0.00","0.00","0.00","2019/2020","2nd Term");
INSERT INTO current_fees_info VALUES
("304","119","4","0.00","0.00","0.00","0.00","0.00","0.00","","0.00","0.00","0.00","0.00","0.00","0.00","0.00","2019/2020","2nd Term"),
("305","120","4","0.00","0.00","0.00","0.00","0.00","0.00","","0.00","0.00","0.00","0.00","0.00","0.00","0.00","2019/2020","2nd Term"),
("306","121","4","0.00","0.00","0.00","0.00","0.00","0.00","","0.00","0.00","0.00","0.00","0.00","0.00","0.00","2019/2020","2nd Term"),
("307","122","4","0.00","0.00","0.00","0.00","0.00","0.00","","0.00","0.00","0.00","0.00","0.00","0.00","0.00","2019/2020","2nd Term"),
("308","123","4","0.00","0.00","0.00","0.00","0.00","0.00","","0.00","0.00","0.00","0.00","0.00","0.00","0.00","2019/2020","2nd Term"),
("309","124","4","0.00","0.00","0.00","0.00","0.00","0.00","","0.00","0.00","0.00","0.00","0.00","0.00","0.00","2019/2020","2nd Term"),
("310","125","4","0.00","0.00","0.00","0.00","0.00","0.00","","0.00","0.00","0.00","0.00","0.00","0.00","0.00","2019/2020","2nd Term"),
("311","126","4","0.00","0.00","0.00","0.00","0.00","0.00","","0.00","0.00","0.00","0.00","0.00","0.00","0.00","2019/2020","2nd Term"),
("312","127","4","0.00","0.00","0.00","0.00","0.00","0.00","","0.00","0.00","0.00","0.00","0.00","0.00","0.00","2019/2020","2nd Term"),
("313","128","4","0.00","0.00","0.00","0.00","0.00","0.00","","0.00","0.00","0.00","0.00","0.00","0.00","0.00","2019/2020","2nd Term"),
("314","129","4","0.00","0.00","0.00","0.00","0.00","0.00","","0.00","0.00","0.00","0.00","0.00","0.00","0.00","2019/2020","2nd Term"),
("315","130","4","0.00","0.00","0.00","0.00","0.00","0.00","","0.00","0.00","0.00","0.00","0.00","0.00","0.00","2019/2020","2nd Term"),
("316","131","4","0.00","0.00","0.00","0.00","0.00","0.00","","0.00","0.00","0.00","0.00","0.00","0.00","0.00","2019/2020","2nd Term"),
("317","132","4","0.00","0.00","0.00","0.00","0.00","0.00","","0.00","0.00","0.00","0.00","0.00","0.00","0.00","2019/2020","2nd Term"),
("318","133","5","0.00","0.00","0.00","0.00","0.00","0.00","","0.00","0.00","0.00","0.00","0.00","0.00","0.00","2019/2020","2nd Term"),
("319","134","5","0.00","0.00","0.00","0.00","0.00","0.00","","0.00","0.00","0.00","0.00","0.00","0.00","0.00","2019/2020","2nd Term"),
("320","135","5","0.00","0.00","0.00","0.00","0.00","0.00","","0.00","0.00","0.00","0.00","0.00","0.00","0.00","2019/2020","2nd Term"),
("321","136","5","0.00","0.00","0.00","0.00","0.00","0.00","","0.00","0.00","0.00","0.00","0.00","0.00","0.00","2019/2020","2nd Term"),
("322","137","5","0.00","0.00","0.00","0.00","0.00","0.00","","0.00","0.00","0.00","0.00","0.00","0.00","0.00","2019/2020","2nd Term"),
("323","138","5","0.00","0.00","0.00","0.00","0.00","0.00","","0.00","0.00","0.00","0.00","0.00","0.00","0.00","2019/2020","2nd Term"),
("324","139","5","0.00","0.00","0.00","0.00","0.00","0.00","","0.00","0.00","0.00","0.00","0.00","0.00","0.00","2019/2020","2nd Term"),
("325","140","5","0.00","0.00","0.00","0.00","0.00","0.00","","0.00","0.00","0.00","0.00","0.00","0.00","0.00","2019/2020","2nd Term"),
("326","141","5","0.00","0.00","0.00","0.00","0.00","0.00","","0.00","0.00","0.00","0.00","0.00","0.00","0.00","2019/2020","2nd Term"),
("327","142","5","0.00","0.00","0.00","0.00","0.00","0.00","","0.00","0.00","0.00","0.00","0.00","0.00","0.00","2019/2020","2nd Term"),
("328","143","5","0.00","0.00","0.00","0.00","0.00","0.00","","0.00","0.00","0.00","0.00","0.00","0.00","0.00","2019/2020","2nd Term"),
("329","144","5","0.00","0.00","0.00","0.00","0.00","0.00","","0.00","0.00","0.00","0.00","0.00","0.00","0.00","2019/2020","2nd Term"),
("330","145","5","0.00","0.00","0.00","0.00","0.00","0.00","","0.00","0.00","0.00","0.00","0.00","0.00","0.00","2019/2020","2nd Term"),
("331","146","5","0.00","0.00","0.00","0.00","0.00","0.00","","0.00","0.00","0.00","0.00","0.00","0.00","0.00","2019/2020","2nd Term"),
("332","147","5","0.00","0.00","0.00","0.00","0.00","0.00","","0.00","0.00","0.00","0.00","0.00","0.00","0.00","2019/2020","2nd Term"),
("333","148","5","0.00","0.00","0.00","0.00","0.00","0.00","","0.00","0.00","0.00","0.00","0.00","0.00","0.00","2019/2020","2nd Term"),
("334","149","2","0.00","0.00","0.00","0.00","0.00","0.00","","0.00","0.00","0.00","0.00","0.00","0.00","0.00","2019/2020","2nd Term"),
("335","150","2","0.00","0.00","0.00","0.00","0.00","0.00","","0.00","0.00","0.00","0.00","0.00","0.00","0.00","2019/2020","2nd Term"),
("336","151","2","0.00","0.00","0.00","0.00","0.00","0.00","","0.00","0.00","0.00","0.00","0.00","0.00","0.00","2019/2020","2nd Term"),
("337","152","2","0.00","0.00","0.00","0.00","0.00","0.00","","0.00","0.00","0.00","0.00","0.00","0.00","0.00","2019/2020","2nd Term"),
("338","153","2","0.00","0.00","0.00","0.00","0.00","0.00","","0.00","0.00","0.00","0.00","0.00","0.00","0.00","2019/2020","2nd Term"),
("339","154","2","0.00","0.00","0.00","0.00","0.00","0.00","","0.00","0.00","0.00","0.00","0.00","0.00","0.00","2019/2020","2nd Term"),
("340","155","2","0.00","0.00","0.00","0.00","0.00","0.00","","0.00","0.00","0.00","0.00","0.00","0.00","0.00","2019/2020","2nd Term"),
("341","156","2","0.00","0.00","0.00","0.00","0.00","0.00","","0.00","0.00","0.00","0.00","0.00","0.00","0.00","2019/2020","2nd Term"),
("342","157","2","0.00","0.00","0.00","0.00","0.00","0.00","","0.00","0.00","0.00","0.00","0.00","0.00","0.00","2019/2020","2nd Term"),
("343","158","2","0.00","0.00","0.00","0.00","0.00","0.00","","0.00","0.00","0.00","0.00","0.00","0.00","0.00","2019/2020","2nd Term"),
("344","159","2","0.00","0.00","0.00","0.00","0.00","0.00","","0.00","0.00","0.00","0.00","0.00","0.00","0.00","2019/2020","2nd Term"),
("345","160","2","0.00","0.00","0.00","0.00","0.00","0.00","","0.00","0.00","0.00","0.00","0.00","0.00","0.00","2019/2020","2nd Term"),
("346","161","2","0.00","0.00","0.00","0.00","0.00","0.00","","0.00","0.00","0.00","0.00","0.00","0.00","0.00","2019/2020","2nd Term"),
("347","162","2","0.00","0.00","0.00","0.00","0.00","0.00","","0.00","0.00","0.00","0.00","0.00","0.00","0.00","2019/2020","2nd Term"),
("348","163","2","0.00","0.00","0.00","0.00","0.00","0.00","","0.00","0.00","0.00","0.00","0.00","0.00","0.00","2019/2020","2nd Term"),
("349","164","2","0.00","0.00","0.00","0.00","0.00","0.00","","0.00","0.00","0.00","0.00","0.00","0.00","0.00","2019/2020","2nd Term"),
("350","165","2","0.00","0.00","0.00","0.00","0.00","0.00","","0.00","0.00","0.00","0.00","0.00","0.00","0.00","2019/2020","2nd Term"),
("351","166","3","0.00","0.00","0.00","0.00","0.00","0.00","","0.00","0.00","0.00","0.00","0.00","0.00","0.00","2019/2020","2nd Term"),
("352","167","9","0.00","0.00","0.00","0.00","0.00","0.00","","0.00","0.00","0.00","0.00","0.00","0.00","0.00","2019/2020","2nd Term"),
("353","168","9","0.00","0.00","0.00","0.00","0.00","0.00","","0.00","0.00","0.00","0.00","0.00","0.00","0.00","2019/2020","2nd Term"),
("354","169","9","0.00","0.00","0.00","0.00","0.00","0.00","","0.00","0.00","0.00","0.00","0.00","0.00","0.00","2019/2020","2nd Term"),
("355","170","9","0.00","0.00","0.00","0.00","0.00","0.00","","0.00","0.00","0.00","0.00","0.00","0.00","0.00","2019/2020","2nd Term"),
("356","171","9","0.00","0.00","0.00","0.00","0.00","0.00","","0.00","0.00","0.00","0.00","0.00","0.00","0.00","2019/2020","2nd Term"),
("357","172","9","0.00","0.00","0.00","0.00","0.00","0.00","","0.00","0.00","0.00","0.00","0.00","0.00","0.00","2019/2020","2nd Term"),
("358","173","6","0.00","0.00","0.00","0.00","0.00","0.00","","0.00","0.00","0.00","0.00","0.00","0.00","0.00","2019/2020","2nd Term"),
("359","174","6","0.00","0.00","0.00","0.00","0.00","0.00","","0.00","0.00","0.00","0.00","0.00","0.00","0.00","2019/2020","2nd Term"),
("360","175","6","0.00","0.00","0.00","0.00","0.00","0.00","","0.00","0.00","0.00","0.00","0.00","0.00","0.00","2019/2020","2nd Term"),
("361","176","6","0.00","0.00","0.00","0.00","0.00","0.00","","0.00","0.00","0.00","0.00","0.00","0.00","0.00","2019/2020","2nd Term"),
("362","177","6","0.00","0.00","0.00","0.00","0.00","0.00","","0.00","0.00","0.00","0.00","0.00","0.00","0.00","2019/2020","2nd Term"),
("363","178","6","0.00","0.00","0.00","0.00","0.00","0.00","","0.00","0.00","0.00","0.00","0.00","0.00","0.00","2019/2020","2nd Term"),
("364","179","10","0.00","0.00","0.00","0.00","0.00","0.00","","0.00","0.00","0.00","0.00","0.00","0.00","0.00","2019/2020","2nd Term"),
("365","180","7","0.00","0.00","0.00","0.00","0.00","0.00","","0.00","0.00","0.00","0.00","0.00","0.00","0.00","2019/2020","2nd Term"),
("367","182","7","0.00","0.00","0.00","0.00","0.00","0.00","","0.00","0.00","0.00","0.00","0.00","0.00","0.00","2019/2020","2nd Term"),
("368","183","8","0.00","0.00","0.00","0.00","0.00","0.00","","0.00","0.00","0.00","0.00","0.00","0.00","0.00","2019/2020","2nd Term"),
("369","184","1","0.00","0.00","0.00","0.00","0.00","0.00","","0.00","0.00","0.00","0.00","0.00","0.00","0.00","2019/2020","2nd Term"),
("370","185","3","0.00","0.00","0.00","0.00","0.00","0.00","","0.00","0.00","0.00","0.00","0.00","0.00","0.00","2019/2020","2nd Term"),
("371","186","2","0.00","0.00","0.00","0.00","0.00","0.00","","0.00","0.00","0.00","0.00","0.00","0.00","0.00","2019/2020","2nd Term"),
("372","187","3","0.00","0.00","0.00","0.00","0.00","0.00","","0.00","0.00","0.00","0.00","0.00","0.00","0.00","2019/2020","2nd Term"),
("373","188","4","0.00","0.00","0.00","0.00","0.00","0.00","","0.00","0.00","0.00","0.00","0.00","0.00","0.00","2019/2020","2nd Term"),
("374","189","5","0.00","0.00","0.00","0.00","0.00","0.00","","0.00","0.00","0.00","0.00","0.00","0.00","0.00","2019/2020","2nd Term"),
("445","190","9","0.00","0.00","0.00","0.00","0.00","0.00","","0.00","0.00","0.00","0.00","0.00","0.00","0.00","2019/2020","2nd Term"),
("446","191","9","0.00","0.00","0.00","0.00","0.00","0.00","","0.00","0.00","0.00","0.00","0.00","0.00","0.00","2019/2020","2nd Term"),
("447","192","9","0.00","0.00","0.00","0.00","0.00","0.00","","0.00","0.00","0.00","0.00","0.00","0.00","0.00","2019/2020","2nd Term"),
("448","193","9","0.00","0.00","0.00","0.00","0.00","0.00","","0.00","0.00","0.00","0.00","0.00","0.00","0.00","2019/2020","2nd Term"),
("449","194","5","0.00","0.00","0.00","0.00","0.00","0.00","","0.00","0.00","0.00","0.00","0.00","0.00","0.00","2019/2020","2nd Term"),
("450","195","1","0.00","0.00","0.00","0.00","0.00","0.00","","0.00","0.00","0.00","0.00","0.00","0.00","0.00","2019/2020","2nd Term"),
("451","3","1","0.00","0.00","0.00","0.00","0.00","0.00","","0.00","0.00","0.00","0.00","0.00","0.00","0.00","2019/2020","2nd Term"),
("452","108","8","0.00","0.00","0.00","0.00","0.00","0.00","","0.00","0.00","0.00","0.00","0.00","0.00","0.00","2019/2020","2nd Term"),
("453","94","8","0.00","0.00","0.00","0.00","0.00","0.00","","0.00","0.00","0.00","0.00","0.00","0.00","0.00","2019/2020","2nd Term"),
("454","10","1","0.00","0.00","0.00","0.00","0.00","0.00","","0.00","0.00","0.00","0.00","0.00","0.00","0.00","2019/2020","2nd Term"),
("455","196","10","0.00","0.00","0.00","0.00","0.00","0.00","","0.00","0.00","0.00","0.00","0.00","0.00","0.00","2019/2020","2nd Term"),
("456","197","10","0.00","0.00","0.00","0.00","0.00","0.00","","0.00","0.00","0.00","0.00","0.00","0.00","0.00","2019/2020","2nd Term"),
("457","198","10","0.00","0.00","0.00","0.00","0.00","0.00","","0.00","0.00","0.00","0.00","0.00","0.00","0.00","2019/2020","2nd Term"),
("458","199","10","0.00","0.00","0.00","0.00","0.00","0.00","","0.00","0.00","0.00","0.00","0.00","0.00","0.00","2019/2020","2nd Term"),
("459","200","10","0.00","0.00","0.00","0.00","0.00","0.00","","0.00","0.00","0.00","0.00","0.00","0.00","0.00","2019/2020","2nd Term"),
("460","201","10","0.00","0.00","0.00","0.00","0.00","0.00","","0.00","0.00","0.00","0.00","0.00","0.00","0.00","2019/2020","2nd Term"),
("461","202","10","0.00","0.00","0.00","0.00","0.00","0.00","","0.00","0.00","0.00","0.00","0.00","0.00","0.00","2019/2020","2nd Term"),
("462","203","10","0.00","0.00","0.00","0.00","0.00","0.00","","0.00","0.00","0.00","0.00","0.00","0.00","0.00","2019/2020","2nd Term"),
("463","204","10","0.00","0.00","0.00","0.00","0.00","0.00","","0.00","0.00","0.00","0.00","0.00","0.00","0.00","2019/2020","2nd Term"),
("464","205","10","0.00","0.00","0.00","0.00","0.00","0.00","","0.00","0.00","0.00","0.00","0.00","0.00","0.00","2019/2020","2nd Term"),
("465","206","10","0.00","0.00","0.00","0.00","0.00","0.00","","0.00","0.00","0.00","0.00","0.00","0.00","0.00","2019/2020","2nd Term"),
("466","207","10","0.00","0.00","0.00","0.00","0.00","0.00","","0.00","0.00","0.00","0.00","0.00","0.00","0.00","2019/2020","2nd Term"),
("467","208","10","0.00","0.00","0.00","0.00","0.00","0.00","","0.00","0.00","0.00","0.00","0.00","0.00","0.00","2019/2020","2nd Term"),
("469","210","6","0.00","0.00","0.00","0.00","0.00","0.00","","0.00","0.00","0.00","0.00","0.00","0.00","0.00","2019/2020","1st Term"),
("470","211","9","0.00","0.00","0.00","0.00","0.00","0.00","","0.00","0.00","0.00","0.00","0.00","0.00","0.00","2019/2020","1st Term"),
("471","212","1","0.00","0.00","0.00","0.00","0.00","0.00","","0.00","0.00","0.00","0.00","0.00","0.00","0.00","2019/2020","1st Term"),
("472","213","10","0.00","0.00","0.00","0.00","0.00","0.00","","0.00","0.00","0.00","0.00","0.00","0.00","0.00","2019/2020","1st Term"),
("473","214","8","0.00","0.00","0.00","0.00","0.00","0.00","","0.00","0.00","0.00","0.00","0.00","0.00","0.00","2019/2020","1st Term"),
("474","215","2","0.00","0.00","0.00","0.00","0.00","0.00","","0.00","0.00","0.00","0.00","0.00","0.00","0.00","2019/2020","1st Term"),
("475","216","3","0.00","0.00","0.00","0.00","0.00","0.00","","0.00","0.00","0.00","0.00","0.00","0.00","0.00","2019/2020","1st Term");
INSERT INTO current_fees_info VALUES
("476","217","2","0.00","0.00","0.00","0.00","0.00","0.00","","0.00","0.00","0.00","0.00","0.00","0.00","0.00","2019/2020","1st Term"),
("477","218","8","0.00","0.00","0.00","0.00","0.00","0.00","","0.00","0.00","0.00","0.00","0.00","0.00","0.00","2019/2020","1st Term"),
("478","219","1","0.00","0.00","0.00","0.00","0.00","0.00","","0.00","0.00","0.00","0.00","0.00","0.00","0.00","2019/2020","1st Term"),
("479","220","2","0.00","0.00","0.00","0.00","0.00","0.00","","0.00","0.00","0.00","0.00","0.00","0.00","0.00","2019/2020","1st Term"),
("480","37","3","0.00","0.00","0.00","0.00","0.00","0.00","","0.00","0.00","0.00","0.00","0.00","0.00","0.00","2019/2020","3rd Term"),
("481","110","3","0.00","0.00","0.00","0.00","0.00","0.00","","0.00","0.00","0.00","0.00","0.00","0.00","0.00","2019/2020","3rd Term"),
("482","78","3","0.00","0.00","0.00","0.00","0.00","0.00","","0.00","0.00","0.00","0.00","0.00","0.00","0.00","2019/2020","3rd Term"),
("483","53","3","0.00","0.00","0.00","0.00","0.00","0.00","","0.00","0.00","0.00","0.00","0.00","0.00","0.00","2019/2020","3rd Term"),
("484","215","2","0.00","0.00","0.00","0.00","0.00","0.00","","0.00","0.00","0.00","0.00","0.00","0.00","0.00","2019/2020","3rd Term"),
("485","183","8","0.00","0.00","0.00","0.00","0.00","0.00","","0.00","0.00","0.00","0.00","0.00","0.00","0.00","2019/2020","3rd Term"),
("486","3","1","0.00","0.00","0.00","0.00","0.00","0.00","","0.00","0.00","0.00","0.00","0.00","0.00","0.00","2019/2020","3rd Term"),
("487","10","1","0.00","0.00","0.00","0.00","0.00","0.00","","0.00","0.00","0.00","0.00","0.00","0.00","0.00","2019/2020","3rd Term"),
("488","162","2","0.00","0.00","0.00","0.00","0.00","0.00","","0.00","0.00","0.00","0.00","0.00","0.00","0.00","2019/2020","3rd Term"),
("489","125","4","0.00","0.00","0.00","0.00","0.00","0.00","","0.00","0.00","0.00","0.00","0.00","0.00","0.00","2019/2020","3rd Term"),
("490","130","4","0.00","0.00","0.00","0.00","0.00","0.00","","0.00","0.00","0.00","0.00","0.00","0.00","0.00","2019/2020","3rd Term"),
("491","99","8","0.00","0.00","0.00","0.00","0.00","0.00","","0.00","0.00","0.00","0.00","0.00","0.00","0.00","2019/2020","3rd Term"),
("492","22","10","0.00","0.00","0.00","0.00","0.00","0.00","","0.00","0.00","0.00","0.00","0.00","0.00","0.00","2020/2021","1st Term"),
("493","58","8","0.00","0.00","0.00","0.00","0.00","0.00","","0.00","0.00","0.00","0.00","0.00","0.00","0.00","2020/2021","1st Term"),
("494","221","4","0.00","0.00","0.00","0.00","0.00","0.00","","0.00","0.00","0.00","0.00","0.00","0.00","0.00","2019/2020","1st Term"),
("495","222","4","0.00","0.00","0.00","0.00","0.00","0.00","","0.00","0.00","0.00","0.00","0.00","0.00","0.00","2019/2020","1st Term"),
("496","223","2","0.00","0.00","0.00","0.00","0.00","0.00","","0.00","0.00","0.00","0.00","0.00","0.00","0.00","2019/2020","1st Term"),
("497","224","1","0.00","0.00","0.00","0.00","0.00","0.00","","0.00","0.00","0.00","0.00","0.00","0.00","0.00","2019/2020","1st Term"),
("498","225","6","0.00","0.00","0.00","0.00","0.00","0.00","","0.00","0.00","0.00","0.00","0.00","0.00","0.00","2019/2020","1st Term"),
("499","226","10","0.00","0.00","0.00","0.00","0.00","0.00","","0.00","0.00","0.00","0.00","0.00","0.00","0.00","2019/2020","1st Term"),
("500","227","6","0.00","0.00","0.00","0.00","0.00","0.00","","0.00","0.00","0.00","0.00","0.00","0.00","0.00","2019/2020","1st Term"),
("501","228","9","0.00","0.00","0.00","0.00","0.00","0.00","","0.00","0.00","0.00","0.00","0.00","0.00","0.00","2019/2020","1st Term"),
("502","229","9","0.00","0.00","0.00","0.00","0.00","0.00","","0.00","0.00","0.00","0.00","0.00","0.00","0.00","2019/2020","1st Term"),
("503","230","2","0.00","0.00","0.00","0.00","0.00","0.00","","0.00","0.00","0.00","0.00","0.00","0.00","0.00","2019/2020","1st Term"),
("504","231","7","0.00","0.00","0.00","0.00","0.00","0.00","","0.00","0.00","0.00","0.00","0.00","0.00","0.00","2019/2020","1st Term"),
("505","232","10","0.00","0.00","0.00","0.00","0.00","0.00","","0.00","0.00","0.00","0.00","0.00","0.00","0.00","2019/2020","1st Term"),
("506","233","7","0.00","0.00","0.00","0.00","0.00","0.00","","0.00","0.00","0.00","0.00","0.00","0.00","0.00","2019/2020","1st Term"),
("507","234","6","0.00","0.00","0.00","0.00","0.00","0.00","","0.00","0.00","0.00","0.00","0.00","0.00","0.00","2019/2020","1st Term"),
("508","235","7","0.00","0.00","0.00","0.00","0.00","0.00","","0.00","0.00","0.00","0.00","0.00","0.00","0.00","2019/2020","1st Term"),
("509","236","6","0.00","0.00","0.00","0.00","0.00","0.00","","0.00","0.00","0.00","0.00","0.00","0.00","0.00","2019/2020","1st Term"),
("510","237","9","0.00","0.00","0.00","0.00","0.00","0.00","","0.00","0.00","0.00","0.00","0.00","0.00","0.00","2019/2020","1st Term"),
("511","238","9","0.00","0.00","0.00","0.00","0.00","0.00","","0.00","0.00","0.00","0.00","0.00","0.00","0.00","2019/2020","1st Term"),
("512","239","9","0.00","0.00","0.00","0.00","0.00","0.00","","0.00","0.00","0.00","0.00","0.00","0.00","0.00","2019/2020","1st Term"),
("513","240","1","0.00","0.00","0.00","0.00","0.00","0.00","","0.00","0.00","0.00","0.00","0.00","0.00","0.00","2019/2020","1st Term"),
("514","241","10","0.00","0.00","0.00","0.00","0.00","0.00","","0.00","0.00","0.00","0.00","0.00","0.00","0.00","2019/2020","1st Term"),
("515","242","6","0.00","0.00","0.00","0.00","0.00","0.00","","0.00","0.00","0.00","0.00","0.00","0.00","0.00","2019/2020","1st Term"),
("516","243","3","0.00","0.00","0.00","0.00","0.00","0.00","","0.00","0.00","0.00","0.00","0.00","0.00","0.00","2019/2020","1st Term"),
("517","244","10","0.00","0.00","0.00","0.00","0.00","0.00","","0.00","0.00","0.00","0.00","0.00","0.00","0.00","2019/2020","1st Term"),
("518","245","8","0.00","0.00","0.00","0.00","0.00","0.00","","0.00","0.00","0.00","0.00","0.00","0.00","0.00","2019/2020","1st Term"),
("519","246","10","0.00","0.00","0.00","0.00","0.00","0.00","","0.00","0.00","0.00","0.00","0.00","0.00","0.00","2019/2020","1st Term"),
("520","247","6","0.00","0.00","0.00","0.00","0.00","0.00","","0.00","0.00","0.00","0.00","0.00","0.00","0.00","2019/2020","1st Term"),
("521","248","7","0.00","0.00","0.00","0.00","0.00","0.00","","0.00","0.00","0.00","0.00","0.00","0.00","0.00","2019/2020","1st Term"),
("522","249","5","0.00","0.00","0.00","0.00","0.00","0.00","","0.00","0.00","0.00","0.00","0.00","0.00","0.00","2019/2020","1st Term"),
("523","250","1","0.00","0.00","0.00","0.00","0.00","0.00","","0.00","0.00","0.00","0.00","0.00","0.00","0.00","2019/2020","1st Term"),
("524","251","8","0.00","0.00","0.00","0.00","0.00","0.00","","0.00","0.00","0.00","0.00","0.00","0.00","0.00","2019/2020","1st Term"),
("525","252","8","0.00","0.00","0.00","0.00","0.00","0.00","","0.00","0.00","0.00","0.00","0.00","0.00","0.00","2019/2020","1st Term"),
("526","186","3","0.00","0.00","0.00","0.00","0.00","0.00","","0.00","0.00","0.00","0.00","0.00","0.00","0.00","2020/2021","1st Term"),
("527","215","3","0.00","0.00","0.00","0.00","0.00","0.00","","0.00","0.00","0.00","0.00","0.00","0.00","0.00","2020/2021","1st Term"),
("528","162","3","0.00","0.00","0.00","0.00","0.00","0.00","","0.00","0.00","0.00","0.00","0.00","0.00","0.00","2020/2021","1st Term"),
("529","253","5","0.00","0.00","0.00","0.00","0.00","0.00","","0.00","0.00","0.00","0.00","0.00","0.00","0.00","2019/2020","1st Term"),
("530","254","6","0.00","0.00","0.00","0.00","0.00","0.00","","0.00","0.00","0.00","0.00","0.00","0.00","0.00","2019/2020","1st Term"),
("531","255","1","0.00","0.00","0.00","0.00","0.00","0.00","","0.00","0.00","0.00","0.00","0.00","0.00","0.00","2019/2020","1st Term"),
("532","256","10","0.00","0.00","0.00","0.00","0.00","0.00","","0.00","0.00","0.00","0.00","0.00","0.00","0.00","2019/2020","1st Term"),
("533","257","5","0.00","0.00","0.00","0.00","0.00","0.00","","0.00","0.00","0.00","0.00","0.00","0.00","0.00","2019/2020","1st Term"),
("534","258","3","0.00","0.00","0.00","0.00","0.00","0.00","","0.00","0.00","0.00","0.00","0.00","0.00","0.00","2019/2020","1st Term"),
("535","259","1","0.00","0.00","0.00","0.00","0.00","0.00","","0.00","0.00","0.00","0.00","0.00","0.00","0.00","2019/2020","1st Term"),
("536","260","5","0.00","0.00","0.00","0.00","0.00","0.00","","0.00","0.00","0.00","0.00","0.00","0.00","0.00","2019/2020","1st Term"),
("537","99","1","0.00","0.00","0.00","0.00","0.00","0.00","","0.00","0.00","0.00","0.00","0.00","0.00","0.00","2020/2021","1st Term"),
("538","88","1","0.00","0.00","0.00","0.00","0.00","0.00","","0.00","0.00","0.00","0.00","0.00","0.00","0.00","2020/2021","1st Term"),
("539","224","1","0.00","0.00","0.00","0.00","0.00","0.00","","0.00","0.00","0.00","0.00","0.00","0.00","0.00","2020/2021","1st Term"),
("540","12","2","0.00","0.00","0.00","0.00","0.00","0.00","","0.00","0.00","0.00","0.00","0.00","0.00","0.00","2020/2021","1st Term"),
("541","11","2","0.00","0.00","0.00","0.00","0.00","0.00","","0.00","0.00","0.00","0.00","0.00","0.00","0.00","2020/2021","1st Term"),
("542","1","2","0.00","0.00","0.00","0.00","0.00","0.00","","0.00","0.00","0.00","0.00","0.00","0.00","0.00","2020/2021","1st Term"),
("543","28","2","0.00","0.00","0.00","0.00","0.00","0.00","","0.00","0.00","0.00","0.00","0.00","0.00","0.00","2020/2021","1st Term"),
("544","15","2","0.00","0.00","0.00","0.00","0.00","0.00","","0.00","0.00","0.00","0.00","0.00","0.00","0.00","2020/2021","1st Term"),
("545","19","2","0.00","0.00","0.00","0.00","0.00","0.00","","0.00","0.00","0.00","0.00","0.00","0.00","0.00","2020/2021","1st Term"),
("546","261","5","0.00","0.00","0.00","0.00","0.00","0.00","","0.00","0.00","0.00","0.00","0.00","0.00","0.00","2019/2020","1st Term"),
("547","121","5","0.00","0.00","0.00","0.00","0.00","0.00","","0.00","0.00","0.00","0.00","0.00","0.00","0.00","2020/2021","1st Term"),
("548","257","5","0.00","0.00","0.00","0.00","0.00","0.00","","0.00","0.00","0.00","0.00","0.00","0.00","0.00","2020/2021","1st Term"),
("549","259","8","0.00","0.00","0.00","0.00","0.00","0.00","","0.00","0.00","0.00","0.00","0.00","0.00","0.00","2020/2021","1st Term"),
("550","159","3","0.00","0.00","0.00","0.00","0.00","0.00","","0.00","0.00","0.00","0.00","0.00","0.00","0.00","2020/2021","1st Term"),
("551","258","3","0.00","0.00","0.00","0.00","0.00","0.00","","0.00","0.00","0.00","0.00","0.00","0.00","0.00","2020/2021","1st Term"),
("552","203","7","0.00","0.00","0.00","0.00","0.00","0.00","","0.00","0.00","0.00","0.00","0.00","0.00","0.00","2020/2021","1st Term"),
("553","206","7","0.00","0.00","0.00","0.00","0.00","0.00","","0.00","0.00","0.00","0.00","0.00","0.00","0.00","2020/2021","1st Term"),
("554","26","10","0.00","0.00","0.00","0.00","0.00","0.00","","0.00","0.00","0.00","0.00","0.00","0.00","0.00","2020/2021","1st Term"),
("555","262","2","0.00","0.00","0.00","0.00","0.00","0.00","","0.00","0.00","0.00","0.00","0.00","0.00","0.00","2019/2020","1st Term"),
("556","110","4","0.00","0.00","0.00","0.00","0.00","0.00","","0.00","0.00","0.00","0.00","0.00","0.00","0.00","2020/2021","1st Term"),
("557","3","2","0.00","0.00","0.00","0.00","0.00","0.00","","0.00","0.00","0.00","0.00","0.00","0.00","0.00","2020/2021","1st Term"),
("558","263","2","0.00","0.00","0.00","0.00","0.00","0.00","","0.00","0.00","0.00","0.00","0.00","0.00","0.00","2019/2020","1st Term"),
("559","38","4","0.00","0.00","0.00","0.00","0.00","0.00","","0.00","0.00","0.00","0.00","0.00","0.00","0.00","2020/2021","1st Term"),
("560","79","4","0.00","0.00","0.00","0.00","0.00","0.00","","0.00","0.00","0.00","0.00","0.00","0.00","0.00","2020/2021","1st Term"),
("561","77","4","0.00","0.00","0.00","0.00","0.00","0.00","","0.00","0.00","0.00","0.00","0.00","0.00","0.00","2020/2021","1st Term"),
("562","119","4","0.00","0.00","0.00","0.00","0.00","0.00","","0.00","0.00","0.00","0.00","0.00","0.00","0.00","2020/2021","1st Term"),
("563","169","6","0.00","0.00","0.00","0.00","0.00","0.00","","0.00","0.00","0.00","0.00","0.00","0.00","0.00","2020/2021","1st Term"),
("564","10","1","0.00","0.00","0.00","0.00","0.00","0.00","","0.00","0.00","0.00","0.00","0.00","0.00","0.00","2020/2021","1st Term"),
("565","264","7","0.00","0.00","0.00","0.00","0.00","0.00","","0.00","0.00","0.00","0.00","0.00","0.00","0.00","2019/2020","1st Term"),
("566","104","6","0.00","0.00","0.00","0.00","0.00","0.00","","0.00","0.00","0.00","0.00","0.00","0.00","0.00","2020/2021","1st Term"),
("567","265","10","0.00","0.00","0.00","0.00","0.00","0.00","","0.00","0.00","0.00","0.00","0.00","0.00","0.00","2019/2020","1st Term"),
("568","266","9","0.00","0.00","0.00","0.00","0.00","0.00","","0.00","0.00","0.00","0.00","0.00","0.00","0.00","2019/2020","1st Term"),
("569","267","8","0.00","0.00","0.00","0.00","0.00","0.00","","0.00","0.00","0.00","0.00","0.00","0.00","0.00","2019/2020","1st Term"),
("570","268","5","0.00","0.00","0.00","0.00","0.00","0.00","","0.00","0.00","0.00","0.00","0.00","0.00","0.00","2019/2020","1st Term"),
("571","269","4","0.00","0.00","0.00","0.00","0.00","0.00","","0.00","0.00","0.00","0.00","0.00","0.00","0.00","2019/2020","1st Term"),
("572","270","9","0.00","0.00","0.00","0.00","0.00","0.00","","0.00","0.00","0.00","0.00","0.00","0.00","0.00","2019/2020","1st Term"),
("573","271","7","0.00","0.00","0.00","0.00","0.00","0.00","","0.00","0.00","0.00","0.00","0.00","0.00","0.00","2019/2020","1st Term"),
("574","272","7","0.00","0.00","0.00","0.00","0.00","0.00","","0.00","0.00","0.00","0.00","0.00","0.00","0.00","2019/2020","1st Term"),
("575","273","3","0.00","0.00","0.00","0.00","0.00","0.00","","0.00","0.00","0.00","0.00","0.00","0.00","0.00","2019/2020","1st Term");
INSERT INTO current_fees_info VALUES
("576","274","3","0.00","0.00","0.00","0.00","0.00","0.00","","0.00","0.00","0.00","0.00","0.00","0.00","0.00","2019/2020","1st Term"),
("577","251","8","0.00","0.00","0.00","0.00","0.00","0.00","","0.00","0.00","0.00","0.00","0.00","0.00","0.00","2020/2021","2nd Term"),
("578","182","8","0.00","0.00","0.00","0.00","0.00","0.00","","0.00","0.00","0.00","0.00","0.00","0.00","0.00","2020/2021","2nd Term"),
("579","275","8","0.00","0.00","0.00","0.00","0.00","0.00","","0.00","0.00","0.00","0.00","0.00","0.00","0.00","2019/2020","1st Term"),
("580","276","1","0.00","0.00","0.00","0.00","0.00","0.00","","0.00","0.00","0.00","0.00","0.00","0.00","0.00","2019/2020","1st Term"),
("581","224","1","0.00","0.00","0.00","0.00","0.00","0.00","","0.00","0.00","0.00","0.00","0.00","0.00","0.00","2020/2021","2nd Term"),
("582","277","1","0.00","0.00","0.00","0.00","0.00","0.00","","0.00","0.00","0.00","0.00","0.00","0.00","0.00","2019/2020","1st Term"),
("583","99","1","0.00","0.00","0.00","0.00","0.00","0.00","","0.00","0.00","0.00","0.00","0.00","0.00","0.00","2020/2021","2nd Term"),
("584","223","2","0.00","0.00","0.00","0.00","0.00","0.00","","0.00","0.00","0.00","0.00","0.00","0.00","0.00","2020/2021","2nd Term"),
("585","195","2","0.00","0.00","0.00","0.00","0.00","0.00","","0.00","0.00","0.00","0.00","0.00","0.00","0.00","2020/2021","2nd Term"),
("586","3","2","0.00","0.00","0.00","0.00","0.00","0.00","","0.00","0.00","0.00","0.00","0.00","0.00","0.00","2020/2021","2nd Term"),
("587","7","2","0.00","0.00","0.00","0.00","0.00","0.00","","0.00","0.00","0.00","0.00","0.00","0.00","0.00","2020/2021","2nd Term"),
("588","8","2","0.00","0.00","0.00","0.00","0.00","0.00","","0.00","0.00","0.00","0.00","0.00","0.00","0.00","2020/2021","2nd Term"),
("589","155","3","0.00","0.00","0.00","0.00","0.00","0.00","","0.00","0.00","0.00","0.00","0.00","0.00","0.00","2020/2021","2nd Term"),
("590","158","3","0.00","0.00","0.00","0.00","0.00","0.00","","0.00","0.00","0.00","0.00","0.00","0.00","0.00","2020/2021","2nd Term"),
("591","215","3","0.00","0.00","0.00","0.00","0.00","0.00","","0.00","0.00","0.00","0.00","0.00","0.00","0.00","2020/2021","2nd Term"),
("592","278","3","0.00","0.00","0.00","0.00","0.00","0.00","","0.00","0.00","0.00","0.00","0.00","0.00","0.00","2019/2020","1st Term"),
("593","159","3","0.00","0.00","0.00","0.00","0.00","0.00","","0.00","0.00","0.00","0.00","0.00","0.00","0.00","2020/2021","2nd Term"),
("594","279","3","0.00","0.00","0.00","0.00","0.00","0.00","","0.00","0.00","0.00","0.00","0.00","0.00","0.00","2019/2020","1st Term"),
("595","280","4","0.00","0.00","0.00","0.00","0.00","0.00","","0.00","0.00","0.00","0.00","0.00","0.00","0.00","2019/2020","1st Term"),
("596","200","7","0.00","0.00","0.00","0.00","0.00","0.00","","0.00","0.00","0.00","0.00","0.00","0.00","0.00","2020/2021","2nd Term"),
("597","199","7","0.00","0.00","0.00","0.00","0.00","0.00","","0.00","0.00","0.00","0.00","0.00","0.00","0.00","2020/2021","2nd Term"),
("598","179","7","0.00","0.00","0.00","0.00","0.00","0.00","","0.00","0.00","0.00","0.00","0.00","0.00","0.00","2020/2021","2nd Term"),
("599","225","6","0.00","0.00","0.00","0.00","0.00","0.00","","0.00","0.00","0.00","0.00","0.00","0.00","0.00","2020/2021","2nd Term"),
("600","190","6","0.00","0.00","0.00","0.00","0.00","0.00","","0.00","0.00","0.00","0.00","0.00","0.00","0.00","2020/2021","2nd Term"),
("601","281","10","0.00","0.00","0.00","0.00","0.00","0.00","","0.00","0.00","0.00","0.00","0.00","0.00","0.00","2019/2020","1st Term"),
("602","282","10","0.00","0.00","0.00","0.00","0.00","0.00","","0.00","0.00","0.00","0.00","0.00","0.00","0.00","2019/2020","1st Term"),
("603","283","6","0.00","0.00","0.00","0.00","0.00","0.00","","0.00","0.00","0.00","0.00","0.00","0.00","0.00","2019/2020","1st Term"),
("604","284","9","0.00","0.00","0.00","0.00","0.00","0.00","","0.00","0.00","0.00","0.00","0.00","0.00","0.00","2019/2020","1st Term"),
("605","260","5","0.00","0.00","0.00","0.00","0.00","0.00","","0.00","0.00","0.00","0.00","0.00","0.00","0.00","2020/2021","2nd Term"),
("606","285","1","0.00","0.00","0.00","0.00","0.00","0.00","","0.00","0.00","0.00","0.00","0.00","0.00","0.00","2019/2020","1st Term"),
("607","286","10","0.00","0.00","0.00","0.00","0.00","0.00","","0.00","0.00","0.00","0.00","0.00","0.00","0.00","2019/2020","1st Term"),
("608","287","7","0.00","0.00","0.00","0.00","0.00","0.00","","0.00","0.00","0.00","0.00","0.00","0.00","0.00","2019/2020","1st Term"),
("609","288","6","0.00","0.00","0.00","0.00","0.00","0.00","","0.00","0.00","0.00","0.00","0.00","0.00","0.00","2019/2020","1st Term"),
("610","289","6","0.00","0.00","0.00","0.00","0.00","0.00","","0.00","0.00","0.00","0.00","0.00","0.00","0.00","2019/2020","1st Term"),
("611","290","1","0.00","0.00","0.00","0.00","0.00","0.00","","0.00","0.00","0.00","0.00","0.00","0.00","0.00","2019/2020","1st Term"),
("612","291","1","0.00","0.00","0.00","0.00","0.00","0.00","","0.00","0.00","0.00","0.00","0.00","0.00","0.00","2019/2020","1st Term"),
("613","292","1","0.00","0.00","0.00","0.00","0.00","0.00","","0.00","0.00","0.00","0.00","0.00","0.00","0.00","2019/2020","1st Term"),
("614","293","1","0.00","0.00","0.00","0.00","0.00","0.00","","0.00","0.00","0.00","0.00","0.00","0.00","0.00","2019/2020","1st Term"),
("615","294","3","0.00","0.00","0.00","0.00","0.00","0.00","","0.00","0.00","0.00","0.00","0.00","0.00","0.00","2019/2020","1st Term"),
("616","295","3","0.00","0.00","0.00","0.00","0.00","0.00","","0.00","0.00","0.00","0.00","0.00","0.00","0.00","2019/2020","1st Term"),
("617","296","4","0.00","0.00","0.00","0.00","0.00","0.00","","0.00","0.00","0.00","0.00","0.00","0.00","0.00","2019/2020","1st Term"),
("618","297","9","0.00","0.00","0.00","0.00","0.00","0.00","","0.00","0.00","0.00","0.00","0.00","0.00","0.00","2019/2020","1st Term"),
("619","298","5","0.00","0.00","0.00","0.00","0.00","0.00","","0.00","0.00","0.00","0.00","0.00","0.00","0.00","2019/2020","1st Term"),
("620","299","8","0.00","0.00","0.00","0.00","0.00","0.00","","0.00","0.00","0.00","0.00","0.00","0.00","0.00","2019/2020","1st Term"),
("621","300","10","0.00","0.00","0.00","0.00","0.00","0.00","","0.00","0.00","0.00","0.00","0.00","0.00","0.00","2019/2020","1st Term"),
("622","301","6","0.00","0.00","0.00","0.00","0.00","0.00","","0.00","0.00","0.00","0.00","0.00","0.00","0.00","2019/2020","1st Term"),
("623","302","6","0.00","0.00","0.00","0.00","0.00","0.00","","0.00","0.00","0.00","0.00","0.00","0.00","0.00","2019/2020","1st Term"),
("624","303","6","0.00","0.00","0.00","0.00","0.00","0.00","","0.00","0.00","0.00","0.00","0.00","0.00","0.00","2019/2020","1st Term"),
("625","304","6","0.00","0.00","0.00","0.00","0.00","0.00","","0.00","0.00","0.00","0.00","0.00","0.00","0.00","2019/2020","1st Term"),
("626","305","1","0.00","0.00","0.00","0.00","0.00","0.00","","0.00","0.00","0.00","0.00","0.00","0.00","0.00","2019/2020","1st Term"),
("628","307","2","0.00","0.00","0.00","0.00","0.00","0.00","","0.00","0.00","0.00","0.00","0.00","0.00","0.00","2019/2020","1st Term"),
("629","308","6","0.00","0.00","0.00","0.00","0.00","0.00","","0.00","0.00","0.00","0.00","0.00","0.00","0.00","2019/2020","1st Term"),
("630","309","6","0.00","0.00","0.00","0.00","0.00","0.00","","0.00","0.00","0.00","0.00","0.00","0.00","0.00","2019/2020","1st Term"),
("631","310","6","0.00","0.00","0.00","0.00","0.00","0.00","","0.00","0.00","0.00","0.00","0.00","0.00","0.00","2019/2020","1st Term"),
("632","311","1","0.00","0.00","0.00","0.00","0.00","0.00","","0.00","0.00","0.00","0.00","0.00","0.00","0.00","2019/2020","1st Term"),
("633","312","1","0.00","0.00","0.00","0.00","0.00","0.00","","0.00","0.00","0.00","0.00","0.00","0.00","0.00","2019/2020","1st Term"),
("634","313","2","0.00","0.00","0.00","0.00","0.00","0.00","","0.00","0.00","0.00","0.00","0.00","0.00","0.00","2019/2020","1st Term"),
("635","314","2","0.00","0.00","0.00","0.00","0.00","0.00","","0.00","0.00","0.00","0.00","0.00","0.00","0.00","2019/2020","1st Term"),
("636","315","2","0.00","0.00","0.00","0.00","0.00","0.00","","0.00","0.00","0.00","0.00","0.00","0.00","0.00","2019/2020","1st Term"),
("637","316","3","0.00","0.00","0.00","0.00","0.00","0.00","","0.00","0.00","0.00","0.00","0.00","0.00","0.00","2019/2020","1st Term"),
("638","317","3","0.00","0.00","0.00","0.00","0.00","0.00","","0.00","0.00","0.00","0.00","0.00","0.00","0.00","2019/2020","1st Term"),
("639","318","3","0.00","0.00","0.00","0.00","0.00","0.00","","0.00","0.00","0.00","0.00","0.00","0.00","0.00","2019/2020","1st Term"),
("640","319","4","0.00","0.00","0.00","0.00","0.00","0.00","","0.00","0.00","0.00","0.00","0.00","0.00","0.00","2019/2020","1st Term"),
("641","320","8","0.00","0.00","0.00","0.00","0.00","0.00","","0.00","0.00","0.00","0.00","0.00","0.00","0.00","2019/2020","1st Term"),
("642","321","8","0.00","0.00","0.00","0.00","0.00","0.00","","0.00","0.00","0.00","0.00","0.00","0.00","0.00","2019/2020","1st Term"),
("643","322","7","0.00","0.00","0.00","0.00","0.00","0.00","","0.00","0.00","0.00","0.00","0.00","0.00","0.00","2019/2020","1st Term"),
("644","323","10","0.00","0.00","0.00","0.00","0.00","0.00","","0.00","0.00","0.00","0.00","0.00","0.00","0.00","2019/2020","1st Term"),
("645","324","10","0.00","0.00","0.00","0.00","0.00","0.00","","0.00","0.00","0.00","0.00","0.00","0.00","0.00","2019/2020","1st Term"),
("646","325","10","0.00","0.00","0.00","0.00","0.00","0.00","","0.00","0.00","0.00","0.00","0.00","0.00","0.00","2019/2020","1st Term"),
("647","326","7","0.00","0.00","0.00","0.00","0.00","0.00","","0.00","0.00","0.00","0.00","0.00","0.00","0.00","2019/2020","1st Term"),
("648","327","9","0.00","0.00","0.00","0.00","0.00","0.00","","0.00","0.00","0.00","0.00","0.00","0.00","0.00","2019/2020","1st Term"),
("649","328","9","0.00","0.00","0.00","0.00","0.00","0.00","","0.00","0.00","0.00","0.00","0.00","0.00","0.00","2019/2020","1st Term"),
("650","329","6","0.00","0.00","0.00","0.00","0.00","0.00","","0.00","0.00","0.00","0.00","0.00","0.00","0.00","2019/2020","1st Term"),
("651","330","1","0.00","0.00","0.00","0.00","0.00","0.00","","0.00","0.00","0.00","0.00","0.00","0.00","0.00","2019/2020","1st Term"),
("653","332","8","0.00","0.00","0.00","0.00","0.00","0.00","","0.00","0.00","0.00","0.00","0.00","0.00","0.00","2019/2020","1st Term"),
("654","333","7","0.00","0.00","0.00","0.00","0.00","0.00","","0.00","0.00","0.00","0.00","0.00","0.00","0.00","2019/2020","1st Term"),
("655","334","8","0.00","0.00","0.00","0.00","0.00","0.00","","0.00","0.00","0.00","0.00","0.00","0.00","0.00","2019/2020","1st Term"),
("656","335","2","0.00","0.00","0.00","0.00","0.00","0.00","","0.00","0.00","0.00","0.00","0.00","0.00","0.00","2019/2020","1st Term"),
("657","153","4","0.00","0.00","0.00","0.00","0.00","0.00","","0.00","0.00","0.00","0.00","0.00","0.00","0.00","2021/2022","1st Term"),
("658","263","3","0.00","0.00","0.00","0.00","0.00","0.00","","0.00","0.00","0.00","0.00","0.00","0.00","0.00","2021/2022","1st Term"),
("659","83","2","0.00","0.00","0.00","0.00","0.00","0.00","","0.00","0.00","0.00","0.00","0.00","0.00","0.00","2021/2022","1st Term"),
("660","66","1","0.00","0.00","0.00","0.00","0.00","0.00","","0.00","0.00","0.00","0.00","0.00","0.00","0.00","2021/2022","1st Term"),
("661","180","1","0.00","0.00","0.00","0.00","0.00","0.00","","0.00","0.00","0.00","0.00","0.00","0.00","0.00","2021/2022","1st Term"),
("662","69","1","0.00","0.00","0.00","0.00","0.00","0.00","","0.00","0.00","0.00","0.00","0.00","0.00","0.00","2021/2022","1st Term"),
("663","305","1","0.00","0.00","0.00","0.00","0.00","0.00","","0.00","0.00","0.00","0.00","0.00","0.00","0.00","2021/2022","1st Term"),
("664","22","7","0.00","0.00","0.00","0.00","0.00","0.00","","0.00","0.00","0.00","0.00","0.00","0.00","0.00","2021/2022","1st Term"),
("665","47","7","0.00","0.00","0.00","0.00","0.00","0.00","","0.00","0.00","0.00","0.00","0.00","0.00","0.00","2021/2022","1st Term"),
("666","175","7","0.00","0.00","0.00","0.00","0.00","0.00","","0.00","0.00","0.00","0.00","0.00","0.00","0.00","2021/2022","1st Term"),
("667","36","7","0.00","0.00","0.00","0.00","0.00","0.00","","0.00","0.00","0.00","0.00","0.00","0.00","0.00","2021/2022","1st Term"),
("668","35","7","0.00","0.00","0.00","0.00","0.00","0.00","","0.00","0.00","0.00","0.00","0.00","0.00","0.00","2021/2022","1st Term"),
("669","93","10","0.00","0.00","0.00","0.00","0.00","0.00","","0.00","0.00","0.00","0.00","0.00","0.00","0.00","2021/2022","1st Term"),
("670","191","10","0.00","0.00","0.00","0.00","0.00","0.00","","0.00","0.00","0.00","0.00","0.00","0.00","0.00","2021/2022","1st Term"),
("671","39","7","0.00","0.00","0.00","0.00","0.00","0.00","","0.00","0.00","0.00","0.00","0.00","0.00","0.00","2021/2022","1st Term"),
("672","73","2","0.00","0.00","0.00","0.00","0.00","0.00","","0.00","0.00","0.00","0.00","0.00","0.00","0.00","2021/2022","1st Term"),
("673","99","2","0.00","0.00","0.00","0.00","0.00","0.00","","0.00","0.00","0.00","0.00","0.00","0.00","0.00","2021/2022","1st Term"),
("674","68","1","0.00","0.00","0.00","0.00","0.00","0.00","","0.00","0.00","0.00","0.00","0.00","0.00","0.00","2021/2022","1st Term"),
("675","336","5","0.00","0.00","0.00","0.00","0.00","0.00","","0.00","0.00","0.00","0.00","0.00","0.00","0.00","2019/2020","1st Term"),
("676","280","5","0.00","0.00","0.00","0.00","0.00","0.00","","0.00","0.00","0.00","0.00","0.00","0.00","0.00","2021/2022","1st Term"),
("677","337","3","0.00","0.00","0.00","0.00","0.00","0.00","","0.00","0.00","0.00","0.00","0.00","0.00","0.00","2019/2020","1st Term");
INSERT INTO current_fees_info VALUES
("678","125","4","0.00","0.00","0.00","0.00","0.00","0.00","","0.00","0.00","0.00","0.00","0.00","0.00","0.00","2021/2022","1st Term"),
("679","338","8","0.00","0.00","0.00","0.00","0.00","0.00","","0.00","0.00","0.00","0.00","0.00","0.00","0.00","2019/2020","1st Term"),
("680","339","8","0.00","0.00","0.00","0.00","0.00","0.00","","0.00","0.00","0.00","0.00","0.00","0.00","0.00","2019/2020","1st Term"),
("681","255","3","0.00","0.00","0.00","0.00","0.00","0.00","","0.00","0.00","0.00","0.00","0.00","0.00","0.00","2021/2022","1st Term"),
("682","5","3","0.00","0.00","0.00","0.00","0.00","0.00","","0.00","0.00","0.00","0.00","0.00","0.00","0.00","2021/2022","1st Term"),
("683","340","3","0.00","0.00","0.00","0.00","0.00","0.00","","0.00","0.00","0.00","0.00","0.00","0.00","0.00","2019/2020","1st Term"),
("684","87","5","0.00","0.00","0.00","0.00","0.00","0.00","","0.00","0.00","0.00","0.00","0.00","0.00","0.00","2021/2022","1st Term"),
("685","110","5","0.00","0.00","0.00","0.00","0.00","0.00","","0.00","0.00","0.00","0.00","0.00","0.00","0.00","2021/2022","1st Term"),
("686","42","8","0.00","0.00","0.00","0.00","0.00","0.00","","0.00","0.00","0.00","0.00","0.00","0.00","0.00","2021/2022","1st Term"),
("687","244","8","0.00","0.00","0.00","0.00","0.00","0.00","","0.00","0.00","0.00","0.00","0.00","0.00","0.00","2021/2022","1st Term"),
("688","157","4","0.00","0.00","0.00","0.00","0.00","0.00","","0.00","0.00","0.00","0.00","0.00","0.00","0.00","2021/2022","1st Term"),
("689","80","2","0.00","0.00","0.00","0.00","0.00","0.00","","0.00","0.00","0.00","0.00","0.00","0.00","0.00","2021/2022","1st Term"),
("690","82","2","0.00","0.00","0.00","0.00","0.00","0.00","","0.00","0.00","0.00","0.00","0.00","0.00","0.00","2021/2022","1st Term"),
("691","341","4","0.00","0.00","0.00","0.00","0.00","0.00","","0.00","0.00","0.00","0.00","0.00","0.00","0.00","2019/2020","1st Term");




CREATE TABLE `e_library_cat` (
  `e_library_cat_id` int(11) NOT NULL AUTO_INCREMENT,
  `e_library_cat_name` varchar(200) NOT NULL,
  `date_added` datetime NOT NULL DEFAULT current_timestamp(),
  PRIMARY KEY (`e_library_cat_id`)
) ENGINE=InnoDB DEFAULT CHARSET=utf8mb4;






CREATE TABLE `e_library_file` (
  `e_library_file_id` int(11) NOT NULL AUTO_INCREMENT,
  `e_library_cat_id` int(11) NOT NULL,
  `topic_id` int(11) NOT NULL,
  `google_drive_id` varchar(200) NOT NULL,
  `class_id` int(11) NOT NULL,
  `subclass_id` int(11) NOT NULL,
  `subject_id` int(11) NOT NULL,
  `staff_id` int(11) NOT NULL,
  `table_name` varchar(20) NOT NULL,
  `title` varchar(300) NOT NULL,
  `google_drive_title` varchar(200) NOT NULL,
  `google_drive_thumbnail_link` varchar(300) NOT NULL,
  `description` varchar(500) NOT NULL,
  `preview_status` varchar(20) NOT NULL DEFAULT 'preview_download',
  `mode` varchar(20) NOT NULL,
  `activation` varchar(20) NOT NULL DEFAULT 'active',
  `file_dir` varchar(300) NOT NULL,
  `google_drive_dir` varchar(300) NOT NULL,
  `google_drive_embed_link` varchar(300) NOT NULL,
  `google_drive_filesize` varchar(30) NOT NULL,
  `sessions` varchar(15) NOT NULL,
  `terms` varchar(15) NOT NULL,
  `date_added` datetime NOT NULL DEFAULT current_timestamp(),
  PRIMARY KEY (`e_library_file_id`),
  KEY `e_library_cat_id` (`e_library_cat_id`),
  KEY `subclass_id` (`subclass_id`),
  KEY `subject_id` (`subject_id`),
  KEY `class_id` (`class_id`),
  KEY `staff_id` (`staff_id`),
  KEY `topic_id` (`topic_id`),
  KEY `activation` (`activation`)
) ENGINE=InnoDB DEFAULT CHARSET=utf8mb4;






CREATE TABLE `e_r_cat` (
  `e_r_cat_id` int(10) unsigned NOT NULL AUTO_INCREMENT,
  `e_r_cat_name` varchar(300) NOT NULL,
  `e_r_scratch_card` varchar(4) NOT NULL DEFAULT 'no',
  PRIMARY KEY (`e_r_cat_id`),
  KEY `e_r_scratch_card` (`e_r_scratch_card`)
) ENGINE=InnoDB DEFAULT CHARSET=latin1;






CREATE TABLE `e_r_class_term` (
  `e_r_class_term_id` int(10) unsigned NOT NULL AUTO_INCREMENT,
  `e_r_cat_id` int(10) unsigned NOT NULL,
  `class_id` int(10) unsigned NOT NULL,
  `terms` varchar(10) NOT NULL,
  PRIMARY KEY (`e_r_class_term_id`),
  KEY `e_r_cat_id` (`e_r_cat_id`,`class_id`,`terms`)
) ENGINE=InnoDB DEFAULT CHARSET=latin1;






CREATE TABLE `e_r_main` (
  `e_r_main_id` int(11) NOT NULL AUTO_INCREMENT,
  `e_r_cat_id` int(11) NOT NULL,
  `student_id` int(11) NOT NULL,
  `class_id` int(11) NOT NULL,
  `subclass_id` int(11) NOT NULL,
  `e_r_cat_name` varchar(100) NOT NULL,
  `class_name` varchar(50) NOT NULL,
  `subclass_name` varchar(50) NOT NULL,
  `section` varchar(10) NOT NULL,
  `total` float NOT NULL,
  `total_obtainable` float NOT NULL,
  `average` varchar(10) NOT NULL,
  `position_class` varchar(20) NOT NULL,
  `position_subclass` varchar(20) NOT NULL,
  `total_student_class` int(11) NOT NULL,
  `total_student_subclass` int(11) NOT NULL,
  `pass_ave` varchar(5) NOT NULL,
  `subcat1_total` float NOT NULL,
  `subcat2_total` float NOT NULL,
  `subcat3_total` float NOT NULL,
  `subcat4_total` float NOT NULL,
  `subcat5_total` float NOT NULL,
  `subcat6_total` float NOT NULL,
  `subcat7_total` float NOT NULL,
  `subcat8_total` float NOT NULL,
  `subcat9_total` float NOT NULL,
  `subcat10_total` float NOT NULL,
  `subcat1_name` varchar(50) NOT NULL,
  `subcat2_name` varchar(50) NOT NULL,
  `subcat3_name` varchar(50) NOT NULL,
  `subcat4_name` varchar(50) NOT NULL,
  `subcat5_name` varchar(50) NOT NULL,
  `subcat6_name` varchar(50) NOT NULL,
  `subcat7_name` varchar(50) NOT NULL,
  `subcat8_name` varchar(50) NOT NULL,
  `subcat9_name` varchar(50) NOT NULL,
  `subcat10_name` varchar(50) NOT NULL,
  `subcat1_short_name` varchar(40) NOT NULL,
  `subcat2_short_name` varchar(40) NOT NULL,
  `subcat3_short_name` varchar(40) NOT NULL,
  `subcat4_short_name` varchar(40) NOT NULL,
  `subcat5_short_name` varchar(40) NOT NULL,
  `subcat6_short_name` varchar(40) NOT NULL,
  `subcat7_short_name` varchar(40) NOT NULL,
  `subcat8_short_name` varchar(40) NOT NULL,
  `subcat9_short_name` varchar(40) NOT NULL,
  `subcat10_short_name` varchar(40) NOT NULL,
  `count_subcat` int(11) NOT NULL,
  `scratch_card_number` varchar(16) NOT NULL,
  `principal_name` varchar(100) NOT NULL,
  `principal_comment` varchar(200) NOT NULL,
  `form_staff_name` varchar(200) NOT NULL,
  `form_staff_comment` varchar(300) NOT NULL,
  `principal_signature` varchar(60) NOT NULL,
  `second_principal_signature` varchar(60) NOT NULL,
  `visited` int(11) NOT NULL,
  `sessions` varchar(20) NOT NULL,
  `terms` varchar(20) NOT NULL,
  PRIMARY KEY (`e_r_main_id`),
  KEY `e_r_cat_id` (`e_r_cat_id`,`student_id`)
) ENGINE=InnoDB DEFAULT CHARSET=latin1;






CREATE TABLE `e_r_subcat` (
  `e_r_subcat_id` int(10) unsigned NOT NULL AUTO_INCREMENT,
  `e_r_cat_id` int(10) unsigned NOT NULL,
  `e_r_subcat_name` varchar(300) NOT NULL,
  `e_r_short_form` varchar(100) NOT NULL,
  `total_score` float NOT NULL,
  PRIMARY KEY (`e_r_subcat_id`),
  KEY `e_r_cat_id` (`e_r_cat_id`),
  KEY `e_r_cat_id_2` (`e_r_cat_id`)
) ENGINE=InnoDB DEFAULT CHARSET=latin1;






CREATE TABLE `e_r_subject` (
  `e_r_subject_id` int(11) NOT NULL AUTO_INCREMENT,
  `e_r_cat_id` int(11) NOT NULL,
  `student_id` int(11) NOT NULL,
  `class_id` int(11) NOT NULL,
  `subclass_id` int(11) NOT NULL,
  `subject_id` int(11) NOT NULL,
  `class_name` varchar(300) NOT NULL,
  `subclass_name` varchar(300) NOT NULL,
  `subject_name` varchar(300) NOT NULL,
  `subcat1` float DEFAULT NULL,
  `subcat2` float DEFAULT NULL,
  `subcat3` float DEFAULT NULL,
  `subcat4` float DEFAULT NULL,
  `subcat5` float DEFAULT NULL,
  `subcat6` float DEFAULT NULL,
  `subcat7` float DEFAULT NULL,
  `subcat8` float DEFAULT NULL,
  `subcat9` float DEFAULT NULL,
  `subcat10` float DEFAULT NULL,
  `total` float NOT NULL,
  `total_percent` varchar(10) NOT NULL,
  `position_subclass` varchar(30) NOT NULL,
  `grade` varchar(20) NOT NULL,
  `grade_comment` varchar(300) NOT NULL,
  `staff_name` varchar(300) NOT NULL,
  `staff_comment` varchar(300) NOT NULL,
  `status` varchar(20) NOT NULL,
  `generate_result` varchar(20) NOT NULL DEFAULT 'not_generated',
  `sessions` varchar(20) NOT NULL,
  `terms` varchar(20) NOT NULL,
  PRIMARY KEY (`e_r_subject_id`),
  KEY `e_r_cat_id` (`e_r_cat_id`,`student_id`,`class_id`,`subclass_id`,`subject_id`),
  KEY `class_id` (`class_id`,`subclass_id`,`subject_id`,`sessions`,`terms`)
) ENGINE=InnoDB DEFAULT CHARSET=latin1;






CREATE TABLE `end_term_info` (
  `end_term_id` int(11) NOT NULL AUTO_INCREMENT,
  `new_student_number` int(11) NOT NULL,
  `no_of_students` int(11) NOT NULL,
  `no_of_male_students` int(11) NOT NULL,
  `no_of_female_students` int(11) NOT NULL,
  `no_of_grad_students` int(11) NOT NULL,
  `no_of_deact_students` int(11) NOT NULL,
  `no_of_parents` int(11) NOT NULL,
  `no_of_staff` int(11) NOT NULL,
  `no_of_academic_staff` int(11) NOT NULL,
  `no_of_non_academic_staff` int(11) NOT NULL,
  `no_of_accountant` int(11) NOT NULL,
  `no_of_admin` int(11) NOT NULL,
  `owing` int(11) NOT NULL,
  `annual_only_last_subjects` varchar(5) NOT NULL,
  `third_term_in_annual` varchar(3) NOT NULL DEFAULT 'no',
  `allow_finance` varchar(5) NOT NULL,
  `scratch_card` varchar(5) NOT NULL,
  `generate_result` varchar(20) NOT NULL,
  `publish_result` char(30) NOT NULL,
  `next_term_begins` date NOT NULL,
  `publish_result_deadline` date NOT NULL,
  `report_ready` varchar(15) NOT NULL,
  `sessions` varchar(20) NOT NULL,
  `terms` varchar(20) NOT NULL,
  `date_entered` datetime NOT NULL DEFAULT current_timestamp(),
  `account_balanced` varchar(12) NOT NULL,
  PRIMARY KEY (`end_term_id`),
  KEY `sess_term` (`sessions`,`terms`),
  KEY `report_ready` (`report_ready`),
  KEY `date_entered` (`date_entered`)
) ENGINE=InnoDB AUTO_INCREMENT=25 DEFAULT CHARSET=latin1;


INSERT INTO end_term_info VALUES
("18","69","185","89","96","0","4","0","10","10","0","0","0","0","no","no","no","no","generated","published","2020-01-13","0000-00-00","ready","2019/2020","1st Term","2018-04-14 13:39:26","unbalanced"),
("19","34","204","100","104","0","0","0","17","13","2","0","2","0","no","no","yes","no","generated","published","0000-00-00","2020-04-04","ready","2019/2020","2nd Term","2020-02-06 16:59:52","unbalanced"),
("20","5","198","94","104","0","9","0","15","13","2","1","1","0","no","no","yes","no","generated","published","2020-10-26","2020-10-24","ready","2019/2020","3rd Term","2020-10-13 10:19:31","unbalanced"),
("21","54","221","109","112","0","3","0","13","11","2","1","0","0","no","no","yes","no","generated","published","2021-03-01","2021-02-27","ready","2020/2021","1st Term","2020-10-23 13:01:56","unbalanced"),
("22","23","228","103","125","0","0","0","12","10","2","1","0","0","no","no","yes","no","generated","published","2021-05-24","2021-03-07","ready","2020/2021","2nd Term","2021-04-29 09:54:42","unbalanced"),
("23","28","257","118","139","0","0","0","13","11","2","1","0","0","no","no","yes","no","generated","published","2021-09-13","2021-08-18","ready","2020/2021","3rd Term","2021-07-18 18:10:28","unbalanced"),
("24","0","0","0","0","0","0","0","0","0","0","0","0","0","no","no","yes","no","not_generated","not_published","2022-01-10","0000-00-00","not_ready","2021/2022","1st Term","2021-10-18 14:34:09","unbalanced");




CREATE TABLE `end_term_inventory` (
  `end_term_inventory_id` int(11) NOT NULL AUTO_INCREMENT,
  `account_balanced` varchar(20) NOT NULL DEFAULT 'unbalanced',
  `date_added` datetime NOT NULL DEFAULT current_timestamp(),
  `sessions` varchar(15) NOT NULL,
  `terms` varchar(15) NOT NULL,
  PRIMARY KEY (`end_term_inventory_id`)
) ENGINE=InnoDB AUTO_INCREMENT=2 DEFAULT CHARSET=utf8mb4;


INSERT INTO end_term_inventory VALUES
("1","unbalanced","2020-02-15 23:44:20","2019/2020","1st Term");




CREATE TABLE `end_term_ledger` (
  `end_term_ledger_id` int(11) NOT NULL AUTO_INCREMENT,
  `account_balanced` varchar(15) NOT NULL DEFAULT 'unbalanced',
  `date_added` datetime NOT NULL DEFAULT current_timestamp(),
  `sessions` varchar(15) NOT NULL,
  `terms` varchar(15) NOT NULL,
  PRIMARY KEY (`end_term_ledger_id`),
  KEY `terms` (`terms`,`sessions`)
) ENGINE=InnoDB AUTO_INCREMENT=2 DEFAULT CHARSET=utf8mb4;


INSERT INTO end_term_ledger VALUES
("1","unbalanced","2020-02-15 23:43:56","2019/2020","1st Term");




CREATE TABLE `end_term_school_fees` (
  `end_term_school_fees_id` int(11) NOT NULL AUTO_INCREMENT,
  `account_balanced` varchar(20) DEFAULT 'unbalanced',
  `date_added` datetime NOT NULL DEFAULT current_timestamp(),
  `sessions` varchar(15) NOT NULL,
  `terms` varchar(15) NOT NULL,
  PRIMARY KEY (`end_term_school_fees_id`),
  KEY `sessions` (`sessions`,`terms`)
) ENGINE=InnoDB AUTO_INCREMENT=2 DEFAULT CHARSET=utf8mb4;


INSERT INTO end_term_school_fees VALUES
("1","unbalanced","2020-02-15 23:41:56","2019/2020","1st Term");




CREATE TABLE `event` (
  `event_id` int(11) NOT NULL AUTO_INCREMENT,
  `class_id` int(11) NOT NULL,
  `subclass_id` int(11) NOT NULL,
  `event_title` varchar(300) NOT NULL,
  `event_cat` varchar(20) NOT NULL,
  `event_image` varchar(300) NOT NULL,
  `location` varchar(300) NOT NULL,
  `description` text NOT NULL,
  `start_date` datetime NOT NULL,
  `end_date` datetime NOT NULL,
  `date_created` datetime NOT NULL DEFAULT current_timestamp(),
  PRIMARY KEY (`event_id`),
  KEY `date_created` (`date_created`),
  KEY `event_cat` (`event_cat`),
  KEY `class_id` (`class_id`)
) ENGINE=InnoDB DEFAULT CHARSET=latin1;






CREATE TABLE `exam_questions` (
  `exam_question_id` int(11) NOT NULL AUTO_INCREMENT,
  `exam_id` int(11) NOT NULL,
  `question_id` int(11) NOT NULL,
  `date_added` datetime NOT NULL DEFAULT current_timestamp(),
  PRIMARY KEY (`exam_question_id`)
) ENGINE=InnoDB DEFAULT CHARSET=utf8mb4;






CREATE TABLE `exam_student_questions` (
  `exam_student_question_id` int(11) NOT NULL AUTO_INCREMENT,
  `exam_student_id` int(11) NOT NULL,
  `question_options_id` int(11) NOT NULL,
  PRIMARY KEY (`exam_student_question_id`),
  KEY `exam_student_id` (`exam_student_id`),
  KEY `question_options_id` (`question_options_id`)
) ENGINE=InnoDB DEFAULT CHARSET=latin1;






CREATE TABLE `exam_student_theory` (
  `exam_student_theory_id` int(11) NOT NULL AUTO_INCREMENT,
  `exam_student_id` int(11) NOT NULL,
  `question_id` int(11) NOT NULL,
  `question_text` text NOT NULL,
  `corrected_text` text NOT NULL,
  `score` decimal(15,2) DEFAULT NULL,
  `total_score` decimal(15,2) DEFAULT NULL,
  `date_added` datetime NOT NULL DEFAULT current_timestamp(),
  PRIMARY KEY (`exam_student_theory_id`),
  KEY `exam_student_id` (`exam_student_id`),
  KEY `question_id` (`question_id`)
) ENGINE=InnoDB DEFAULT CHARSET=utf8mb4;






CREATE TABLE `exam_student_theory_images` (
  `exam_student_theory_images_id` int(11) NOT NULL AUTO_INCREMENT,
  `exam_student_id` int(11) NOT NULL,
  `question_id` int(11) NOT NULL,
  `google_drive_id` varchar(50) NOT NULL,
  `date_added` datetime NOT NULL DEFAULT current_timestamp(),
  PRIMARY KEY (`exam_student_theory_images_id`),
  KEY `exam_student_id` (`exam_student_id`),
  KEY `question_id` (`question_id`),
  KEY `google_drive_id` (`google_drive_id`)
) ENGINE=InnoDB DEFAULT CHARSET=utf8mb4;






CREATE TABLE `exam_students` (
  `exam_student_id` int(11) NOT NULL AUTO_INCREMENT,
  `exam_id` int(11) NOT NULL,
  `student_id` int(11) NOT NULL,
  `start_date` datetime NOT NULL DEFAULT current_timestamp(),
  `end_date` datetime NOT NULL,
  `score` decimal(15,2) DEFAULT NULL,
  `revised_score` decimal(15,2) DEFAULT NULL,
  `total_score` decimal(15,2) DEFAULT NULL,
  `score_percentage` decimal(15,2) DEFAULT NULL,
  `revised_score_percentage` decimal(15,2) DEFAULT NULL,
  `approval` tinyint(4) NOT NULL,
  `fullscreen_exits` int(11) NOT NULL,
  `exam_ended_cond` varchar(30) NOT NULL,
  PRIMARY KEY (`exam_student_id`),
  KEY `exam_id` (`exam_id`),
  KEY `student_id` (`student_id`),
  KEY `approval` (`approval`)
) ENGINE=InnoDB DEFAULT CHARSET=latin1;






CREATE TABLE `exam_webcams` (
  `exam_webcam_id` int(11) NOT NULL AUTO_INCREMENT,
  `exam_id` int(11) NOT NULL,
  `student_id` int(11) NOT NULL,
  `google_drive_id` varchar(300) NOT NULL,
  `timestamp` varchar(20) NOT NULL,
  PRIMARY KEY (`exam_webcam_id`),
  KEY `exam_id` (`exam_id`,`student_id`)
) ENGINE=InnoDB DEFAULT CHARSET=latin1;






CREATE TABLE `exams` (
  `exam_id` int(11) NOT NULL AUTO_INCREMENT,
  `class_id` int(11) NOT NULL,
  `subject_id` int(11) NOT NULL,
  `topic_id` int(11) NOT NULL,
  `exam_name` varchar(300) NOT NULL,
  `exam_description` text NOT NULL,
  `exam_pass` varchar(300) NOT NULL,
  `exam_pass_hash` varchar(300) NOT NULL,
  `duration` int(11) NOT NULL,
  `start_date` datetime NOT NULL,
  `end_date` datetime NOT NULL,
  `maximum_attempt` tinyint(4) NOT NULL,
  `minimum_percentage` tinyint(4) NOT NULL,
  `view_answers` tinyint(4) NOT NULL,
  `surveillance` tinyint(4) NOT NULL,
  `randomize_question` tinyint(4) NOT NULL,
  `exam_type` varchar(20) NOT NULL,
  `activation` varchar(10) NOT NULL,
  `sessions` varchar(15) NOT NULL,
  `terms` varchar(15) NOT NULL,
  `date_added` datetime NOT NULL DEFAULT current_timestamp(),
  PRIMARY KEY (`exam_id`),
  KEY `activation` (`activation`)
) ENGINE=InnoDB DEFAULT CHARSET=utf8mb4;






CREATE TABLE `executives` (
  `executive_id` int(11) NOT NULL AUTO_INCREMENT,
  `school_id` int(10) unsigned NOT NULL,
  `user_key` varchar(100) DEFAULT NULL,
  `serial_number` varchar(30) NOT NULL,
  `pass` char(255) NOT NULL,
  `new_password` char(255) NOT NULL,
  `email` varchar(200) NOT NULL,
  `status` varchar(30) NOT NULL,
  `phone_number` varchar(20) NOT NULL,
  `forget_token` varchar(200) NOT NULL,
  `login_attempt` int(11) NOT NULL,
  `login_last_time` int(10) unsigned NOT NULL,
  PRIMARY KEY (`executive_id`),
  UNIQUE KEY `user_key` (`user_key`),
  KEY `school_id` (`school_id`)
) ENGINE=InnoDB AUTO_INCREMENT=5 DEFAULT CHARSET=latin1;


INSERT INTO executives VALUES
("1","0","1b86783ae","O/16/0001","$2y$10$/WPShfudvtky2Lvam61YyuCdOUGnP1SL6eY7ovm0doCDrnTPli/AW","","zeonorganisation@gmail.com","","","","0","1581934549"),
("2","0","2df20249c","B/16/0001","$2y$10$vBpDpZikpK574SxliEGJi.Ff2ycvB6ZJxjCRJacQfVI0H1olQH/EG","Mynameisbackend","zeonglobal@gmail.com","","","","0","1638519003"),
("3","0","392f989c6","U/16/0001","$2y$10$hXRdO2YNOVyphYSz.pPHEuD4Zw9PhdaG6SNGJHJgQb87QUWV22tV.","","","admin","","","0","1640161427"),
("4","0","4a0978df3","A/16/0001","$2y$10$Gg5mWpO2Pt/lM7sClJy90u7orPh02Z9.ST0B5RSMl9ckFg6ls6a8K","","","account","","","0","1604917790");




CREATE TABLE `facility` (
  `facility_id` int(10) unsigned NOT NULL AUTO_INCREMENT,
  `class_id` int(11) NOT NULL,
  `facility_cat` varchar(100) NOT NULL,
  `facility_name` varchar(300) NOT NULL,
  `facility_date` datetime NOT NULL DEFAULT current_timestamp(),
  PRIMARY KEY (`facility_id`),
  KEY `facility_cat` (`facility_cat`),
  KEY `class_id` (`class_id`)
) ENGINE=InnoDB DEFAULT CHARSET=latin1;






CREATE TABLE `facility_images` (
  `facility_images_id` int(10) unsigned NOT NULL AUTO_INCREMENT,
  `facility_id` int(10) unsigned NOT NULL,
  `image_name` varchar(300) NOT NULL,
  `image_dir` varchar(500) NOT NULL,
  PRIMARY KEY (`facility_images_id`),
  KEY `facility_id` (`facility_id`)
) ENGINE=InnoDB DEFAULT CHARSET=latin1;






CREATE TABLE `fees_discount` (
  `fees_discount_id` int(11) NOT NULL AUTO_INCREMENT,
  `student_id` int(11) NOT NULL,
  `amount` decimal(15,2) NOT NULL,
  `reason` varchar(300) NOT NULL,
  `sessions` varchar(20) NOT NULL,
  `terms` varchar(20) NOT NULL,
  PRIMARY KEY (`fees_discount_id`),
  KEY `student_id` (`student_id`),
  KEY `session_term` (`sessions`,`terms`)
) ENGINE=InnoDB DEFAULT CHARSET=latin1;






CREATE TABLE `form_staff_class_subclass` (
  `form_staff_class_subclass_id` int(11) NOT NULL AUTO_INCREMENT,
  `staff_id` int(11) NOT NULL,
  `class_id` int(11) NOT NULL,
  `subclass_id` int(11) NOT NULL,
  PRIMARY KEY (`form_staff_class_subclass_id`)
) ENGINE=InnoDB AUTO_INCREMENT=29 DEFAULT CHARSET=latin1;


INSERT INTO form_staff_class_subclass VALUES
("4","3","5","0"),
("10","4","9","0"),
("20","24","4","0"),
("21","22","3","0"),
("22","5","2","0"),
("23","20","1","0"),
("24","6","8","0"),
("25","1","7","1"),
("26","18","7","2"),
("27","26","10","0"),
("28","4","6","0");




CREATE TABLE `grading` (
  `grading_id` int(11) NOT NULL AUTO_INCREMENT,
  `grade_from` int(11) NOT NULL,
  `grade_to` int(11) NOT NULL,
  `grade` char(20) NOT NULL,
  `remark` char(100) NOT NULL,
  `principal_name` char(200) NOT NULL,
  `principal_comment` text NOT NULL,
  `form_staff_comment` text NOT NULL,
  `subject_comment` text NOT NULL,
  `groups` char(20) NOT NULL,
  PRIMARY KEY (`grading_id`)
) ENGINE=InnoDB AUTO_INCREMENT=31 DEFAULT CHARSET=latin1;


INSERT INTO grading VALUES
("1","0","29","F9","FAIL","MR NELSON NWANKWO","VERY BAD RESULT. PLEASE HELP YOURSELF.","WE WILL WORK TOWARDS IMPROVING ON THIS NEXT TERM","FAIR, YOU CAN DO BETTER","lower"),
("2","30","34","F9","FAIL","MR NELSON NWANKWO","VERY BAD RESULT. PLEASE HELP YOURSELF.","WE WILL WORK TOWARDS IMPROVING ON THIS NEXT TERM","FAIR, YOU CAN DO BETTER","lower"),
("3","35","39","F9","FAIL","MR NELSON NWANKWO","VERY BAD RESULT. PLEASE HELP YOURSELF.","WE WILL WORK TOWARDS IMPROVING ON THIS NEXT TERM","FAIR, YOU CAN DO BETTER","lower"),
("4","40","44","E8","VERY POOR","MR NELSON NWANKWO","TOO POOR. TRY BETTER NEXT TIME.","ALMOST THERE, LETS WORK FOR A BETTER RESULT NEXT TERM","FAIR, TRY HARDER NEXT TIME","lower"),
("5","45","49","D7","POOR","MR NELSON NWANKWO","NOT ENOUGH. PLEASE TRY A LITTLE HARDER.","ALMOST THERE, LETS WORK FOR A BETTER RESULT NEXT TERM","FAIR, TRY HARDER NEXT TIME","lower"),
("6","50","54","C6","CREDIT","MR NELSON NWANKWO","VERY CLOSE. PLEASE DO BETTER NEXT TIME.","GOOD RESULT, PUT IN MORE EFFORT","GOOD WORK. WORK HARDER","lower"),
("7","55","59","C5","CREDIT","MR NELSON NWANKWO","WITH MORE HARDWORK, YOU CAN SCALE HIGHER.","GOOD RESULT, PUT IN MORE EFFORT","GOOD WORK. WORK HARDER","lower"),
("8","60","64","C4","CREDIT","MR NELSON NWANKWO","GOOD WORK. YOU CAN BE BETTER.","GOOD RESULT, PUT IN MORE EFFORT","SATISFACTORY. YOU CAN DO BETTER.","lower"),
("9","65","69","B3","GOOD","MR NELSON NWANKWO","GOOD WORK. JUST A LITTLE MORE WORK AND YOU ARE ON TOP.","GOOD RESULT, PUT IN MORE EFFORT","SATISFACTORY. YOU CAN DO BETTER.","lower"),
("10","70","74","B2","VERY GOOD","MR NELSON NWANKWO","KEEP IT UP. THE SKY IS YOUR STARTING POINT.","VERY GOOD PERFORMANCE","VERY GOOD, WELL DONE","lower"),
("11","75","79","B2","VERY GOOD","MR NELSON NWANKWO","KEEP IT UP. THE SKY IS YOUR STARTING POINT.","VERY GOOD PERFORMANCE","VERY GOOD, WELL DONE","lower"),
("12","80","84","A1","EXCELLENT","MR NELSON NWANKWO","EXCEPTIONAL WORK. WONDERFULLY DONE.","EXECELLENT RESULT, KEEP IT UP","EXCELLENT PERFORMANCE, KEEP IT UP","lower"),
("13","85","89","A1","EXCELLENT","MR NELSON NWANKWO","EXCEPTIONAL WORK. WONDERFULLY DONE.","EXECELLENT RESULT, KEEP IT UP","EXCELLENT PERFORMANCE, KEEP IT UP","lower"),
("14","90","94","A1","EXCELLENT","MR NELSON NWANKWO","EXCEPTIONAL WORK. WONDERFULLY DONE.","EXECELLENT RESULT, KEEP IT UP","EXCEPTIONAL WORK. WONDERFULLY DONE.","lower"),
("15","95","100","A1","EXCELLENT","MR NELSON NWANKWO","EXCEPTIONAL WORK. WONDERFULLY DONE.","EXECELLENT RESULT, KEEP IT UP","EXCEPTIONAL WORK. WONDERFULLY DONE.","lower"),
("16","0","29","F9","FAIL","MR NELSON NWANKWO","VERY BAD RESULT. PLEASE HELP YOURSELF.","WE WILL WORK TOWARDS IMPROVING ON THIS NEXT TERM","FAIR, YOU CAN DO BETTER","higher"),
("17","30","34","F9","FAIL","MR NELSON NWANKWO","VERY BAD RESULT. PLEASE HELP YOURSELF.","WE WILL WORK TOWARDS IMPROVING ON THIS NEXT TERM","FAIR, YOU CAN DO BETTER","higher"),
("18","35","39","F9","FAIL","MR NELSON NWANKWO","VERY BAD RESULT. PLEASE HELP YOURSELF.","WE WILL WORK TOWARDS IMPROVING ON THIS NEXT TERM","FAIR, YOU CAN DO BETTER","higher"),
("19","40","44","E8","VERY POOR","MR NELSON NWANKWO","TOO POOR. TRY BETTER NEXT TIME.","ALMOST THERE, LETS WORK FOR A BETTER RESULT NEXT TERM","FAIR, TRY HARDER NEXT TIME","higher"),
("20","45","49","D7","POOR","MR NELSON NWANKWO","NOT ENOUGH. PLEASE TRY A LITTLE HARDER.","ALMOST THERE, LETS WORK FOR A BETTER RESULT NEXT TERM","FAIR, TRY HARDER NEXT TIME","higher"),
("21","50","54","C6","CREDIT","MR NELSON NWANKWO","VERY CLOSE. PLEASE DO BETTER NEXT TIME.","GOOD RESULT, PUT IN MORE EFFORT","GOOD WORK. WORK HARDER","higher"),
("22","55","59","C5","CREDIT","MR NELSON NWANKWO","WITH MORE HARDWORK, YOU CAN SCALE HIGHER.","GOOD RESULT, PUT IN MORE EFFORT","GOOD WORK. WORK HARDER","higher"),
("23","60","64","C4","CREDIT","MR NELSON NWANKWO","GOOD WORK. YOU CAN BE BETTER.","GOOD RESULT, PUT IN MORE EFFORT","SATISFACTORY. YOU CAN DO BETTER.","higher"),
("24","65","69","B3","GOOD","MR NELSON NWANKWO","GOOD WORK. JUST A LITTLE MORE WORK AND YOU ARE ON TOP.","GOOD RESULT, PUT IN MORE EFFORT","SATISFACTORY. YOU CAN DO BETTER.","higher"),
("25","70","74","B2","VERY GOOD","MR NELSON NWANKWO","KEEP IT UP. THE SKY IS YOUR STARTING POINT.","VERY GOOD PERFORMANCE","VERY GOOD, WELL DONE","higher"),
("26","75","79","B2","VERY GOOD","MR NELSON NWANKWO","KEEP IT UP. THE SKY IS YOUR STARTING POINT.","VERY GOOD PERFORMANCE","VERY GOOD, WELL DONE","higher"),
("27","80","84","A1","EXCELLENT","MR NELSON NWANKWO","EXCEPTIONAL WORK. WONDERFULLY DONE.","EXECELLENT RESULT, KEEP IT UP","EXCELLENT PERFORMANCE, KEEP IT UP","higher"),
("28","85","89","A1","EXCELLENT","MR NELSON NWANKWO","EXCEPTIONAL WORK. WONDERFULLY DONE.","EXECELLENT RESULT, KEEP IT UP","EXCELLENT PERFORMANCE, KEEP IT UP","higher"),
("29","90","94","A1","EXCELLENT","MR NELSON NWANKWO","EXCEPTIONAL WORK. WONDERFULLY DONE.","EXECELLENT RESULT, KEEP IT UP","EXCEPTIONAL WORK. WONDERFULLY DONE.","higher"),
("30","95","100","A1","EXCELLENT","MR NELSON NWANKWO","EXCEPTIONAL WORK. WONDERFULLY DONE.","EXECELLENT RESULT, KEEP IT UP","EXCEPTIONAL WORK. WONDERFULLY DONE.","higher");




CREATE TABLE `hostel_rooms` (
  `room_id` int(11) NOT NULL AUTO_INCREMENT,
  `hostel_id` int(11) NOT NULL,
  `room_name` varchar(400) NOT NULL,
  `bedspace_prefix` varchar(400) NOT NULL,
  `room_fee` int(11) NOT NULL,
  `room_space` int(11) NOT NULL,
  `available` int(11) NOT NULL,
  PRIMARY KEY (`room_id`)
) ENGINE=InnoDB DEFAULT CHARSET=latin1;






CREATE TABLE `hostels` (
  `hostel_id` int(11) NOT NULL AUTO_INCREMENT,
  `hostel_name` varchar(400) NOT NULL,
  `hostel_gender` varchar(20) NOT NULL,
  PRIMARY KEY (`hostel_id`)
) ENGINE=InnoDB DEFAULT CHARSET=latin1;






CREATE TABLE `html5_games` (
  `html5_games_id` int(11) NOT NULL AUTO_INCREMENT,
  `html5_games_category_id` int(11) NOT NULL,
  `game_name` varchar(50) NOT NULL,
  `game_image` varchar(150) NOT NULL,
  `game_link` varchar(300) NOT NULL,
  `date_added` datetime NOT NULL DEFAULT current_timestamp(),
  PRIMARY KEY (`html5_games_id`),
  KEY `html5_games_category_id` (`html5_games_category_id`)
) ENGINE=InnoDB AUTO_INCREMENT=11 DEFAULT CHARSET=latin1;


INSERT INTO html5_games VALUES
("1","1","Trivia Quiz","/app/private/images/games/1.jpg","https://html5.gamedistribution.com/66c37511b2d14fe4a2b5ce334c986cae/","2020-04-19 00:56:55"),
("2","1","Quiz Story Animal","https://www.h5games.com/imgs/d1bjj4kazoovdg.cloudfront.net/assets/games/quiz-story-animal/big_icon.jpg","https://games.softgames.com/games/quiz-story-animal/gamesites/6326/locale/en","2020-04-19 00:56:55"),
("3","1","Words with Owl","https://www.h5games.com/imgs/d1bjj4kazoovdg.cloudfront.net/assets/games/words-with-owl/big_icon.jpg","https://games.softgames.com/games/words-with-owl/gamesites/6326/locale/en","2020-04-19 00:56:55"),
("4","2","Waffle Game","https://www.h5games.com/imgs/img.GameDistribution.com/c501bf4c7c124cad960a0bfcedf74e49.jpg","https://html5.gamedistribution.com/c501bf4c7c124cad960a0bfcedf74e49/","2020-04-19 00:56:55"),
("5","2","Word Finder","https://www.h5games.com/imgs/img.GameDistribution.com/06f2049a0e14444eace08ead61b295aa.jpg","https://html5.gamedistribution.com/06f2049a0e14444eace08ead61b295aa/","2020-04-19 00:56:55"),
("6","3","Matt Vs Math","https://www.h5games.com/imgs/d1bjj4kazoovdg.cloudfront.net/assets/games/matt-vs-math/big_icon.jpg","https://games.softgames.com/games/matt-vs-math/gamesites/6326/locale/en","2020-04-19 01:02:09"),
("7","2","Tetra","https://www.h5games.com/imgs/d1bjj4kazoovdg.cloudfront.net/assets/games/2020-tetra/big_icon.jpg","https://games.softgames.com/games/2020-tetra/gamesites/6326/locale/en","2020-04-19 01:02:09"),
("8","2","4 Images and 1 Word","https://www.h5games.com/imgs/img.GameDistribution.com/2fcdda0631b24da5902b0a837d94f21d.jpg","https://html5.gamedistribution.com/2fcdda0631b24da5902b0a837d94f21d/","2020-04-19 01:02:09"),
("9","3","Number Search","https://cdn.htmlgames.com/NumberSearch/img/icon/icon-196x196.png","https://cdn.htmlgames.com/NumberSearch/index.html","2020-04-19 01:06:56"),
("10","3","Numbers In The City","https://cdn.htmlgames.com/NumbersInTheCity/img/icon/icon-196x196.png","https://cdn.htmlgames.com/NumbersInTheCity/index.html","2020-04-19 01:28:16");




CREATE TABLE `html5_games_category` (
  `html5_games_category_id` int(11) NOT NULL AUTO_INCREMENT,
  `category_name` varchar(50) NOT NULL,
  `date_added` datetime NOT NULL DEFAULT current_timestamp(),
  PRIMARY KEY (`html5_games_category_id`)
) ENGINE=InnoDB AUTO_INCREMENT=4 DEFAULT CHARSET=latin1;


INSERT INTO html5_games_category VALUES
("1","WORDS TRIVIA","2020-04-19 00:51:16"),
("2","PUZZLE","2020-04-19 00:51:16"),
("3","MATHS TRIVIA","2020-04-19 00:58:15");




CREATE TABLE `inv_cat` (
  `cat_id` int(11) NOT NULL AUTO_INCREMENT,
  `cat_name` varchar(200) NOT NULL,
  PRIMARY KEY (`cat_id`)
) ENGINE=InnoDB DEFAULT CHARSET=latin1;






CREATE TABLE `inv_payment` (
  `inv_payment_id` int(11) NOT NULL AUTO_INCREMENT,
  `subcat_id` int(11) NOT NULL,
  `student_id` int(11) NOT NULL,
  `transaction_id` int(11) NOT NULL,
  `quantity` int(11) DEFAULT NULL,
  `amount_paid` decimal(15,2) NOT NULL,
  `inv_payment_delete` tinyint(4) NOT NULL DEFAULT 0,
  `sessions` varchar(15) NOT NULL,
  `terms` varchar(15) NOT NULL,
  `date_added` datetime NOT NULL DEFAULT current_timestamp(),
  PRIMARY KEY (`inv_payment_id`),
  KEY `subcat_id` (`subcat_id`),
  KEY `student_id` (`student_id`),
  KEY `transaction_id` (`transaction_id`)
) ENGINE=InnoDB DEFAULT CHARSET=utf8mb4;






CREATE TABLE `inv_stack_payment` (
  `stack_payment_id` int(10) unsigned NOT NULL AUTO_INCREMENT,
  `cat_id` int(11) NOT NULL,
  `subcat_id` int(11) NOT NULL,
  `accountant_id` int(10) unsigned NOT NULL,
  `staff_name` varchar(200) NOT NULL,
  `sold` int(11) NOT NULL,
  `each_amount` decimal(15,2) NOT NULL,
  `sessions` varchar(20) NOT NULL,
  `terms` varchar(20) NOT NULL,
  `date_added` datetime NOT NULL,
  PRIMARY KEY (`stack_payment_id`)
) ENGINE=InnoDB DEFAULT CHARSET=latin1;






CREATE TABLE `inv_stock_cat` (
  `stock_id` int(10) unsigned NOT NULL AUTO_INCREMENT,
  `cat_id` int(11) NOT NULL,
  `accountant_id` int(11) NOT NULL,
  `amount` decimal(15,2) NOT NULL,
  `no_of_stock` int(11) NOT NULL,
  `staff_name` varchar(200) NOT NULL,
  `sessions` varchar(20) NOT NULL,
  `terms` varchar(20) NOT NULL,
  `date_added` datetime NOT NULL,
  PRIMARY KEY (`stock_id`),
  KEY `sessions` (`sessions`),
  KEY `terms` (`terms`)
) ENGINE=InnoDB DEFAULT CHARSET=latin1;






CREATE TABLE `inv_stock_subcat` (
  `inv_stock_subcat_id` int(10) unsigned NOT NULL AUTO_INCREMENT,
  `stock_id` int(11) NOT NULL,
  `cat_id` int(11) NOT NULL,
  `subcat_id` int(11) NOT NULL,
  `no_of_sub` int(11) NOT NULL,
  PRIMARY KEY (`inv_stock_subcat_id`)
) ENGINE=InnoDB DEFAULT CHARSET=latin1;






CREATE TABLE `inv_subcat` (
  `subcat_id` int(10) unsigned NOT NULL AUTO_INCREMENT,
  `cat_id` int(11) NOT NULL,
  `sub_cat_name` varchar(200) NOT NULL,
  `amount` decimal(15,2) NOT NULL,
  PRIMARY KEY (`subcat_id`)
) ENGINE=InnoDB DEFAULT CHARSET=latin1;






CREATE TABLE `inv_transaction` (
  `trans_id` int(11) unsigned NOT NULL AUTO_INCREMENT,
  `cat_id` int(10) unsigned NOT NULL,
  `subcat_id` int(11) NOT NULL,
  `total_no` int(11) NOT NULL,
  `remaining` int(11) NOT NULL,
  `bought` int(11) NOT NULL,
  `total_amount` decimal(15,2) NOT NULL,
  `expected_income` decimal(15,2) NOT NULL,
  `current_income` decimal(15,2) NOT NULL,
  `damaged_items` int(11) NOT NULL,
  `damages` decimal(15,2) NOT NULL,
  `damage_reason` varchar(300) NOT NULL,
  `remove` varchar(10) NOT NULL,
  `sessions` varchar(20) NOT NULL,
  `terms` varchar(20) NOT NULL,
  PRIMARY KEY (`trans_id`),
  KEY `sessions` (`sessions`),
  KEY `terms` (`terms`)
) ENGINE=InnoDB DEFAULT CHARSET=latin1;






CREATE TABLE `ledger_category` (
  `ledger_category_id` int(10) unsigned NOT NULL AUTO_INCREMENT,
  `category_name` varchar(200) NOT NULL,
  `status` varchar(20) NOT NULL,
  PRIMARY KEY (`ledger_category_id`)
) ENGINE=InnoDB DEFAULT CHARSET=latin1;






CREATE TABLE `ledger_expense` (
  `ledger_expense_id` int(11) NOT NULL AUTO_INCREMENT,
  `ledger_category_id` int(11) NOT NULL,
  `accountant_id` int(10) unsigned NOT NULL,
  `staff_name` varchar(200) NOT NULL,
  `amount_spent` decimal(15,2) NOT NULL,
  `f_explain` varchar(400) NOT NULL,
  `sessions` varchar(20) NOT NULL,
  `terms` varchar(20) NOT NULL,
  `date_added` datetime NOT NULL,
  PRIMARY KEY (`ledger_expense_id`),
  KEY `ledger_category_id` (`ledger_category_id`),
  KEY `sessions` (`sessions`),
  KEY `terms` (`terms`)
) ENGINE=InnoDB DEFAULT CHARSET=latin1;






CREATE TABLE `ledger_income` (
  `ledger_income_id` int(10) unsigned NOT NULL AUTO_INCREMENT,
  `ledger_category_id` int(10) unsigned NOT NULL,
  `accountant_id` int(10) unsigned NOT NULL,
  `staff_name` varchar(200) NOT NULL,
  `amount_gotten` decimal(15,2) unsigned NOT NULL,
  `f_explain` varchar(400) NOT NULL,
  `sessions` varchar(20) NOT NULL,
  `terms` varchar(20) NOT NULL,
  `date_added` datetime NOT NULL,
  PRIMARY KEY (`ledger_income_id`),
  KEY `sessions` (`sessions`),
  KEY `terms` (`terms`),
  KEY `ledger_category_id` (`ledger_category_id`)
) ENGINE=InnoDB DEFAULT CHARSET=latin1;






CREATE TABLE `ledger_info` (
  `ledger_info_id` int(10) unsigned NOT NULL AUTO_INCREMENT,
  `ledger_category_id` int(10) unsigned NOT NULL,
  `income` decimal(15,2) NOT NULL,
  `expense` decimal(15,2) NOT NULL,
  `sessions` varchar(20) NOT NULL,
  `terms` varchar(20) NOT NULL,
  PRIMARY KEY (`ledger_info_id`),
  KEY `sessions` (`sessions`),
  KEY `terms` (`terms`),
  KEY `ledger_category_id` (`ledger_category_id`)
) ENGINE=InnoDB DEFAULT CHARSET=latin1;






CREATE TABLE `lesson_note_template` (
  `lesson_note_template_id` int(11) NOT NULL AUTO_INCREMENT,
  `class_id` int(11) NOT NULL,
  `subclass_id` int(11) NOT NULL,
  `subject_id` int(11) NOT NULL,
  `topic` varchar(500) NOT NULL,
  `date` datetime NOT NULL,
  `ages` varchar(500) NOT NULL,
  `no_of_period` varchar(500) NOT NULL,
  `specific_objectives` varchar(500) NOT NULL,
  `instructional_materials` varchar(500) NOT NULL,
  `resource_materials` varchar(500) NOT NULL,
  `teaching_methods` varchar(500) NOT NULL,
  `previous_knowledge` varchar(500) NOT NULL,
  `teachers_intro` varchar(500) NOT NULL,
  `students_intro` varchar(500) NOT NULL,
  `learning_intro` varchar(500) NOT NULL,
  `teachers_step_one` varchar(500) NOT NULL,
  `students_step_one` varchar(500) NOT NULL,
  `learning_step_one` varchar(500) NOT NULL,
  `teachers_step_two` varchar(500) NOT NULL,
  `students_step_two` varchar(500) NOT NULL,
  `learning_step_two` varchar(500) NOT NULL,
  `teachers_step_three` varchar(500) NOT NULL,
  `students_step_three` varchar(500) NOT NULL,
  `learning_step_three` varchar(500) NOT NULL,
  `teachers_step_four` varchar(500) NOT NULL,
  `students_step_four` varchar(500) NOT NULL,
  `learning_step_four` varchar(500) NOT NULL,
  `teachers_classwork` varchar(500) NOT NULL,
  `students_classwork` varchar(500) NOT NULL,
  `learning_classwork` varchar(500) NOT NULL,
  `teachers_assignment` varchar(500) NOT NULL,
  `students_assignment` varchar(500) NOT NULL,
  `learning_assignment` varchar(500) NOT NULL,
  `teachers_conclusion` varchar(500) NOT NULL,
  `students_conclusion` varchar(500) NOT NULL,
  `learning_conclusion` varchar(500) NOT NULL,
  `summary_note` text NOT NULL,
  `date_created` datetime NOT NULL DEFAULT current_timestamp(),
  PRIMARY KEY (`lesson_note_template_id`),
  KEY `class_id` (`class_id`,`subclass_id`,`subject_id`)
) ENGINE=InnoDB DEFAULT CHARSET=latin1;






CREATE TABLE `new_fees_class` (
  `new_fees_class_id` int(11) NOT NULL AUTO_INCREMENT,
  `class_id` int(11) NOT NULL,
  `amount` decimal(15,2) NOT NULL,
  `term` varchar(20) NOT NULL,
  PRIMARY KEY (`new_fees_class_id`),
  KEY `term` (`term`),
  KEY `class_id` (`class_id`)
) ENGINE=InnoDB AUTO_INCREMENT=31 DEFAULT CHARSET=latin1;


INSERT INTO new_fees_class VALUES
("1","1","0.00","1st Term"),
("2","1","0.00","2nd Term"),
("3","1","0.00","3rd Term"),
("4","2","0.00","1st Term"),
("5","2","0.00","2nd Term"),
("6","2","0.00","3rd Term"),
("7","3","0.00","1st Term"),
("8","3","0.00","2nd Term"),
("9","3","0.00","3rd Term"),
("10","4","0.00","1st Term"),
("11","4","0.00","2nd Term"),
("12","4","0.00","3rd Term"),
("13","5","0.00","1st Term"),
("14","5","0.00","2nd Term"),
("15","5","0.00","3rd Term"),
("16","6","0.00","1st Term"),
("17","6","0.00","2nd Term"),
("18","6","0.00","3rd Term"),
("19","7","0.00","1st Term"),
("20","7","0.00","2nd Term"),
("21","7","0.00","3rd Term"),
("22","8","0.00","1st Term"),
("23","8","0.00","2nd Term"),
("24","8","0.00","3rd Term"),
("25","9","0.00","1st Term"),
("26","9","0.00","2nd Term"),
("27","9","0.00","3rd Term"),
("28","10","0.00","1st Term"),
("29","10","0.00","2nd Term"),
("30","10","0.00","3rd Term");




CREATE TABLE `news` (
  `news_id` int(11) NOT NULL AUTO_INCREMENT,
  `class_id` int(11) NOT NULL,
  `subclass_id` int(11) NOT NULL,
  `news_title` varchar(300) NOT NULL,
  `news_message` text NOT NULL,
  `news_category` varchar(11) NOT NULL,
  `news_image` varchar(500) NOT NULL,
  `news_date` datetime NOT NULL,
  PRIMARY KEY (`news_id`),
  KEY `news_category` (`news_category`),
  KEY `class_id` (`class_id`)
) ENGINE=InnoDB AUTO_INCREMENT=8 DEFAULT CHARSET=latin1;


INSERT INTO news VALUES
("1","0","0","RESULT FOR 2019/2020 1ST TERM IS READY !!!","<p style=\"text-align: justify;\">All students and parents of Lifegate Montessori School should be informed that the result of <strong>2019/2020 1st Term</strong> has been published. Please you are required to complete all fee payment before checking your result.</p>
\n		<p style=\"text-align: justify;\">&nbsp;</p>
\n		<p style=\"text-align: center;\"><strong><span style=\"text-decoration: underline;\">OUTSTANDING STUDENTS</span></strong></p>
\n		<p style=\"text-align: justify;\">From the outcome of the result, these are the best students in their various classes:</p>
\n		<p style=\"text-align: justify;\">&nbsp;</p><p style=\"text-align: justify;\">NURSERY 3: <strong>NDUKWE VICTOR CHINEDU</strong></p>
\n						<p style=\"text-align: justify;\">&nbsp;</p><p style=\"text-align: justify;\">BASIC 1: <strong>CHINEMEZE PRAISE </strong></p>
\n						<p style=\"text-align: justify;\">&nbsp;</p><p style=\"text-align: justify;\">BASIC 2: <strong>NWOSU FAVOUR </strong></p>
\n						<p style=\"text-align: justify;\">&nbsp;</p><p style=\"text-align: justify;\">BASIC 3: <strong>AGBADA CHINEDU </strong></p>
\n						<p style=\"text-align: justify;\">&nbsp;</p><p style=\"text-align: justify;\">BASIC 4: <strong>NWOSU DESTINY  AND NWANKWO ESTHER </strong></p>
\n						<p style=\"text-align: justify;\">&nbsp;</p><p style=\"text-align: justify;\">BASIC 5: <strong>ENYERIBE CHIMERENMA </strong></p>
\n						<p style=\"text-align: justify;\">&nbsp;</p>
\n		<p style=\"text-align: justify;\">&nbsp;</p>
\n		<p style=\"text-align: justify;\">Signed</p>
\n		<p style=\"text-align: justify;\">Management</p>","both","/private/images/default_result.png","2019-12-13 20:25:02"),
("2","0","0","RESULT FOR 2019/2020 1ST TERM IS READY !!!","<p style=\"text-align: justify;\">All students and parents of Lifegate Montessori School should be informed that the result of <strong>2019/2020 1st Term</strong> has been published. Please you are required to complete all fee payment before checking your result.</p>
\n		<p style=\"text-align: justify;\">&nbsp;</p>
\n		<p style=\"text-align: center;\"><strong><span style=\"text-decoration: underline;\">OUTSTANDING STUDENTS</span></strong></p>
\n		<p style=\"text-align: justify;\">From the outcome of the result, these are the best students in their various classes:</p>
\n		<p style=\"text-align: justify;\">&nbsp;</p><p style=\"text-align: justify;\">NURSERY 3: <strong>NDUKWE VICTOR CHINEDU</strong></p>
\n						<p style=\"text-align: justify;\">&nbsp;</p><p style=\"text-align: justify;\">BASIC 1: <strong>CHINEMEZE PRAISE </strong></p>
\n						<p style=\"text-align: justify;\">&nbsp;</p><p style=\"text-align: justify;\">BASIC 2: <strong>NWOSU FAVOUR </strong></p>
\n						<p style=\"text-align: justify;\">&nbsp;</p><p style=\"text-align: justify;\">BASIC 3: <strong>AGBADA CHINEDU </strong></p>
\n						<p style=\"text-align: justify;\">&nbsp;</p><p style=\"text-align: justify;\">BASIC 4: <strong>NWOSU DESTINY  AND NWANKWO ESTHER </strong></p>
\n						<p style=\"text-align: justify;\">&nbsp;</p><p style=\"text-align: justify;\">BASIC 5: <strong>ENYERIBE CHIMERENMA </strong></p>
\n						<p style=\"text-align: justify;\">&nbsp;</p>
\n		<p style=\"text-align: justify;\">&nbsp;</p>
\n		<p style=\"text-align: justify;\">Signed</p>
\n		<p style=\"text-align: justify;\">Management</p>","both","/private/images/default_result.png","2019-12-13 21:54:33"),
("3","0","0","RESULT FOR 2019/2020 2ND TERM IS READY !!!","<p style=\"text-align: justify;\">All students and parents of Life Gate Montessori School should be informed that the result of <strong>2019/2020 2nd Term</strong> has been published. Please you are required to complete all fee payment before checking your result.</p>
\n		<p style=\"text-align: justify;\">&nbsp;</p>
\n		<p style=\"text-align: center;\"><strong><span style=\"text-decoration: underline;\">OUTSTANDING STUDENTS</span></strong></p>
\n		<p style=\"text-align: justify;\">From the outcome of the result, these are the best students in their various classes:</p>
\n		<p style=\"text-align: justify;\">&nbsp;</p><p style=\"text-align: justify;\">NURSERY 3: <strong>NDUKWE VICTOR CHINEDU</strong></p>
\n						<p style=\"text-align: justify;\">&nbsp;</p><p style=\"text-align: justify;\">BASIC 1: <strong>CHINEMEZE PRAISE </strong></p>
\n						<p style=\"text-align: justify;\">&nbsp;</p><p style=\"text-align: justify;\">BASIC 2: <strong>UCHENNA DAVID </strong></p>
\n						<p style=\"text-align: justify;\">&nbsp;</p><p style=\"text-align: justify;\">BASIC 3: <strong>AGBADA CHINEDU </strong></p>
\n						<p style=\"text-align: justify;\">&nbsp;</p><p style=\"text-align: justify;\">BASIC 4: <strong>NWOSU DESTINY </strong></p>
\n						<p style=\"text-align: justify;\">&nbsp;</p><p style=\"text-align: justify;\">BASIC 5: <strong>ENYERIBE CHIMERENMA </strong></p>
\n						<p style=\"text-align: justify;\">&nbsp;</p>
\n		<p style=\"text-align: justify;\">&nbsp;</p>
\n		<p style=\"text-align: justify;\">Signed</p>
\n		<p style=\"text-align: justify;\">Management</p>","both","/private/images/default_result.png","2020-04-04 07:36:37"),
("4","0","0","RESULT FOR 2019/2020 3RD TERM IS READY !!!","<p style=\"text-align: justify;\">All students and parents of Life Gate Montessori School should be informed that the result of <strong>2019/2020 3rd Term</strong> has been published. Please you are required to complete all fee payment before checking your result.</p>
\n		<p style=\"text-align: justify;\">&nbsp;</p>
\n		<p style=\"text-align: center;\"><strong><span style=\"text-decoration: underline;\">OUTSTANDING STUDENTS</span></strong></p>
\n		<p style=\"text-align: justify;\">From the outcome of the result, these are the best students in their various classes:</p>
\n		<p style=\"text-align: justify;\">&nbsp;</p><p style=\"text-align: justify;\">NURSERY 3: <strong>NDUKWE VICTOR CHINEDU</strong></p>
\n						<p style=\"text-align: justify;\">&nbsp;</p><p style=\"text-align: justify;\">BASIC 1: <strong>CHINEMEZE PRAISE </strong></p>
\n						<p style=\"text-align: justify;\">&nbsp;</p><p style=\"text-align: justify;\">BASIC 2: <strong>NWOSU FAVOUR N AND UCHENNA DAVID ORJI</strong></p>
\n						<p style=\"text-align: justify;\">&nbsp;</p><p style=\"text-align: justify;\">BASIC 3: <strong>CHINEMEZE JOEL </strong></p>
\n						<p style=\"text-align: justify;\">&nbsp;</p><p style=\"text-align: justify;\">BASIC 4: <strong>NMANKO ESTHER </strong></p>
\n						<p style=\"text-align: justify;\">&nbsp;</p>
\n		<p style=\"text-align: justify;\">&nbsp;</p>
\n		<p style=\"text-align: justify;\">Signed</p>
\n		<p style=\"text-align: justify;\">Management</p>","both","/private/images/default_result.png","2020-10-22 16:32:10"),
("5","0","0","RESULT FOR 2020/2021 1ST TERM IS READY !!!","<p style=\"text-align: justify;\">All students and parents of Life Gate Montessori School should be informed that the result of <strong>2020/2021 1st Term</strong> has been published. Please you are required to complete all fee payment before checking your result.</p>
\n		<p style=\"text-align: justify;\">&nbsp;</p>
\n		<p style=\"text-align: center;\"><strong><span style=\"text-decoration: underline;\">OUTSTANDING STUDENTS</span></strong></p>
\n		<p style=\"text-align: justify;\">From the outcome of the result, these are the best students in their various classes:</p>
\n		<p style=\"text-align: justify;\">&nbsp;</p><p style=\"text-align: justify;\">NURSERY 3: <strong>CHIDIEBERE RUTH CHIEMELA</strong></p>
\n						<p style=\"text-align: justify;\">&nbsp;</p><p style=\"text-align: justify;\">BASIC 1: <strong>NDUKWE VICTOR CHINEDU</strong></p>
\n						<p style=\"text-align: justify;\">&nbsp;</p><p style=\"text-align: justify;\">BASIC 2: <strong>ANOSIKE ELVIS </strong></p>
\n						<p style=\"text-align: justify;\">&nbsp;</p><p style=\"text-align: justify;\">BASIC 3: <strong>UCHENNA DAVID ORJ</strong></p>
\n						<p style=\"text-align: justify;\">&nbsp;</p><p style=\"text-align: justify;\">BASIC 4: <strong>JONATHAN FAVOURITE NNEOMA</strong></p>
\n						<p style=\"text-align: justify;\">&nbsp;</p><p style=\"text-align: justify;\">BASIC 5: <strong>NMANKO ESTHER </strong></p>
\n						<p style=\"text-align: justify;\">&nbsp;</p>
\n		<p style=\"text-align: justify;\">&nbsp;</p>
\n		<p style=\"text-align: justify;\">Signed</p>
\n		<p style=\"text-align: justify;\">Management</p>","both","/private/images/default_result.png","2021-03-01 11:59:20"),
("6","0","0","RESULT FOR 2020/2021 2ND TERM IS READY !!!","<p style=\"text-align: justify;\">All students and parents of Life Gate Montessori School should be informed that the result of <strong>2020/2021 2nd Term</strong> has been published. Please you are required to complete all fee payment before checking your result.</p>
\n		<p style=\"text-align: justify;\">&nbsp;</p>
\n		<p style=\"text-align: center;\"><strong><span style=\"text-decoration: underline;\">OUTSTANDING STUDENTS</span></strong></p>
\n		<p style=\"text-align: justify;\">From the outcome of the result, these are the best students in their various classes:</p>
\n		<p style=\"text-align: justify;\">&nbsp;</p><p style=\"text-align: justify;\">NURSERY 3: <strong>OKORIE FAVOUR NMESOMACHI</strong></p>
\n						<p style=\"text-align: justify;\">&nbsp;</p><p style=\"text-align: justify;\">BASIC 1: <strong>NDUKWE VICTOR CHINEDU</strong></p>
\n						<p style=\"text-align: justify;\">&nbsp;</p><p style=\"text-align: justify;\">BASIC 2: <strong>CHINEMEZE PRAISE </strong></p>
\n						<p style=\"text-align: justify;\">&nbsp;</p><p style=\"text-align: justify;\">BASIC 3: <strong>OJI DAVID UCHENNA</strong></p>
\n						<p style=\"text-align: justify;\">&nbsp;</p><p style=\"text-align: justify;\">BASIC 4: <strong>JONATHAN FAVOURITE NNEOMA</strong></p>
\n						<p style=\"text-align: justify;\">&nbsp;</p><p style=\"text-align: justify;\">BASIC 5: <strong>NMANKO ESTHER </strong></p>
\n						<p style=\"text-align: justify;\">&nbsp;</p>
\n		<p style=\"text-align: justify;\">&nbsp;</p>
\n		<p style=\"text-align: justify;\">Signed</p>
\n		<p style=\"text-align: justify;\">Management</p>","both","/private/images/default_result.png","2021-05-10 14:39:24"),
("7","0","0","RESULT FOR 2020/2021 3RD TERM IS READY !!!","<p style=\"text-align: justify;\">All students and parents of Life Gate Montessori School should be informed that the result of <strong>2020/2021 3rd Term</strong> has been published. Please you are required to complete all fee payment before checking your result.</p>
\n		<p style=\"text-align: justify;\">&nbsp;</p>
\n		<p style=\"text-align: center;\"><strong><span style=\"text-decoration: underline;\">OUTSTANDING STUDENTS</span></strong></p>
\n		<p style=\"text-align: justify;\">From the outcome of the result, these are the best students in their various classes:</p>
\n		<p style=\"text-align: justify;\">&nbsp;</p><p style=\"text-align: justify;\">NURSERY 3: <strong>OKORIE FAVOUR NMESOMACHI</strong></p>
\n						<p style=\"text-align: justify;\">&nbsp;</p><p style=\"text-align: justify;\">BASIC 1: <strong>NDUKWE VICTOR CHINEDU</strong></p>
\n						<p style=\"text-align: justify;\">&nbsp;</p><p style=\"text-align: justify;\">BASIC 2: <strong>CHINEMEZE PRAISE </strong></p>
\n						<p style=\"text-align: justify;\">&nbsp;</p><p style=\"text-align: justify;\">BASIC 3: <strong>NWANKWO CHIDUBEM MIGUEL</strong></p>
\n						<p style=\"text-align: justify;\">&nbsp;</p><p style=\"text-align: justify;\">BASIC 4: <strong>JONATHAN FAVOURITE NNEOMA</strong></p>
\n						<p style=\"text-align: justify;\">&nbsp;</p>
\n		<p style=\"text-align: justify;\">&nbsp;</p>
\n		<p style=\"text-align: justify;\">Signed</p>
\n		<p style=\"text-align: justify;\">Management</p>","both","/private/images/default_result.png","2021-08-17 12:12:51");




CREATE TABLE `news_images` (
  `news_images_id` int(11) NOT NULL AUTO_INCREMENT,
  `news_id` int(11) NOT NULL,
  `image_name` varchar(300) NOT NULL,
  `image_dir` varchar(300) NOT NULL,
  PRIMARY KEY (`news_images_id`),
  KEY `news_id` (`news_id`)
) ENGINE=InnoDB DEFAULT CHARSET=latin1;






CREATE TABLE `notify` (
  `notify_id` int(11) NOT NULL AUTO_INCREMENT,
  `notify_collection_id` int(10) unsigned NOT NULL,
  `person_id` int(11) NOT NULL,
  `notify_table_name` varchar(20) NOT NULL,
  `notify_title` varchar(300) NOT NULL,
  `notify_message` text NOT NULL,
  `notify_status` varchar(100) NOT NULL,
  `notify_icon` varchar(100) NOT NULL,
  `notify_color` varchar(20) NOT NULL,
  `notify_date` datetime NOT NULL,
  PRIMARY KEY (`notify_id`),
  KEY `notify_collection_id` (`notify_collection_id`),
  KEY `notify_date` (`notify_date`)
) ENGINE=InnoDB DEFAULT CHARSET=latin1;






CREATE TABLE `notify_attachments` (
  `notify_attachment_id` int(11) NOT NULL AUTO_INCREMENT,
  `notify_collection_id` int(11) NOT NULL,
  `attachment_name` varchar(300) NOT NULL,
  `attachment_dir` varchar(300) NOT NULL,
  PRIMARY KEY (`notify_attachment_id`),
  KEY `notify_collection_id` (`notify_collection_id`)
) ENGINE=InnoDB DEFAULT CHARSET=latin1;






CREATE TABLE `notify_collection` (
  `notify_collection_id` int(10) unsigned NOT NULL AUTO_INCREMENT,
  `notify_table_name` varchar(20) NOT NULL,
  `notify_title` varchar(300) NOT NULL,
  `notify_message` text NOT NULL,
  `notify_icon` varchar(100) NOT NULL,
  `notify_color` varchar(20) NOT NULL,
  `notify_date` datetime NOT NULL,
  PRIMARY KEY (`notify_collection_id`)
) ENGINE=InnoDB DEFAULT CHARSET=latin1;






CREATE TABLE `order_scratch_card` (
  `order_scratch_card_id` int(10) unsigned NOT NULL AUTO_INCREMENT,
  `transaction_id` varchar(20) NOT NULL,
  `number_bought` int(10) unsigned NOT NULL,
  `amount` varchar(20) NOT NULL,
  `status` varchar(20) NOT NULL,
  `payment_mode` varchar(5) NOT NULL,
  `date_bought` datetime NOT NULL,
  PRIMARY KEY (`order_scratch_card_id`),
  UNIQUE KEY `transaction_id` (`transaction_id`),
  KEY `mode` (`status`)
) ENGINE=InnoDB DEFAULT CHARSET=latin1;






CREATE TABLE `other_fees_cat` (
  `other_fees_cat_id` int(11) NOT NULL AUTO_INCREMENT,
  `other_fees_cat_name` varchar(200) NOT NULL,
  `date_added` datetime NOT NULL DEFAULT current_timestamp(),
  PRIMARY KEY (`other_fees_cat_id`),
  KEY `other_fees_cat_name` (`other_fees_cat_name`(191))
) ENGINE=InnoDB DEFAULT CHARSET=utf8mb4;






CREATE TABLE `other_fees_subcat` (
  `other_fees_subcat_id` int(11) NOT NULL AUTO_INCREMENT,
  `other_fees_cat_id` int(11) NOT NULL,
  `other_fees_subcat_name` varchar(200) NOT NULL,
  `other_fees_subcat_amount` varchar(200) NOT NULL,
  `date_added` datetime NOT NULL DEFAULT current_timestamp(),
  PRIMARY KEY (`other_fees_subcat_id`),
  KEY `other_fees_cat_id` (`other_fees_cat_id`)
) ENGINE=InnoDB DEFAULT CHARSET=utf8mb4;






CREATE TABLE `other_fees_subcat_payment` (
  `other_fees_subcat_payment_id` int(11) NOT NULL AUTO_INCREMENT,
  `student_id` int(11) NOT NULL,
  `transaction_id` varchar(20) NOT NULL,
  `other_fees_subcat_id` int(11) NOT NULL,
  `amount_paid` decimal(15,2) NOT NULL,
  `other_fees_delete` tinyint(4) NOT NULL DEFAULT 0,
  `sessions` varchar(15) NOT NULL,
  `terms` varchar(15) NOT NULL,
  `date_added` datetime NOT NULL DEFAULT current_timestamp(),
  PRIMARY KEY (`other_fees_subcat_payment_id`),
  KEY `student_id` (`student_id`),
  KEY `other_fees_subcat_id` (`other_fees_subcat_id`),
  KEY `sessions` (`sessions`,`terms`),
  KEY `transaction_id` (`transaction_id`),
  KEY `other_fees_delete` (`other_fees_delete`)
) ENGINE=InnoDB DEFAULT CHARSET=utf8mb4;






CREATE TABLE `parent_student_school` (
  `parent_student_school_id` int(11) NOT NULL AUTO_INCREMENT,
  `parent_id` int(11) NOT NULL,
  `student_id` int(11) NOT NULL,
  `school_id` int(11) NOT NULL,
  PRIMARY KEY (`parent_student_school_id`)
) ENGINE=InnoDB AUTO_INCREMENT=364 DEFAULT CHARSET=latin1;


INSERT INTO parent_student_school VALUES
("1","1","1","108"),
("2","2","2","108"),
("3","3","3","108"),
("4","4","4","108"),
("5","5","5","108"),
("6","6","6","108"),
("7","7","7","108"),
("8","8","9","108"),
("9","9","10","108"),
("10","10","11","108"),
("11","11","12","108"),
("12","12","13","108"),
("13","13","14","108"),
("14","14","15","108"),
("15","15","16","108"),
("16","16","17","108"),
("17","17","18","108"),
("18","18","19","108"),
("19","19","20","108"),
("20","20","22","108"),
("21","21","23","108"),
("22","22","24","108"),
("23","23","25","108"),
("24","24","26","108"),
("25","25","27","108"),
("26","26","28","108"),
("27","27","29","108"),
("28","28","30","108"),
("29","29","31","108"),
("30","19","32","108"),
("31","19","33","108"),
("32","30","34","108"),
("33","31","35","108"),
("34","32","36","108"),
("35","33","37","108"),
("36","34","38","108"),
("37","35","39","108"),
("38","36","40","108"),
("39","37","41","108"),
("40","3","42","108"),
("41","38","43","108"),
("42","39","44","108"),
("43","40","45","108"),
("44","41","46","108"),
("45","14","47","108"),
("46","10","48","108"),
("47","16","49","108"),
("48","17","51","108"),
("49","42","52","108"),
("50","43","53","108"),
("51","44","54","108"),
("52","45","55","108"),
("53","13","56","108"),
("55","25","57","108"),
("56","47","58","108"),
("57","48","59","108"),
("58","15","60","108"),
("59","49","61","108"),
("60","21","62","108"),
("62","51","64","108"),
("63","52","65","108"),
("64","53","66","108"),
("65","54","67","108"),
("66","55","68","108"),
("67","43","69","108"),
("68","56","72","108"),
("69","57","73","108"),
("70","45","74","108"),
("71","19","75","108"),
("72","58","76","108"),
("73","59","77","108"),
("74","60","78","108"),
("75","61","79","108"),
("76","62","80","108"),
("77","62","82","108"),
("78","63","83","108"),
("79","64","84","108"),
("80","65","85","108"),
("81","34","86","108"),
("82","5","87","108"),
("83","66","88","108"),
("84","67","89","108"),
("85","68","90","108"),
("86","17","91","108"),
("87","69","92","108"),
("88","70","93","108"),
("89","54","94","108"),
("90","71","95","108"),
("91","72","96","108"),
("92","73","98","108"),
("93","74","99","108"),
("94","75","100","108"),
("95","76","101","108"),
("96","77","102","108"),
("97","78","103","108"),
("98","79","104","108"),
("99","80","105","108"),
("100","81","106","108"),
("101","82","107","108"),
("102","83","108","108");
INSERT INTO parent_student_school VALUES
("103","84","109","108"),
("104","85","110","108"),
("105","86","111","108"),
("106","87","112","108"),
("107","88","113","108"),
("108","89","115","108"),
("109","90","116","108"),
("110","29","117","108"),
("111","91","118","108"),
("112","92","119","108"),
("113","93","120","108"),
("114","94","121","108"),
("115","95","122","108"),
("116","96","124","108"),
("117","97","125","108"),
("118","98","126","108"),
("119","99","127","108"),
("120","100","128","108"),
("121","6","129","108"),
("122","101","130","108"),
("123","102","131","108"),
("124","103","132","108"),
("125","104","133","108"),
("126","105","134","108"),
("127","106","135","108"),
("128","43","136","108"),
("129","107","137","108"),
("130","108","138","108"),
("131","58","139","108"),
("132","109","140","108"),
("133","64","141","108"),
("134","110","142","108"),
("135","111","143","108"),
("136","112","144","108"),
("137","113","145","108"),
("138","114","146","108"),
("139","115","147","108"),
("140","116","148","108"),
("141","7","8","108"),
("142","75","114","108"),
("143","62","157","108"),
("144","35","191","108"),
("145","38","192","108"),
("146","118","193","108"),
("147","119","194","108"),
("148","126","195","108"),
("149","119","9","109"),
("150","131","10","109"),
("151","97","11","109"),
("152","104","196","108"),
("153","76","197","108"),
("154","36","198","108"),
("155","133","199","108"),
("156","7","200","108"),
("157","49","201","108"),
("158","90","202","108"),
("159","134","203","108"),
("160","135","204","108"),
("161","2","172","108"),
("162","2","205","108"),
("163","117","206","108"),
("164","137","207","108"),
("165","84","208","108"),
("166","16","178","108"),
("168","104","160","108"),
("169","77","156","108"),
("170","140","210","108"),
("171","141","185","108"),
("172","98","97","108"),
("173","110","81","108"),
("174","142","182","108"),
("175","143","155","108"),
("176","144","151","108"),
("177","50","153","108"),
("178","107","149","108"),
("179","145","162","108"),
("180","29","152","108"),
("181","99","165","108"),
("182","10","159","108"),
("184","40","163","108"),
("185","148","211","108"),
("186","149","212","108"),
("187","150","176","108"),
("188","151","8","109"),
("189","97","174","108"),
("190","17","70","108"),
("192","152","213","108"),
("193","152","214","108"),
("194","153","1","109"),
("195","154","4","109"),
("196","155","7","109"),
("197","30","171","108"),
("198","35","99","108"),
("199","136","186","108"),
("200","3","215","108"),
("201","156","216","108"),
("202","156","217","108"),
("203","156","218","108"),
("204","157","219","108"),
("205","158","220","108");
INSERT INTO parent_student_school VALUES
("206","159","12","109"),
("207","104","13","109"),
("208","160","168","108"),
("209","161","221","108"),
("210","162","222","108"),
("211","163","223","108"),
("212","163","224","108"),
("213","163","225","108"),
("214","164","226","108"),
("215","165","15","109"),
("216","166","16","109"),
("217","135","227","108"),
("218","62","228","108"),
("219","167","229","108"),
("220","168","230","108"),
("221","168","231","108"),
("222","169","232","108"),
("223","170","17","109"),
("224","171","235","108"),
("225","171","236","108"),
("226","172","238","108"),
("227","173","239","108"),
("228","174","241","108"),
("229","175","243","108"),
("230","176","245","108"),
("231","177","248","108"),
("232","178","249","108"),
("233","179","253","108"),
("234","180","256","108"),
("235","181","257","108"),
("236","182","262","108"),
("237","84","263","108"),
("238","5","244","108"),
("239","121","261","108"),
("240","119","260","108"),
("241","169","240","108"),
("242","180","255","108"),
("243","139","234","108"),
("244","179","254","108"),
("245","58","170","108"),
("246","176","247","108"),
("247","176","246","108"),
("248","158","242","108"),
("249","150","233","108"),
("250","155","264","108"),
("251","155","252","108"),
("252","163","251","108"),
("253","178","250","108"),
("254","181","259","108"),
("255","181","258","108"),
("256","184","265","108"),
("257","185","266","108"),
("258","186","267","108"),
("259","187","268","108"),
("260","187","269","108"),
("261","82","270","108"),
("262","188","271","108"),
("263","188","272","108"),
("264","189","273","108"),
("265","190","274","108"),
("266","191","18","109"),
("267","192","19","109"),
("268","193","20","109"),
("269","181","21","109"),
("270","194","275","108"),
("271","194","276","108"),
("272","195","277","108"),
("273","195","278","108"),
("274","196","279","108"),
("275","197","280","108"),
("276","198","281","108"),
("277","183","282","108"),
("278","185","283","108"),
("279","199","284","108"),
("280","200","285","108"),
("281","200","286","108"),
("282","201","287","108"),
("283","202","288","108"),
("284","203","289","108"),
("285","204","290","108"),
("286","205","291","108"),
("287","202","292","108"),
("288","203","293","108"),
("289","202","294","108"),
("290","203","295","108"),
("291","206","296","108"),
("292","207","22","109"),
("293","10","297","108"),
("294","208","298","108"),
("295","116","14","109"),
("296","209","299","108"),
("297","10","300","108"),
("298","210","301","108"),
("299","211","302","108"),
("300","212","303","108"),
("301","152","304","108"),
("302","213","305","108"),
("304","215","307","108"),
("305","216","308","108"),
("306","217","309","108");
INSERT INTO parent_student_school VALUES
("307","218","310","108"),
("308","189","311","108"),
("309","219","312","108"),
("310","220","313","108"),
("311","221","315","108"),
("312","222","316","108"),
("313","223","317","108"),
("314","224","318","108"),
("315","225","319","108"),
("316","219","321","108"),
("317","226","322","108"),
("318","227","323","108"),
("319","228","324","108"),
("320","229","325","108"),
("321","230","23","109"),
("322","222","24","109"),
("323","231","25","109"),
("324","232","26","109"),
("325","233","27","109"),
("326","234","28","109"),
("327","235","29","109"),
("328","236","30","109"),
("329","223","31","109"),
("330","237","32","109"),
("331","238","33","109"),
("332","239","34","109"),
("333","240","35","109"),
("334","241","36","109"),
("335","235","37","109"),
("336","187","38","109"),
("337","96","39","109"),
("338","90","40","109"),
("339","29","41","109"),
("340","6","42","109"),
("341","103","43","109"),
("342","93","44","109"),
("343","98","45","109"),
("344","222","326","108"),
("345","71","327","108"),
("346","123","328","108"),
("347","242","329","108"),
("348","242","330","108"),
("350","243","332","108"),
("351","242","333","108"),
("352","244","334","108"),
("353","244","335","108"),
("354","206","164","108"),
("355","246","336","108"),
("356","246","337","108"),
("357","44","338","108"),
("358","58","339","108"),
("359","247","46","109"),
("360","181","47","109"),
("361","166","48","109"),
("362","248","340","108"),
("363","249","341","108");




CREATE TABLE `parents` (
  `parent_id` int(11) NOT NULL AUTO_INCREMENT,
  `user_key` varchar(100) DEFAULT NULL,
  `school_id` int(11) NOT NULL,
  `parent_name` varchar(200) NOT NULL,
  `serial_number` varchar(100) NOT NULL,
  `pass` char(255) NOT NULL,
  `first_password` varchar(200) NOT NULL,
  `new_password` varchar(255) NOT NULL,
  `email` varchar(200) NOT NULL,
  `main_phonenumber` bigint(20) NOT NULL,
  `phone_number2` bigint(20) NOT NULL,
  `phone_number3` bigint(20) NOT NULL,
  `occupation` varchar(200) NOT NULL,
  `home_address` text NOT NULL,
  `office_address` text NOT NULL,
  `state_origin` varchar(200) NOT NULL,
  `religion` varchar(200) NOT NULL,
  `local_govt` varchar(200) NOT NULL,
  `country` varchar(200) NOT NULL,
  `sent_serial_pass_sms` char(3) NOT NULL,
  `login_attempt` int(11) NOT NULL,
  `login_last_time` int(11) unsigned NOT NULL,
  `forget_token` varchar(200) NOT NULL,
  `activation` varchar(50) NOT NULL,
  `date_created` datetime NOT NULL DEFAULT current_timestamp(),
  PRIMARY KEY (`parent_id`),
  UNIQUE KEY `user_key` (`user_key`),
  KEY `activation` (`activation`),
  KEY `sent_serial_pass_sms` (`sent_serial_pass_sms`),
  KEY `religion` (`religion`),
  KEY `date_created` (`date_created`)
) ENGINE=InnoDB AUTO_INCREMENT=250 DEFAULT CHARSET=latin1;


INSERT INTO parents VALUES
("1","1108ebf6fd05","108","NDUKA UBA","P/19/0001","$2y$10$yt9LsHTG747eqAJ5w5att.ZIJFMldE3tmECax4g6CQhlVDrOR35Pm","zeonglobal","zeonglobal","","2340000000001","0","0","TRADER","ORNDU, URUOKWU","","ABIA","Christianity","","NIGERIA","","0","0","","activated","2019-11-26 13:18:01"),
("2","2108b8d605b7","108","MR & MRS NKWACHUKWU","P/19/0002","$2y$10$NrjEhnNYvW3kyWXnJyz2O.0Vbh8chXWjF1ofxPfBvUvyT3ixu1du2","zeonglobal","zeonglobal","","2348161725568","0","0","WELDER","NKATA- ALAOCHA OKAIUGA NKWOEGWU","","ABIA","Christianity","","NIGERIA","","0","0","","activated","2019-11-26 13:20:03"),
("3","31087a1e35fe","108","MR & MRS OGONNAYA","P/19/0003","$2y$10$gdaCRDCNEnBPZ/A2vFmNlejBRstJxtRux.2RKrWbaWqQuJ9W3jBCy","zeonglobal","zeonglobal","","2347081272446","0","0","BUSINESS","UMUEKWULE","","ABIA","Christianity","","NIGERIA","","0","0","","activated","2019-11-26 13:28:20"),
("4","410849ae3020","108","MR & MRS OKORIE","P/19/0004","$2y$10$jL1atC3KKQQVJj9jXPcJ2ukNrgAfAOGX20/SoA03b7N3X6wmCfsQe","zeonglobal","zeonglobal","","2348023429939","0","0","CIVIL SERVANT","UMUEGWU AFUGIM","","ABIA","Christianity","","NIGERIA","","0","0","","activated","2019-11-26 13:33:28"),
("5","510874b63690","108","MR & MRS OKORO","P/19/0005","$2y$10$oXzex/h8bCU86mnaD0MdAOloL1lp7kLxLbwZjZIF16c17WxVF3li.","zeonglobal","zeonglobal","","2347036011446","0","0","TRADER","UMUAKAM","","ABIA","Christianity","","NIGERIA","","0","0","","activated","2019-11-26 13:35:44"),
("6","6108113a3a1e","108","MR & MRS ONYEBUCHI","P/19/0006","$2y$10$S1sqOO20IZ6QNBNJmCew1OaPL.uWRPLQeKlYFvQSg2FZXx0umt4nS","zeonglobal","zeonglobal","","2348140469843","0","0","BUSINESS","UMUAKAM","","ABIA","Christianity","","NIGERIA","","0","0","","activated","2019-11-26 13:41:42"),
("7","710877ed3d4e","108","MR & MRS ONYEMAECHI","P/19/0007","$2y$10$6uU7g1I9daEo8A9pSDo8VeSUdE/lsvpQqRxZzUFFXHO3K.EMETavq","zeonglobal","zeonglobal","","2347062419966","0","0","TRADER","UHUALA OFEIYI ORIENDU","","ABIA","Christianity","","NIGERIA","","0","0","","activated","2019-11-26 13:52:54"),
("8","810856133b94","108","MR & MRS ONYEMAECHI","P/19/0008","$2y$10$8w1y.5.G3.dmvQ6x8.J5Hekpoa4f8B6l9IKzpAxKZw4ZnS8Smicau","zeonglobal","zeonglobal","","2347060403321","0","0","FASHION DESIGNER","AMAOGWUGWU","","ABIA","Christianity","","NIGERIA","","0","0","","activated","2019-11-26 14:11:02"),
("9","9108c87d2625","108","MR & MRS ORJI","P/19/0009","$2y$10$fqMyWmC.6rKhST4wL5DxnOPGl4uGIZ8M3CGVdqceGKTxxc9981wR2","zeonglobal","zeonglobal","","2348064334630","0","0","HEALTH WORKER","UMUAKAM","","ABIA","CHRISTIANITY","","NIGERIA","","0","0","","activated","2019-11-26 14:20:39"),
("10","101086d3b4ea4","108","MR & MRS SMART","P/19/0010","$2y$10$lGcM.rig4Fv7B9WSHQQj6e26ldtPjKWkBpD8DcQ2i7ui6jBSSBVQu","zeonglobal","zeonglobal","","2348026132285","0","0","TRADER","ARO VILLAGE NKWOEGWU","","ABIA","Christianity","","NIGERIA","","0","0","","activated","2019-11-26 14:22:43"),
("11","11108b7ca40c2","108","MR & MRS STANLEY","P/19/0011","$2y$10$f65oibHZQccS3glVmVOMKeNghHd5IxjONT/JfWo5ysaIb8PMfioae","zeonglobal","zeonglobal","","2347068912995","0","0","TRADER","UMUAKAM NKWOEGWU","","ABIA","Christianity","","NIGERIA","","0","0","","activated","2019-11-26 14:26:55"),
("12","12108e4bd8d8a","108","MR & MRS ALEX","P/19/0012","$2y$10$mNgp2DMpoKJmnc4QoPj8HexC0qlutyh3N27TWhOEF2WPZMomqUbY2","zeonglobal","zeonglobal","","2349024721201","0","0","TRADER","UMUAFIAKA","","ABIA","Christianity","","NIGERIA","","0","0","","activated","2019-11-26 14:41:56"),
("13","131086c04f1d9","108","MR & MRS ANOSIKE","P/19/0013","$2y$10$bqwq.dwHtoPt6/dDAa6ea.qMzAtIkuIQUGN8JqPzM/LxEUgDITNmC","zeonglobal","zeonglobal","","2347067601564","0","0","TEACHER","AKPAHIA","","ABIA","Christianity","","NIGERIA","","0","0","","activated","2019-11-26 14:43:53"),
("14","14108a06247c4","108","MR & MRS CHIBUISI","P/19/0014","$2y$10$S94ZskdTMjcucqLGoh6YAemLMqCwR4KkCUiNllLKgbpBOJuoNx.kO","zeonglobal","zeonglobal","","2349074258978","0","0","TRANSPORTER","EKEOBA","","ABIA","CHRISTIANITY","","NIGERIA","","0","0","","activated","2019-11-26 14:52:18"),
("15","1510870f43c0f","108","MR & MRS CHIDIEBERE","P/19/0015","$2y$10$rePcYuHpfAp3vay.0DbWR.DWLkaIt7psvHVXDNhJZNIhYtmevwMQW","zeonglobal","zeonglobal","","2347065234389","0","0","TEACHER","M.C.N EKEOBA","","ABIA","Christianity","","NIGERIA","","0","1633978872","","activated","2019-11-26 15:56:23"),
("16","16108086dc594","108","MR & MRS OBIOHA OMEKARA","P/19/0016","$2y$10$vrc2Po2xEVJ379GuoxhrzOlilEwc9sTbL09TX6YckS5zQt/jE.NL6","zeonglobal","zeonglobal","","2348067581669","2349066955507","0","TRADER","UMUAFIAKA OKAIUGA NKWOEGWU","","ABIA","Christianity","","NIGERIA","","0","0","","activated","2019-11-26 16:01:59"),
("17","1710838349f59","108","MR & MRS CHINEMEZE","P/19/0017","$2y$10$9L1mpq9Xcjklkt6gU3R77.gb1oA4wZ11Vj3dG5e.fjUyi7IIE3JUO","zeonglobal","zeonglobal","","2348165191349","2347014556982","0","PUBLIC SERVANT","UMUEKWULE","","ABIA","Christianity","","NIGERIA","","0","1577958637","","activated","2019-11-26 16:05:31"),
("18","1810898169132","108","MR & MRS EMMANUEL","P/19/0018","$2y$10$GvvcprOUBVdQq3800lWHT.tExjt1hR6I6dZkmqMFg21n6XjOzr.Qi","zeonglobal","zeonglobal","","2349064399741","0","0","BUILDER","ONUKAOGU","","ABIA","Christianity","","NIGERIA","","0","0","","activated","2019-11-26 16:09:03"),
("19","19108d9733a99","108","MR & MRS IKECHUKWU","P/19/0019","$2y$10$.zqJaN0QywAg9RANBaBWFeEW9011dXgAWSbsHF4lRqp66jKbrRx16","zeonglobal","zeonglobal","","2347037935857","0","0","CIVIL SERVANT","AKPAHIA OKPALA","","ABIA","Christianity","","NIGERIA","","0","0","","activated","2019-11-26 16:13:17"),
("20","20108d7957cb8","108","MR AND MRS AWA CHUKWU","P/19/0020","$2y$10$HxBpCZvGNRgDqYfVKHXW3.HigYpglmDL1q8fQmcCrcTZVSndUL8s.","zeonglobal","zeonglobal","","2349016830583","0","0","MOULDER","UHUOKWU ORIENDU","","ABIA","CHRISTIANITY","","NIGERIA","","0","0","","activated","2019-11-27 11:25:37"),
("21","21108e155084e","108","MR AND MRS SUNDAY AZU","P/19/0021","$2y$10$NEr1C5zVirmXpGzM4hLvy.BQWPiiJgR/lGd7NxihaMP4Vgp3yoNg6","zeonglobal","zeonglobal","","2348131267428","2348062102041","2348140347375","CLERGY","UMUAFIAKA NKWOEGWU","","ABIA","Christianity","","NIGERIA","","0","1636703945","","activated","2019-11-27 11:28:48"),
("22","22108cdb08e4e","108","MR AND MRS MATTHEW C.","P/19/0022","$2y$10$S.cFJ/oUB5VVcUoz4oVzHOFdsTPmSwz436NmzjWJ7FwJwMc3u86Ya","zeonglobal","zeonglobal","","2349018726395","0","0","BUSINESS","UMUCHIAWA OHUHU","","ABIA","Christianity","","NIGERIA","","0","0","","activated","2019-11-27 11:30:17"),
("23","23108951cc95d","108","MR AND MRS CHINAZA DANIEL","P/19/0023","$2y$10$1nXf2H0ZQYon1VWbK1hTYuPnALFHMR9q0WOrh3eptJvdGjq.mzHqi","zeonglobal","zeonglobal","","2348025879187","0","0","BUSINESS","EKEOBA OHUHU","","ABIA","CHRISTIANITY","","NIGERIA","","0","0","","activated","2019-11-27 11:31:45"),
("24","24108e16cb399","108","MR AND MRS EJIKE ONUOHA","P/19/0024","$2y$10$rN1CCjXjuTMzDYJwveSgKuuMKoAbHehokWZbsnKhrHuCwDr/Yf2Su","zeonglobal","zeonglobal","","2348165082254","0","0","ARCHITECT","ELUGWU EKEOBA","","ABIA","CHRISTIANITY","","NIGERIA","","0","0","","activated","2019-11-27 11:33:36"),
("25","25108ee9c5272","108","MR AND MRS REUBEN EMMA","P/19/0025","$2y$10$9WEbvRISX92XNtLQNv6.qO7goeV3spRnNYYUNylE.PbrHX8RgasVC","zeonglobal","zeonglobal","","2348106684545","0","0","BUSINESS","UMUAGU OHUHU","","EBONYI","CHRISTIANITY","","NIGERIA","","0","0","","activated","2019-11-27 11:35:25"),
("26","2610815fa1e85","108","MR & MRS JOSEPH","P/19/0026","$2y$10$qQmsiW0ocxZJjZNBzEUpgedbTRo0jXpDPo9SglBnPYXhtXeX/OVmm","zeonglobal","zeonglobal","","2348101527687","0","0","FARMER","ULONNA SOUTH","","ABIA","Christianity","","NIGERIA","","1","1634365684","","activated","2019-11-27 11:39:56"),
("27","271080a4f4761","108","MR & MRS MAXWELL","P/19/0027","$2y$10$d2hCXV140mP2qo4Q0jUUo.mhPvBm1Jxi69f1xen.qInfKemmgzVSi","zeonglobal","zeonglobal","","2348106216669","0","0","TRADER","UMUOHURU NKWOEGWU","","ABIA","Christianity","","NIGERIA","","0","0","","activated","2019-11-27 11:42:12"),
("28","281089b4fc7ad","108","MR AND MRS IHECHILURU MADUAGWU","P/19/0028","$2y$10$DgA9KnKQ89UE55KTgNVnbeyPKyMupMiX1HvcWLAlCEw9UuTPLVegK","zeonglobal","zeonglobal","","2347032442944","0","0","CIVIL SERVANT","AKPAHIA OHUHU","","ABIA","CHRISTIANITY","","NIGERIA","","0","0","","activated","2019-11-27 11:42:54"),
("29","29108c201196a","108","MR & MRS NDUBUISI","P/19/0029","$2y$10$ehQ5yHKchpMJ/N.prtKdIu1vpwEJzjAHWsusIvnKTlbU7HmrDl1ZG","zeonglobal","zeonglobal","","2348187607168","0","0","TEACHER","UMUAKAM NKWOEGWU","","ABIA","Christianity","","NIGERIA","","0","0","","activated","2019-11-27 11:43:52"),
("30","30108b4ded628","108","MR AND MRS K. ONUMAEGBU","P/19/0030","$2y$10$qmMq4RqVefOAImFxAeoDrub.OfZAgUmoOhHXBwLsMcv338uTuZaS2","zeonglobal","zeonglobal","","2348034703174","0","0","TRADER","UMULE OHUHU","","ABIA","Christianity","","NIGERIA","","0","0","","activated","2019-11-27 11:47:23"),
("31","311088dfec974","108","MR AND MRS CHIMEZIE  NMERIBE ","P/19/0031","$2y$10$lUDXoknULte53hu8bQAkjul188n0YFtzExSVzbXk0ci7mf/wFK8Da","zeonglobal","zeonglobal","","2348030847381","2347035985553","0","BUSINESS","NKATA NKWOEGWU","","ABIA","CHRISTIANITY","","NIGERIA","","0","0","","activated","2019-11-27 11:49:02"),
("32","3210835c10452","108","MR AND MRS  CHRISTIAN  .C.N","P/19/0032","$2y$10$0ZYh9PtMckQsB.z9Z11tS..9Yy/2LHKLHYA7qlwFxDItmeK0aYNYO","zeonglobal","zeonglobal","","2348134996850","0","0","BUILDING ENGINEER","UMUKABIA OHUHU","","ABIA","CHRISTIANITY","","NIGERIA","","0","0","","activated","2019-11-27 11:51:10"),
("33","331087df082d7","108","MR & MRS AGBADA","P/19/0033","$2y$10$o3LR4xz7cr/y9KNATRUBfOGDIg0eBUbVd0cjbgQNsrKmysPvDiEGe","zeonglobal","zeonglobal","","2347063274593","0","0","NONE","UMUOGBA","","ABIA","Christianity","","NIGERIA","","0","0","","activated","2019-11-27 11:55:27"),
("34","341085c732c66","108","MR & MRS CHARLES ","P/19/0034","$2y$10$fRIodpNajNlswVtkGefRUuwVjrx60NTew.vI89VEN55eBk8PnVzPW","zeonglobal","zeonglobal","","2348035844378","0","0","NONE","UMUAKAM","","ABIA","Christianity","","NIGERIA","","0","1630416060","","activated","2019-11-27 11:57:03"),
("35","3510885551dca","108","MR AND MRS CHRIS OBINNA","P/19/0035","$2y$10$GfM5Z4Xzn0QZuWy6s8MWeew/MKMa6UElMPUdpdPTd9q8J8tcBeZmm","zeonglobal","zeonglobal","","2347030267266","0","0","BUSINESS","NKWOEGWU","","IMO","CHRISTIANITY","","NIGERIA","","0","0","","activated","2019-11-27 11:58:50"),
("36","361084973190a","108","MR & MRS CHIBUISI","P/19/0036","$2y$10$1lYeDq1EqaEdC7fCqQkuCOXm0cSrWfE5mLDgzwcxufbn5/AZRA9d2","zeonglobal","zeonglobal","","2348107464835","0","0","NONE","NKWOEGWU","","ABIA","Christianity","","NIGERIA","","0","0","","activated","2019-11-27 12:04:39"),
("37","371087b01466a","108","MR & MRS CHIKA","P/19/0037","$2y$10$YcDSeWeJWPbIphi/8hR09.Nm2WHyxFhr2n7lz.Gyl1a6ECcJj6nCG","zeonglobal","zeonglobal","","2347032955870","0","0","NONE","UMUOSU AFUGIRI","","ABIA","Christianity","","NIGERIA","","0","0","","activated","2019-11-27 12:06:29"),
("38","381087893167e","108","MR AND MRS SIMOEN OGBONNA","P/19/0038","$2y$10$90ybA7m2C1sr168P1i8YwOu3LWXqYAieDmYHH4DQROZFxa4E3nxzm","zeonglobal","zeonglobal","","2348063559922","0","0","ARTISAN","NKATA NKWOEGWU","","ABIA","Christianity","","NIGERIA","","0","0","","activated","2019-11-27 12:08:30"),
("39","39108d3bd9193","108","PASTOR AND MRS IHUOMA OMENKA","P/19/0039","$2y$10$RgfaXHyv3viMK.6.Ci9RK./PtFXvdklx6M2Cnrg3OWTQC74ddfB4S","zeonglobal","zeonglobal","","2348067450255","0","0","ELECTRICIAN","UMOSU NKWOEGWU","","ABIA","CHRISTIANITY","","NIGERIA","","0","0","","activated","2019-11-27 12:10:25"),
("40","40108cd785246","108","MR AND MRS UCHENNA OJI IBEKWE","P/19/0040","$2y$10$LfXrpJwXB9chTYjgMwqGQ.t8QilAvs3aLNOgyvC4BFhpjm4q946Wm","zeonglobal","zeonglobal","uchesco2010@gmail.com","2348184104180","2348038810460","2348067005005","BUSINESS/CIVIL SERVANT","UMUAKABIA OHUHU","","ABIA","Christianity","","NIGERIA","","0","1580380044","","activated","2019-11-27 12:14:56"),
("41","4110893120e2a","108","MR AND MRS SAMUEL OZO","P/19/0041","$2y$10$e.CWC8w1M5OLMpQpRameTe8GyDLFq8A90sCq.KWJQuXmneROm/Hxy","zeonglobal","zeonglobal","","2348076026578","0","0","FARMER/TEACHING","NKATA NKWOEGWU","","ABIA","CHRISTIANITY","","NIGERIA","","0","0","","activated","2019-11-27 12:16:38"),
("42","4210832c18667","108","MR & MRS CHKWUDIKE","P/19/0042","$2y$10$0blAd5xHoZgNDmEqJMSIFuQ.xfOlYi0a8IoV96sQP3.AwDg5AzfZ2","zeonglobal","zeonglobal","","234813273613","0","0","NONE","UMUAFIAKA UMUOHURU","","ABIA","Christianity","","NIGERIA","","0","0","","activated","2019-11-27 12:33:17"),
("43","431082ce502ad","108","MR & MRS ENYERIBE","P/19/0043","$2y$10$01cLlUDENEW2vs6sF6QxWeF/NE3sKmmDQHHMhxEuJ713TaGpBlC22","zeonglobal","zeonglobal","","2349022222222","0","0","DRIVING","UMUAKAMA EZIALA","","ABIA","CHRISTIANITY","","NIGERIA","","0","0","","activated","2019-11-27 12:37:02"),
("44","44108cd4b858a","108","MR & MRS EZERENDU","P/19/0044","$2y$10$4KfJYwpJ5SspvYmZsrsTReY0msARpprONwaZOZZQCnndilGU16hJ6","zeonglobal","zeonglobal","","2349063568256","0","0","NONE","EWGUNAELEKE","","ABIA","Christianity","","NIGERIA","","0","0","","activated","2019-11-27 12:40:23"),
("45","451081d3b1323","108","MR AND  MRS CHIDOZIE","P/19/0045","$2y$10$0ZUTzBg.IhDObyXLqWwB/O5clzuD7DmALuvF3/RrQZq/97LfGKQk2","zeonglobal","zeonglobal","","2349020159567","0","0","TEACHING","NKATA ALIKE","","ABIA","CHRISTIANITY","","NIGERIA","","0","0","","activated","2019-11-27 12:42:46"),
("47","47108b9c67e05","108","MR AND MRS NDUBUISI SUNDAY","P/19/0047","$2y$10$XPqiDNh2gLBibRBsfBPYMODDhQXqQl04U51vgvY2ThwDO0WCAkxqS","zeonglobal","zeonglobal","","2347031872082","0","0","BUSINESS","UMUAFIAKA UMUOHURU","","ABIA","CHRISTIANITY","","NIGERIA","","0","0","","activated","2019-11-27 12:50:22"),
("48","4810869220b73","108","OKORIE EMMANUEL ESQ.","P/19/0048","$2y$10$FcveLVussZlQo6oDT0Kh9ui/WEFjyM03NFaS1TsGfY3ZaXa/jS7zW","zeonglobal","zeonglobal","","2348036137527","0","0","CIVIL SERVANT","UMUEGWU OKPUALA AFUGIRI","","ABIA","CHRISTIANITY","","NIGERIA","","0","0","","activated","2019-11-27 12:59:35"),
("49","491082e3ed663","108","MR AND MRS ANDREW IKEDICHI","P/19/0049","$2y$10$pNd4TdOm8d6maR9Z4R6j1OJpWYDyNUMW.lsXWh9LEsKtU2ztRZnsm","zeonglobal","zeonglobal","","2348135752813","0","0","BUSINESS","NKATA OKPUALA","","ABIA","Christianity","","NIGERIA","","0","0","","activated","2019-11-27 13:06:05"),
("50","501083899d63e","108","MR AND MRS ORJI","P/19/0050","$2y$10$or9O/JnLP7RccBWcef19e.jPUjMZOWzA7ACM/9hZTGd1Zn5OALYvi","zeonglobal","zeonglobal","","2347037986401","0","0","CIVIL SERVANT","UMULE OHUHU","","ABIA","Christianity","","NIGERIA","","0","0","","activated","2019-11-27 13:09:25"),
("51","51108686c849b","108","MR AND MRS UGOCHUKWU CHARITY","P/19/0051","$2y$10$X7So.KtbcfBWHfEdSM.1Iuquued/OG3di/elaq4M0aw8VuRQRHT0C","zeonglobal","zeonglobal","","2349075323358","0","0","CATERER","UMUOSU NKWOEGWU","","ABIA","Christianity","","NIGERIA","","0","0","","activated","2019-11-27 13:12:08"),
("52","5210834ea65a3","108","MR AND MRS CHIDIEBERE OKEZIE","P/19/0052","$2y$10$gcMwKJyp5WTCsBD7plR8YO9/9012kkF/hwPgOlPAtQ3XFYfS59Aoe","zeonglobal","zeonglobal","","2348060583710","0","0","ELECTRICIAN/TAILOR","UMUAKAMU NKWOEGWU","","ABIA","CHRISTIANITY","","NIGERIA","","0","0","","activated","2019-11-27 13:14:30"),
("53","53108480a1987","108","MR AND MRS CHINEDUM","P/19/0053","$2y$10$ouZKA8n8iQyR9q/DjHJI4uUSX/ppcwZM4xT7Kw2kk75SNPGmGEeQe","zeonglobal","zeonglobal","","2349014070206","0","0","FASHION DESIGNER","UMUEZEOMA OHUHU","","ABIA","CHRISTIANITY","","NIGERIA","","0","0","","activated","2019-11-27 13:17:22"),
("54","54108899d3df7","108","MR AND MRS UCHE ROMANUS","P/19/0054","$2y$10$2OBYaLoZXphpNJy14HDQHeTZTy4TTB/RCO4Gc3zaITzBUXOFcX9Za","zeonglobal","zeonglobal","","2347066155885","0","0","ENGINEER","UMUEZEOMA","","ABIA","CHRISTIANITY","","NIGERIA","","0","0","","activated","2019-11-27 13:19:54"),
("55","55108cacd550b","108","MR AND MRS CHIKODI","P/19/0055","$2y$10$hAil1kjvAR6lZyAJ/fOBo.z2SsiSDzEZnz1QEAhBK1IO2SlbNzUg2","zeonglobal","zeonglobal","","2348026991545","0","0","BUSINESS","UMUEZEOMA OFEURE","","ABIA","CHRISTIANITY","","NIGERIA","","0","0","","activated","2019-11-27 13:23:50"),
("56","5610814da8d88","108","COMFORT CHINEDU","P/19/0056","$2y$10$sEysFuQV/PrvxFfCh6e96OoDzqowau5cfJgxEpNJbocOriRhut5Ei","zeonglobal","zeonglobal","","2348060934053","0","0","TRADER","UMUEGWU OKPUALA","","ABIA","CHRISTIANITY","","NIGERIA","","0","1604322214","","activated","2019-11-27 13:30:11"),
("57","57108d637ad70","108","MR AND MRS ISAAC ","P/19/0057","$2y$10$4mmoXYP6gUBfVXsGsqkxTu2wZgYGtW5bxyI597q.5Erf0/ZIn875u","zeonglobal","zeonglobal","","2348156842203","0","0","TRADER","UMOUCHI NKWOEGWU","","IMO","CHRISTIANITY","","NIGERIA","","0","0","","activated","2019-11-27 13:33:26"),
("58","581080c6db01a","108","MR AND MRS JOSEPH","P/19/0058","$2y$10$YcOWYxelK1otfbD2vTnu6./uF5KJO62PXjI.mtwvlBaThTga7tLiG","zeonglobal","zeonglobal","","2347068756566","0","0","TRADER","UMUAFIAKA","","ABIA","Christianity","","NIGERIA","","0","0","","activated","2019-11-27 13:39:46"),
("59","59108e3d5258e","108","MR & MRS JOSEPH","P/19/0059","$2y$10$/7.lr.1zf8ErhgghtbCd3OGP.ViVNQSuGSvz3BzsdwQYbOioWJiNe","zeonglobal","zeonglobal","","2348101527637","0","0","NONE","UDOMA SOUTH FARM SETTLEMENT","","ABIA","Christianity","","NIGERIA","","0","0","","activated","2019-11-27 13:39:49"),
("60","60108ced0377c","108","MR & MRS KENENETH","P/19/0060","$2y$10$.RHfwJlBNO.NU73SbWgnVeg5CpsWn9itIii.Z9zj3UBoYgXntgW7a","zeonglobal","zeonglobal","","2348097142777","0","0","CIVIL SERVANT","AMACHARA UMUOPARA","","ABIA","Christianity","","NIGERIA","","0","0","","activated","2019-11-27 13:42:57"),
("61","611083068ddc2","108","MR & MRS MARCUS","P/19/0061","$2y$10$JfXygByn/2QirtSKO.0f/eNBjzwcvd3N8JO9uG3YAu2/D9Qkunpma","zeonglobal","zeonglobal","","2347062137388","0","0","BUSINESS","NKATA ALAIKE","","ABIA","Christianity","","NIGERIA","","0","1577695196","","activated","2019-11-27 13:44:48"),
("62","6210858a19354","108","MR AND MRS OLILEANYA NDUDIM-ESOBE","P/19/0062","$2y$10$jazKQpTtcgTD6/ll2Ir6HO6iC5GtbQXch5P//rLgGaNlRmNHxuT1.","zeonglobal","zeonglobal","","2348038345069","2347068661605","0","CIVIL SERVANT","UMUKABIA OKPUALA","","ABIA","Christianity","","NIGERIA","","1","1634365602","","activated","2019-11-27 13:45:40"),
("63","6310846f52f19","108","MR AND MRS CHIBUIKEM","P/19/0063","$2y$10$dUPQthlRUnIu2VuwtqkWXON4uor9R95fk5stGEPjj1AiNLhA/vAFm","zeonglobal","zeonglobal","","2348102348871","2347049655660","0","BUSINESS","UMUKO MBOMA","","IMO","Christianity","","NIGERIA","","0","1577025686","","activated","2019-11-27 13:50:58"),
("64","64108935d81b9","108","MR & MRS NWADINOBI","P/19/0064","$2y$10$9UW0cfd9rsWzLJSn/KDKuOk/TYHLMa4AE6gq/sy3.k8kme7QObu/a","zeonglobal","zeonglobal","","2348075223188","0","0","BUSINESS ","NKATA ALAIKE","","ABIA","Christianity","","NIGERIA","","4","1620566555","","activated","2019-11-27 13:53:45"),
("65","6510864c2d8a9","108","MR AND MRS NWOSU","P/19/0065","$2y$10$E3FtpAB6M2xAKr3d8kFI.uwZL0mRyt63jcXCn8QSn3lmv1A2nAQNm","zeonglobal","zeonglobal","","2347064581415","0","0","TAILOR","OKAIUGA NKWOEGWU","","ABIA","CHRISTIANITY","","NIGERIA","","0","0","","activated","2019-11-27 13:54:00"),
("66","6610807442228","108","MR AND MRS MARCUS","P/19/0066","$2y$10$jeTj.HgBHlzOvHipFe3WUeOUZhP.UAcKzmLwegznJzduwHO1d6Hcy","zeonglobal","zeonglobal","","2348123177354","0","0","BUSINESS","ALAIKE OKAIUGA","","ABIA","CHRISTIANITY","","NIGERIA","","0","1603570761","","activated","2019-11-27 14:09:18"),
("67","67108587323fc","108","MR AND MRS IKEDICHI","P/19/0067","$2y$10$SvjQ5tPW4IEJX1PsR.sQveJVSv6uh8nTu7Bzzh7RYmWMhSbbEGch2","zeonglobal","zeonglobal","","2348035288251","0","0","BUSINESS","NKATA, OKPUALA","","ABIA","Christianity","","NIGERIA","","0","0","","activated","2019-11-27 14:09:24"),
("68","681087dda716b","108","MR AND MRS OFEM UBI","P/19/0068","$2y$10$2NagIzDJYKw7CaPcoCjuG.uG09dvhJXcZakyD9zR0BdZY/HswBCjG","zeonglobal","zeonglobal","","2347060534555","0","0","BUSINESS","NKWOEGWU","","CROSS RIVER","CHRISTIANITY","","NIGERIA","","0","0","","activated","2019-11-27 14:10:32"),
("69","69108f9c70073","108","MR & MRS ONWUKA","P/19/0069","$2y$10$c8KTa9.2cdJPcelE/YMQ9OeW/1OkSEmDr1RL7WugM.Iv1EspelW8.","zeonglobal","zeonglobal","","2348145777140","0","0","NONE","UMUOSI NKWOEGWU","","ABIA","Christianity","","NIGERIA","","0","0","","activated","2019-11-27 14:10:49"),
("70","70108b85cd0be","108","MR AND MRS CHIBUIKEM","P/19/0070","$2y$10$Kr0JeosXv0nFoiQlniD0OOiUo1dP/PBzyu12i43OLLJdR8EQ2t4Py","zeonglobal","zeonglobal","","2349016775948","0","0","PUBLIC SERVANT","OKPUALA, AFUGIRI","","ABIA","Christianity","","NIGERIA","","0","0","","activated","2019-11-27 14:12:46"),
("71","71108b13b7e4d","108","MR AND MRS IKECHUKWU NWADINOBI","P/19/0071","$2y$10$Oyh2Oq53e0cVK751OTQNi.bQtb/mplPYrRHJof8cbat516lflAKBK","zeonglobal","zeonglobal","","2347039161163","234","0","ARCHITECT","UMUARO","","ABIA","Christianity","","NIGERIA","","0","0","","activated","2019-11-27 14:15:26"),
("72","7210804e3ce14","108","MR AND MRS CHIDIEBERE","P/19/0072","$2y$10$TJzXMyp13yeDjpieuv3rv.uvNrwn4HwhtwXFoYkUlV/NW9SqJzzqi","zeonglobal","zeonglobal","","2349061776118","0","0","TRADER","AMOGWUGWU","","ABIA","CHRISTIANITY","","NIGERIA","","0","0","","activated","2019-11-27 14:15:48"),
("73","7310897a9c0aa","108","MR AND MRS EMENIKE","P/19/0073","$2y$10$ofUIbCfZo1wYTeLvhY8a5OcBhN/D7pARpjHZCIwpeUpe0ulPa6ywa","zeonglobal","zeonglobal","","2347012190832","0","0","BUSINESS","OHUHU","","ABIA","CHRISTIANITY","","NIGERIA","","0","0","","activated","2019-11-27 14:17:17"),
("74","74108054911c9","108","MR AND MRS OBINNA","P/19/0074","$2y$10$lGHo1dHGnnrjnjF8bXp/pe8Z.FsnII4sRxMa4ShmNFgvU6/kfrT1i","zeonglobal","zeonglobal","","2347030267260","0","0","BUSINESS","NKATA NKWOEGWU","","IMO","CHRISTIANITY","","NIGERIA","","0","0","","activated","2019-11-27 14:17:30"),
("75","751085da64905","108","MR AND MRS DESMOND","P/19/0075","$2y$10$HIbBBQNds4E3kCIWDtXdGOgOL05BXI7SF86HaU4oBunnNPFOAtT0y","zeonglobal","zeonglobal","","2347032966759","0","0","TRADER","UMUAHIA","","EBONYI","Christianity","","NIGERIA","","0","0","","activated","2019-11-27 14:18:49"),
("76","7610848dba059","108","MR AND MRS CHIDIEBERE","P/19/0076","$2y$10$NplWViMBXROGU0BCPyYmzOOTiwSy5epXA1Oxy7i4eorkdmJGtNDlC","zeonglobal","zeonglobal","","2348065449263","0","0","TECHNICIAN","UMUAFIAKA","","ABIA","Christianity","","NIGERIA","","0","0","","activated","2019-11-27 14:19:29"),
("77","77108d3e70775","108","MR AND MRS JACOB","P/19/0077","$2y$10$EV1BGZniwxiPHLb72OSSUOpLBjCCzxY4rS5l3UjAziXXbaCNgpvjq","zeonglobal","zeonglobal","","2348142635286","2348039284211","0","TRADER","NKATALIKE OKAIUGA","","ABIA","Christianity","","NIGERIA","","0","0","","activated","2019-11-27 14:20:59"),
("78","7810828f8ccbb","108","MR & MRS UGOCHUKWU","P/19/0078","$2y$10$XEFYTfRBGw79OxRXf6.t1eaJXKMs35N.2i9/K8h1/nWXbxb2bD2xG","zeonglobal","zeonglobal","","2347036330080","0","0","NONE","UMUOCHI","","ABIA","Christianity","","NIGERIA","","0","1623387047","","activated","2019-11-27 14:21:32"),
("79","79108175bf94c","108","MR AND MRS NDUBUISI","P/19/0079","$2y$10$nIf4lAanuMSJFPu3xSQDO.amxtDIm97/satl4vQfuXKsLGeVz7KAe","zeonglobal","zeonglobal","","2347067642898","0","0","ENTREPRENEUR","MGBOKO","","ABIA","CHRISTIANITY","","NIGERIA","","0","0","","activated","2019-11-27 14:21:46"),
("80","80108b0c3978b","108","MR AND MRS CHIBUISI ","P/19/0080","$2y$10$.hEFIM4uqrxpPDQVK1IVPuvKhMr.YQSJiyqrTOqHXqfXXrwhVNU9a","zeonglobal","zeonglobal","","2348107464885","0","0","TRADER","AMOGWUGWU","","ABIA","CHRISTIANITY","","NIGERIA","","0","0","","activated","2019-11-27 14:22:47"),
("81","811081f99c20b","108","MR AND MRS NDUKAUBA","P/19/0081","$2y$10$iEswzOrwgm6glSLxGq/Abu9ylx5657Ydch7b5knurUXBHNdNlanqO","zeonglobal","zeonglobal","","2340000000000","0","0","TRADER","ORIENDU ","","ABIA","CHRISTIANITY","","NIGERIA","","0","0","","activated","2019-11-27 14:24:21"),
("82","82108f3e14009","108","MR AND MRS CHIKEZIE","P/19/0082","$2y$10$8iFU/r9i3H/jmbe0ybEGFO5dlBsY1Zw94Tq93/kpnVdjYBl50MDx6","zeonglobal","zeonglobal","","2347039527052","0","0","BUSINESS","ORIENDU, UHUOKWU","","ABIA","Christianity","","NIGERIA","","0","0","","activated","2019-11-27 14:25:07"),
("83","831080c71c598","108","MR AND MRS NKEMAKOLAM","P/19/0083","$2y$10$PvF1eFTqt5OZA8XN2qQNjeq4j6gRy8UA3rD97W37atGJnIjQSjs9.","zeonglobal","zeonglobal","","2348142213260","0","0","BUSINESS","UMUIHE","","ABIA","CHRISTIANITY","","NIGERIA","","0","0","","activated","2019-11-27 14:25:32"),
("84","84108a853cc9b","108","MR & MRS UZOANYA","P/19/0084","$2y$10$Cj7kAPkIoCjqKouNLIbroeTx0c7RicgAPtZZ6BTRMnZnzjT7hyXQW","zeonglobal","zeonglobal","","2347030724723","0","0","NONE","UMUAWA ALAOCHA","","ABIA","Christianity","","NIGERIA","","3","1620566494","","activated","2019-11-27 14:33:00"),
("85","85108a74a21a1","108","MR & MRS CHRISTIAN","P/19/0085","$2y$10$EHq3ewYQTh/ei72eew4u5.0VbpxiSo/MeybpqjztNdRLWsy8lgTiy","zeonglobal","zeonglobal","","2348052510905","0","0","NONE","OHIA AMAUDARA","","ABIA","Christianity","","NIGERIA","","0","0","","activated","2019-11-27 14:35:04"),
("86","861086f9a7366","108","MR & MRS JERRY","P/19/0086","$2y$10$I0ygf/uLVdkO9ARzK/SHLeCBFlHSfX125IfB3LlqXAPrLKHdo7CVe","zeonglobal","zeonglobal","","2348180969979","0","0","CARPENTER","UMUKABIA","","ABIA","Christianity","","NIGERIA","","0","0","","activated","2019-11-27 14:40:12"),
("87","87108fc56e25c","108","MR & MRS NSIMA","P/19/0087","$2y$10$zD0qwQyGF8ufbe7FGdriKOiIqmg6xoieQVfOwGNhjjjblOuE6jTDu","zeonglobal","zeonglobal","","2349038634707","0","0","TAILOR","UMUEGWU OKPUALA OHUHU","","ABIA","Christianity","","NIGERIA","","0","0","","activated","2019-11-27 14:44:47"),
("88","88108f70e4be4","108","MR & MRS BLESSING","P/19/0088","$2y$10$A14LQm0bVk6hgErLJF1HheY14QrWB3CufFXGG22bIrnVdW//BdAQG","zeonglobal","zeonglobal","","2348130051241","0","0","BUSINESS WOMAN","UMUAKAM OKALUGA ","","AKWA IBOM","CHRISTIANITY","","NIGERIA","","0","0","","activated","2019-11-27 14:59:13"),
("89","8910863618b90","108","MR & MRS IMO","P/19/0089","$2y$10$EetjDx.pmX38DplPxXtQQOUYsk7zudaCGjwbdM7O6OfflVQYsbXhq","zeonglobal","zeonglobal","","2348067767438","0","0","CIVIL SERVANT","UMUAGUNGOLORI UMUEGWE AFUGIRI","","ABIA","Christianity","","NIGERIA","","0","0","","activated","2019-11-27 15:12:10"),
("90","90108ac45de51","108","MR & MRS MAXWELL","P/19/0090","$2y$10$SaQ9dAhA6yGMiQOvucDM1Od8f1XILwEz/wuB/7EuaRMMUEOB76Sxm","zeonglobal","zeonglobal","","2348032584153","0","0","ARTISAN","UMUAFIAKA UMUHUURU OKA","","ABIA","Christianity","","NIGERIA","","0","1604498090","","activated","2019-11-27 15:19:53"),
("91","9110808611246","108","MR & MRS NMANKO","P/19/0091","$2y$10$N04bqRpK9YHD3YvoNCWdbOtoBDIM2.mD2/b/sKzfEoJ7oGpJwL9aS","zeonglobal","zeonglobal","","2348107166083","0","0","BUSINESS ","UMUOCHI OKAIUGA","","IMO","Christianity","","NIGERIA","","0","1576594315","","activated","2019-11-27 15:24:00"),
("92","92108961a2583","108","MR & MRS NWANOSIKE","P/19/0092","$2y$10$g8/.f8LQEzMDuYFcWc4vJOWpP8HrXx5HEQsGN/s5Va54KAFX9Yxv6","zeonglobal","zeonglobal","","2348101375207","0","0","TRADER","UMUOCHI NKWOEGWU","","ABIA","Christianity","","NIGERIA","","0","0","","activated","2019-11-27 15:35:12"),
("93","931088abb4f25","108","MR & MRS NWOHA","P/19/0093","$2y$10$F6PctTa3jHeH3f6OCaZkvOPDX3mPw19p7X1FWQ56v195go1cp8XfW","zeonglobal","zeonglobal","","2348062203922","0","0","BUSINESS","UMUAFIAKA OKAIUGA","","ABIA","Christianity","","NIGERIA","","0","0","","activated","2019-11-27 15:37:06"),
("94","94108244d4349","108","MR & MRS STANLEY","P/19/0094","$2y$10$3n0zlHk5N3W/eC.BMJWJ/u.aJItaZ.EFMAJrrDuYxXDs8wtjxHZ8O","zeonglobal","zeonglobal","","2347037597465","0","0","NONE","UMUAKAM","","ABIA","Christianity","","NIGERIA","","0","0","","activated","2019-11-27 15:40:57"),
("95","951089f41945a","108","MR & MRS ALBERT`","P/19/0095","$2y$10$3TahMEIZq2si71VFrJyvveDZ99FajcViSBQh.Q7zHThf3Dj4Um80O","zeonglobal","zeonglobal","","2348162316055","0","0","BUSINESS","UMUEZEAMA OFUEME","","ABIA","Christianity","","NIGERIA","","0","0","","activated","2019-11-27 15:55:46"),
("96","96108e58c871c","108","MR & MRS EZE","P/19/0096","$2y$10$a.2awf9dSngwrETMyjhwDenMVWEhAKJ3jgRUqU01xwTG.penx/DyK","zeonglobal","zeonglobal","","2348151600908","0","0","CLERGY","NKATO OKPUALA NKWOEGWU","","DELTA","Christianity","","NIGERIA","","0","0","","activated","2019-11-27 15:59:32"),
("97","97108b01bb619","108","MRS FESTUS NGOZI","P/19/0097","$2y$10$SqqcKJIrPptAsYitu1RlLODuwp0LquBlQUThld8SticxvM6rCXWEO","zeonglobal","zeonglobal","","2347067488507","0","0","TRADER","OFEME-UMU EZEAMA","","ABIA","Christianity","","NIGERIA","","0","0","","activated","2019-11-27 16:03:34"),
("98","98108283cf664","108","MR & MRS ONYEBUCHI","P/19/0098","$2y$10$1Px82OQJ25GZa4htw520KOcYAdqNyFuJAXitC6oub6Xv8Dihv0oWS","zeonglobal","zeonglobal","","2348072948867","0","0","TEACHER","UMUKWULE AFULGIRI","","ABIA","Christianity","","NIGERIA","","0","0","","activated","2019-11-27 16:05:22"),
("99","991082ff90cfb","108","MR & MRS NWOSU","P/19/0099","$2y$10$yolZxRM7yh2jDR14LvN6FuVWOISmJWs5ifRRGwxEnhRpquHAFgfY6","zeonglobal","zeonglobal","","2348168802239","0","0","TEACHER","NKWOEGWU","","ABIA","Christianity","","NIGERIA","","0","1580299557","","activated","2019-11-27 16:08:03"),
("100","10010850384084","108","MR & MRS OKECHUKWU","P/19/0100","$2y$10$90wmEAUZu6iqQ2In0yuffemqP4.anD/G1vzJf/0BjONVG72DLShne","zeonglobal","zeonglobal","","2348136918087","0","0","BUSINESS","AMAOGWUGWU UMUKOKO","","ABIA","Christianity","","NIGERIA","","0","0","","activated","2019-11-27 16:14:43"),
("101","1011086931c715","108","MR & MRS OSONDU","P/19/0101","$2y$10$So5dkVj/mnXVKFKdfRHGvusi1e1mqzdb7NNdJGSXCIHaY0v8CLzVa","zeonglobal","zeonglobal","","2349067128017","0","0","CLERGY","UMUOKOKO AMAOGWUGWU","","ABIA","Christianity","","NIGERIA","","0","0","","activated","2019-11-27 16:20:09");
INSERT INTO parents VALUES
("102","102108449a4e6b","108","MR & MRS UKANDU OGBONNA","P/19/0102","$2y$10$OamZU5SBCOnmuPDeFWMd4eovcRO.k6Xivh5lh2dnbuA9EJhLcMbCa","zeonglobal","zeonglobal","","2348078380528","0","0","TRADER","NKATA LIKE OKAIUGA","","ABIA","CHRISTIANITY","","NIGERIA","","0","0","","activated","2019-11-27 16:28:43"),
("103","103108218d84a0","108","MR & MRS ODIRICHI","P/19/0103","$2y$10$uclD1Ye3uEgcxA2cM1WTquPND8u76WP.lJJ21omro/OgQHjkvgzYi","zeonglobal","zeonglobal","","2348028925632","0","0","BUSINESS","UMUAKAM NKWOEGWU","","ABIA","Christianity","","NIGERIA","","0","0","","activated","2019-11-27 16:31:35"),
("104","1041089acdc9b1","108","MR & MRS AMAEFULE","P/19/0104","$2y$10$Z7xleMttoil.vQwgR9DEz.31gPJQscsAbirPAaFe7o2dFgd8Q4TUa","zeonglobal","zeonglobal","","2347034691753","2348036997562","0","TRANSPORTER","UMUAFIAKA UMUOHURU","","ABIA","Christianity","","NIGERIA","","0","0","","activated","2019-11-27 16:34:58"),
("105","1051087bb2c830","108","MR & MRS CHIDIEBERE","P/19/0105","$2y$10$AaXFGL5ScJntQVwgNzb//O7NhZMmpbx2nKEB/gdPL1f/t4SBkw2.S","zeonglobal","zeonglobal","","2348101527742","0","0","CARPENTRY","AMAOGWUGWU","","ABIA","Christianity","","NIGERIA","","0","0","","activated","2019-11-27 16:36:49"),
("106","106108cf2b2f42","108","MR ASIEGBU CHIMECHEFULAM","P/19/0106","$2y$10$w4.87G9KTj7RywOeo6glPOTr/lWxFR4HFacHn9FN84tvjR1T1eyy2","zeonglobal","zeonglobal","","2348161290592","0","0","CIVIL SERVANT","AMAOGWUGWU","","ABIA","Christianity","","NIGERIA","","0","0","","activated","2019-11-27 16:46:23"),
("107","107108da7ad725","108","MR & MRS HART","P/19/0107","$2y$10$BqhF9X1HGlakC47z/so6tO38Pji33bgpOaGBmZtoXdChdFB6lNaGC","zeonglobal","zeonglobal","","2348034582934","0","0","FARMER","UMUEGWU OKPUALA","","ABIA","Christianity","","NIGERIA","","0","1579579782","","activated","2019-11-27 17:04:56"),
("108","108108e645c737","108","MR & MRS IGWE","P/19/0108","$2y$10$GoZiyXg5B3qO4ZUFdhu0qOxMbpUebPZ/3hVz28Uh7oojXzNQKSira","zeonglobal","zeonglobal","","2340000000003","0","0","CIVIL SERVANT","AFARA IBEKU","","ABIA","Christianity","","NIGERIA","","0","0","","activated","2019-11-27 17:06:44"),
("109","109108deb758ee","108","MR & MRS NLEWEDIM","P/19/0109","$2y$10$5eJl.1q2SWvYCfqwfXEJoeUePny1Orvx/IQ6HKswC1uE0DFVSYQN6","zeonglobal","zeonglobal","","2347083400134","0","0","CIVIL SERVANT","UMUEGWU OKPUALA","","ABIA","Christianity","","NIGERIA","","0","0","","activated","2019-11-28 10:14:21"),
("110","11010899cbdeb2","108","MR & MRS NWAEZE","P/19/0110","$2y$10$7JqbzSrV9nRi9PABXKM.HuhDVraJ.LWigYmOlv0KEoa0k/W1q.x8i","zeonglobal","zeonglobal","","2348035242482","0","0","CIVIL SERVANT","UMUKABIA OKPUALA","","ABIA","Christianity","","NIGERIA","","0","0","","activated","2019-11-28 10:20:17"),
("111","1111089a80a3ee","108","MR & MRS NNAMDI","P/19/0111","$2y$10$P9ItsMjDUIn9d0zHq6X3JeoclckMY.2ygPp/1od0WwIGM4U4oAwzy","zeonglobal","zeonglobal","","2347084788321","0","0","CIVIL SERVANT","NKATA OKPUALA NINOEGWU","","ABIA","Christianity","","NIGERIA","","0","0","","activated","2019-11-28 10:22:29"),
("112","11210873ed4328","108","MR & MRS NWANEAKOLAM","P/19/0112","$2y$10$TMhtyb7Dme6C3gWDKnq./e..kRGgMAWjdh4LHEWdNuq9ZXOqWvNym","zeonglobal","zeonglobal","","2348104309443","0","0","CIVIL SERVANT","ELUGWU UMUOGBA EKEOBA","","ABIA","Christianity","","NIGERIA","","0","0","","activated","2019-11-28 10:25:13"),
("113","1131083fa0e557","108","MR & MRS DANIEL REMI NWOSU","P/19/0113","$2y$10$6pZH0HxcUHKM0ggKrpMskeLd2RmgVbb7DXMtKXlGLNWZKou/4xBJW","zeonglobal","zeonglobal","","2347034463433","0","0","ELECTRICAL TECHNICIAN","UMUOCHI UMUOHURU","","IMO","Christianity","","NIGERIA","","0","0","","activated","2019-11-28 10:28:06"),
("114","11410823136285","108","MR & MRS NWUBANI","P/19/0114","$2y$10$Pp3u0E.08K/hxaJocYUloe/4RfBMWASio3SXS5QVKHn0HGpwXBL1S","zeonglobal","zeonglobal","","2348067914462","0","0","BANKER","AKPAHIA```","","ABIA","CHRISTIANITY","","NIGERIA","","0","0","","activated","2019-11-28 10:30:03"),
("115","1151087df10f8a","108","MT & MRS OGONNAYA","P/19/0115","$2y$10$i6O/Rc6.EtUjYzwcUXcZvuWltx2Zt12yvw4mgh/7ziKpJL0bEI1Uy","zeonglobal","zeonglobal","","2348023429989","0","0","TRANSPORTER","UMUEKWULE AFURIRI","","EBONYI","Christianity","","NIGERIA","","0","0","","activated","2019-11-28 10:35:23"),
("116","11610868380d92","108","MR & MRS ONYEDIKACHI","P/19/0116","$2y$10$Ac0lRHCx5aBj39zEasI24eJHfb83sF3dgqBIn5MsrPiTdhpsARaem","zeonglobal","zeonglobal","","2348038677984","0","0","CLERGY","UMUKABIA OKPUALA","","ABIA","Christianity","","NIGERIA","","0","0","","activated","2019-11-28 10:37:29"),
("117","11710831086e51","108","MR. STEPHEN","P/20/0001","$2y$10$glv8pyPNthqkA4Wc8.I6.uiQ0yPsxH7WmVoEoZVZLnFHQFBuFf7Cu","zeonglobal","zeonglobal","","2347062882735","0","0","TRADER","AFUGIRI","","ABIA","Christianity","","NIGERIA","","0","0","","activated","2020-02-10 11:57:04"),
("118","118108d7803212","108","MR & MRS UGOCHUKWU","P/20/0002","$2y$10$8r87iURAXTAJdqVShi5kEuIgHdCTa2Fl.k1Wp.MPXqadwPFM8qqZC","zeonglobal","zeonglobal","","2349093947337","0","0","TRADER","IHU-OKWU","","ABIA","CHRISTIANITY","","NIGERIA","","0","0","","activated","2020-02-10 12:24:06"),
("119","119108a2c58fd5","108","MRS. NGOZI EZEIGBO","P/20/0003","$2y$10$MahgyKlshgS3ngkmTeDcB.bCp9jny81PAd4xgih2TecbAA5kSZjFW","zeonglobal","zeonglobal","","2349037174745","0","0","HOUSE WIFE","UMUDIAWA","","DELTA","Christianity","","NIGERIA","","0","0","","activated","2020-02-13 13:11:24"),
("120","120108f1f7fa4e","108","MR. & MRS. UCHENNA IGWE ","P/20/0004","$2y$10$Yz89QzKOHkrjjQdjjMsPqOZWBaxovqAZbIrKIXkWvJ.JSs0pxvf76","zeonglobal","zeonglobal","","2348168020778","2348122516334","0","BUSINESS","UMUZEHIRI UMUAGU","","ABIA","Christianity","","NIGERIA","","0","0","","activated","2020-02-13 14:00:01"),
("121","12110886038895","108","MR. & MRS IFEANYI","P/20/0005","$2y$10$M7LZkTYIofSFePYwVfzaCO72IAfaKZX..RbV47AZwiSow92YXYGDW","zeonglobal","zeonglobal","","2347060125497","0","0","MARINE ENGINEER","UMUDIAWA","","DELTA","Christianity","","NIGERIA","","0","0","","activated","2020-02-13 14:09:41"),
("122","12210870bebb69","108","MR. & MRS E.O. OKORIE","P/20/0006","$2y$10$Clm.OWWY7oCbKqo0MeFkTORXW6PhfJ8CiOtzJ9iE./kXrZVeUyCrK","zeonglobal","zeonglobal","","2347032905393","0","0","CIVIL SERVANT","UMUEGWU OKPUALA, AFYGIRI","","ABIA","Christianity","","NIGERIA","","0","0","","activated","2020-02-13 14:15:59"),
("123","1231082016c271","108","MR. & MRS ANTHONY NWOKEOHURU","P/20/0007","$2y$10$WbmKBZSStR/0TT7QlS8tje42O5KbHPzw/VQQXrf6vVQM2qaZQMCI.","zeonglobal","zeonglobal","","2348140869544","234","0","ENGINEER","UMUEZEROLA UMUAWA ALAOCHA","","ABIA","Christianity","","NIGERIA","","0","1635840957","","activated","2020-02-13 14:28:34"),
("124","124108ddd431b2","108","MR. JAMES RIMTIP","P/20/0008","$2y$10$n3QpPyGWx9fZhJrVozi7YeSxvbeEfNWiprTmdEGY21Q4R6HC2Q/Pa","zeonglobal","zeonglobal","","2347065745075","0","0","SECURITY","UMUKABIA OKPUALA","","PLATEAU","Christianity","","NIGERIA","","0","0","","activated","2020-02-13 14:37:41"),
("125","125108a24d5d85","108","MR. & MRS NNABUIHE CHRISTOPHER UGOCHUKWU","P/20/0009","$2y$10$1fBGJmJTof2rz49XfaYvB.2SBRV5MVl1j0Bo1z1mcFbFZVXd/zfbm","zeonglobal","zeonglobal","","2349065129822","2348167701742","0","BUSINESSMAN","UHUOKWU ORIENDU","","ABIA","Christianity","","NIGERIA","","0","0","","activated","2020-02-13 14:42:47"),
("126","1261081856874f","108","HOPE KALU","P/20/0010","$2y$10$Udf1cMwwoeZ1OdiUuFPK9eTd0zZVsugFQP8M2OU20FRYP7PxilXM6","zeonglobal","zeonglobal","","2348140013965","0","0","BUSINESSWOMAN","UMUAFIAKA OKAIUGA NKWOEGWU","","ABIA","Christianity","","NIGERIA","","0","0","","activated","2020-02-13 15:00:22"),
("127","12710895acc53a","108","MR. UGBO EMMANUEL ","P/20/0011","$2y$10$ibesKVf27dsFVX5Z4b8C2uNsTkwhSHP96UEHodGlHcF3x2tZO/RpO","zeonglobal","zeonglobal","","2348184629087","2348034807725","0","MILITARY ","AMAOGWUGWU","","ABIA","Christianity","","NIGERIA","","0","0","","activated","2020-02-13 15:08:38"),
("128","1281095e122f40","109","MR & MRS AZUBUIKE AMAECHI","P/20/0012","$2y$10$APzJ4BTyzI7ctujArrS5PeyCtGiGipzrGk8N2aoOTvXLs8wrNMBGe","zeonglobal","zeonglobal","","2348087575362","0","0","TRADER","UMUEZEOMA UHUALA","","ABIA","Christianity","","NIGERIA","","0","0","","activated","2020-02-14 11:46:47"),
("129","1291097b58abda","109","MR & MRS BASIL CHIKWENDU","P/20/0013","$2y$10$JfGojvPoEF3w0lGh8bLIq.1aC1G2o5AQIiATixH54tt91ryylFRh6","zeonglobal","zeonglobal","","2347032959348","0","0","TEACHER","NKATA-ALIKE NKWOEGWU ","","ABIA","Christianity","","NIGERIA","","0","0","","activated","2020-02-14 11:51:55"),
("130","130109bd925d86","109","MR EJIOGU","P/20/0014","$2y$10$GD.f5rq7ZpcFCjTte6mm1ezHocUtiG5xrUTysQb99BtrRRRVaUxBm","zeonglobal","zeonglobal","","2347069244849","0","0","SELF EMPLOYED","UMUOSU OKAIUGA NKWOEGWU","","ABIA","Christianity","","NIGERIA","","0","0","","activated","2020-02-14 11:55:55"),
("131","1311092f75f68e","109","MRS. NWAIWU","P/20/0015","$2y$10$7o5sM5zvHXnzuc7F0aMnj.wiX/YpTqJGepm7sVFSmlsxUjOz7HXnW","zeonglobal","zeonglobal","","2348058535954","0","0","RETIRED TEACHER","NKATA-ALAOCHA","","ABIA","CHRISTIANITY","","NIGERIA","","0","0","","activated","2020-02-14 12:06:47"),
("132","132109b389c454","109","MR & MRS ENYERIBE","P/20/0016","$2y$10$pRJDy1wZ0OXEollVlyO.MeDY5sgYIeJVd4BC5j/m2LL5QBJ96tFQW","zeonglobal","zeonglobal","","2349031116490","0","0","BUSINESS WOMAN","UMUAKAM OKAIUGA NKWOEGWU","","ABIA","Christianity","","NIGERIA","","0","0","","activated","2020-02-14 12:21:15"),
("133","133108bdb4e5b7","108","MR & MRS. FRANK EJIKE","P/20/0017","$2y$10$fgssVG4Y3Qb3d8IERA7rHef/Vonbt2RDKgS3Qd9GDwlB34c9A2l9.","zeonglobal","zeonglobal","","2348105082254","0","0","ENGINEER","EGWUNAELEKE OKAIUGA NKWOEGWU","","ABIA","CHRISTIANITY","","NIGERIA","","0","0","","activated","2020-02-14 16:30:59"),
("134","13410863421bd7","108","OROKEZE MONDAY BONIFACE","P/20/0018","$2y$10$xi3HrETCo4FXPGFDFe7/l.cRDehB5ogXvfyx67ED6yTPFnTHzF3Yi","zeonglobal","zeonglobal","","2348030709306","0","0","CIVIL SERVANT","UMUAWA ALA-OCHA","","ABIA","Christianity","","NIGERIA","","0","0","","activated","2020-02-14 20:09:50"),
("135","13510874dc7b3a","108","MRS. MARIA NKANU","P/20/0019","$2y$10$Z3mFFUcupmgUDQxkM/cMp.EzRafR28gC1.mk1tvEX8inN1PQ2cuye","zeonglobal","zeonglobal","","2348178121684","0","0","SELF EMPOLYED","UMUOCHI","","CROSS RIVER","Christianity","","NIGERIA","","0","0","","activated","2020-02-14 20:17:04"),
("136","1361081a01a3bb","108","MRS NKWOCHA BASILIA","P/20/0020","$2y$10$yEl4lhwMEqzTLS8LPMcb0uNgUc5EWhM.0RyjS1IN7l1.FKlkn8bDe","zeonglobal","zeonglobal","","2347069163113","0","0","TEACHING","UMUKABIA OKPUALA","","IMO","Christianity","","NIGERIA","","0","0","","activated","2020-02-14 20:29:20"),
("137","13710856fd31b9","108","MR & MRS. ABUCHI OBROCHI","P/20/0021","$2y$10$vLqEyqnHOKzESAAkC.k6.ebWFWciYAMVPH4iChQMN1D4yP024njH2","zeonglobal","zeonglobal","","2348107113241","0","0","HAIR DRESSER","UMUOCHI OKAIUGA NKWOEFGWU","","ABIA","CHRISTIANITY","","NIGERIA","","0","0","","activated","2020-02-14 20:35:21"),
("138","1381082b36911c","108","PASTOR & DEACONESS SAMUEL EBUKA OKORIE","P/20/0022","$2y$10$V7hZC.M3hgw5yhfliitEUOtMOBNlZhYCoUaQpKnnpjCmz6JWzr..O","zeonglobal","zeonglobal","","2348135076755","0","0","CLEGY","UMUOCHI UMUOHURU NKWOEGWU","","ABIA","CHRISTIANITY","","NIGERIA","","0","0","","activated","2020-02-14 20:52:41"),
("139","139108cd6d727e","108","MR CHIMA","P/20/0023","$2y$10$fAcWQj2lU85t.oUJgEenF.uBFAgoCZB3Yfoqsgb7esz0K0WvyMDs2","zeonglobal","zeonglobal","","2347067676007","0","0","MECHANIC ENGINEER","AKPAHIA OKPUALA","","ABIA","Christianity","","NIGERIA","","0","0","","activated","2020-02-14 21:00:16"),
("140","1401081a7ca92e","108","MR & MRS. ONYEKACHI ERIGBUO","P/20/0024","$2y$10$YOiqkzzA4c7iZgSQSs5j6eIbh6esv97QPXb6YTNIhG7CAaQK/6hE2","zeonglobal","zeonglobal","","2348134298995","0","0","CIVIL SERVANT","UBAHA","","IMO","CHRISTIANITY","","NIGERIA","","0","0","","activated","2020-02-17 09:25:57"),
("141","1411089e63b2c8","108","MR UDOJI ONYEIKE","P/20/0025","$2y$10$9ULmVp9Ho1KNVtDoYkj1IObqpHYu/G22aLkZKYy0uKZlf/6bEoeKm","zeonglobal","zeonglobal","","2348030530469","0","0","SELF-EMPLOYED","UMUEGWU OKPUALA","","ABIA","Christianity","","NIGERIA","","0","0","","activated","2020-02-17 12:03:40"),
("142","142108ba7a668d","108","MRS. OBIESIE HELEN","P/20/0026","$2y$10$62DiDzN139YAw2l6noSFOOTrGhpyrShZ7nqRax421tELV50Pf5psW","zeonglobal","zeonglobal","","2347032720850","0","0","TRADER","UHUALA OFEIYI","","ABIA","Christianity","","NIGERIA","","0","0","","activated","2020-02-19 08:58:39"),
("143","1431082f17bd9e","108","MR & MRS. IKPECHUKWU","P/20/0027","$2y$10$Gu0.Dzs7HYHpRh6uy9FQJ.iGHnAcWj.bEC9asIafkTHs0lJOrnfMm","zeonglobal","zeonglobal","","2340706604699","0","0","CIVIL SERVANT","AMAOHORO NKPA","","ABIA","Christianity","","NIGERIA","","0","0","","activated","2020-02-19 09:14:55"),
("144","144108cb31d81f","108","MR & MRS DIKE","P/20/0028","$2y$10$QlfwTbBjx5G3BkUw5p1rXuPK9EpbmEvrl7uUYwn6IYnK3GhUhC8lu","zeonglobal","zeonglobal","","2347036657614","0","0","CARPENTER","OKAIUGA NKWOEGWU","","ABIA","Christianity","","NIGERIA","","0","0","","activated","2020-02-19 09:21:09"),
("145","145108688ba885","108","MRS. FAVOUR AZUBUIKE","P/20/0029","$2y$10$TrV4yS8AbVGofn0KBDumGeU69xvMyP4UeNeO87IBkSSHuoHUPG5Be","zeonglobal","zeonglobal","","2347063328230","0","0","TRADER","UMUAKAM NKWOEGWU","","ABIA","Christianity","","NIGERIA","","0","0","","activated","2020-02-19 09:29:44"),
("146","14610806035cf2","108","HON & MRS ABRAHAM","P/20/0030","$2y$10$U60.6dUNxQQ.EIl0jv1ex.WoCtSLPC/l52swsTVW.zk6l00LAIiU6","zeonglobal","zeonglobal","","2347082441978","0","0","CIVIL SERVANT","UMUEZEAMA UDE OFEME","","ABIA","Christianity","","NIGERIA","","0","0","","activated","2020-02-19 09:37:54"),
("147","14710801133c5c","108","MR & MRS UCHECHUKWU","P/20/0031","$2y$10$NZ84.jsAlUSDU/9tPQVzZOgZce1UIR/SffgamMhk146Tp4qc..28K","zeonglobal","zeonglobal","","2347059474536","0","0","SEAMESTRES","NKATA-ALIKE NKWOEGWU","","ABIA","Christianity","","NIGERIA","","0","1636034149","","activated","2020-02-19 09:49:31"),
("148","1481087948a985","108","MR. KINGSLEY KINGSWAY JOHN","P/20/0032","$2y$10$BxnysTgWRf2VK4gk5q9.mODMw6FZ8EDGGDjPfKGF2E207n6wfRLiK","zeonglobal","zeonglobal","","2347064987384","0","0","ENGINEER","ONOKAOGWU AMAOGOGU ","","ENUGU","CHRISTIANITY","","NIGERIA","","0","0","","activated","2020-02-21 12:00:36"),
("149","149108d4f69038","108","MR & MRS SUNDAY","P/20/0033","$2y$10$KWYsgPue7ZH.b9TMj0NEpeEauEZnZ1mCKBo9kcKn1k/aJi4iVpgiq","zeonglobal","zeonglobal","","2348163906102","0","0","MECHANIC","AMAOGWUGWU","","ABIA","Christianity","","NIGERIA","","0","0","","activated","2020-02-24 14:36:50"),
("150","1501089ea0132c","108","MR & MRS. CHINEDU IWU","P/20/0034","$2y$10$bFzfsNZy.j/HLVqPo3S7Nu29sByrM4ZBcfM7vltKpZ.pPSAsXqMG2","zeonglobal","zeonglobal","","2348140870173","0","0","TRADER","UMUEZEAMA AZUMMIRI OFEME","","ABIA","Christianity","","NIGERIA","","0","0","","activated","2020-02-24 14:53:09"),
("151","151109b4129f2b","109","MRS CHIKWENDU","P/20/0035","$2y$10$PbYyaGNqeALNGMa11UkWKu4dn7ryDKKJq9pW3za5YAe.QzUD/xeJ2","zeonglobal","zeonglobal","","2349026445429","0","0","SELF EMPLOYED","UMUOHURU NKWOEGWU","","ABIA","Christianity","","NIGERIA","","0","0","","activated","2020-02-24 15:29:36"),
("152","15210807fc7f84","108","MR. AJOMIWE EMEKA","P/20/0036","$2y$10$PfxJB9iC8I2QzjTpw3Tv5.jQl4G8gZZlmUchHpHEhs.Fpc1V5diMO","zeonglobal","zeonglobal","Justinkooljay@gmail.com","2348165279649","0","0","BUSINESS","UHUOKWU","","ABIA","Christianity","","NIGERIA","","0","1630058838","","activated","2020-03-12 12:56:42"),
("153","15310957e54c8d","109","MR. CHIBUNNA","P/20/0037","$2y$10$/F8OQlFIcLWFBmM1Rd0qt.QAwCyeplirBhEu1F.wueHkYjG32bFMe","zeonglobal","zeonglobal","","2349029892389","2347035713597","0","SELF EMPLOYED ","IHUOKWU","","ABIA","Christianity","","NIGERIA","","0","0","","activated","2020-03-12 13:07:22"),
("154","1541091769535d","109","MR. DIKE","P/20/0038","$2y$10$JJdyEeU3Gz7kQ9nnZWKAxuUDZRk.CplIA7jA4wWr9yEKpD4IfENXW","zeonglobal","zeonglobal","","2348067805024","0","0","CARPENTER","NKATA OKPUALA. NKWOEGWU","","ABIA","Christianity","","NIGERIA","","0","0","","activated","2020-03-12 13:10:00"),
("155","1551098595dc43","109","MR. CHINEDU","P/20/0039","$2y$10$mjNWqLWpIfMw0a4Fu8wpK.E5TNVYvDc4mW1MbuqneyFIydZRxd.Xy","zeonglobal","zeonglobal","","2349030860162","0","0","CARPENTER","UHUOKWU","","ABIA","Christianity","","NIGERIA","","0","0","","activated","2020-03-12 13:11:44"),
("156","1561089d3740b4","108","MR/MRS EMMANUEL","P/20/0040","$2y$10$lCkzDLrPSAkL6IvbJKNtj.codTX9s.Gkil7O2e.PRXSZIPlc2hAXW","zeonglobal","zeonglobal","","2348068410945","0","0","TRADER","NKATA-ALAIKE","","ABIA","Christianity","","NIGERIA","","2","1639827539","","activated","2020-10-14 10:31:44"),
("157","157108656cbf6c","108","MR/MRS MESORONYE CHIDIEBERE","P/20/0041","$2y$10$2qBjrGJxS7lBrSuGoBWtWuujUkg1F/j2lEYMY28SbHpluS7cVKXiu","zeonglobal","zeonglobal","","2349020085351","0","0","TRADER","UBAHA","","ABIA","CHRISTIANITY","","NIGERIA","","0","0","","activated","2020-10-14 10:49:33"),
("158","15810862eea400","108","MR/MRS SAMPSON AMARACHUKWU","P/20/0042","$2y$10$WvfKaeLoqdVhjEqReq398eMu9uaQHTorjf3ObT7juuUmq.l1foRxC","zeonglobal","zeonglobal","","2348174233850","0","0","TRADER","AMAOGWUGU","","ABIA","Christianity","","NIGERIA","","0","0","","activated","2020-10-14 10:55:01"),
("159","15910976bccc71","109","NWAMANZE NWANNEAKOLAM","P/20/0043","$2y$10$q2aXR/TXwNK6dlI2fMjcxuYJlwuCihnpUjkyDnSpCDT4V7rg/pj7e","zeonglobal","zeonglobal","","2348104309445","0","0","CIVIL SERVANT","ELUEGWU UMUOGBA EKEOBA","","ABIA","Christianity","","NIGERIA","","0","0","","activated","2020-11-02 10:00:21"),
("160","160108aeaebc74","108","CHUKWUEMEKA HAPPINESS","P/20/0044","$2y$10$esKAye/jbsnju.JMF7UrJOHSRKVMTYNMZx7BqTtB8lvGa3QLvpaty","zeonglobal","zeonglobal","","2349016528789","0","0","TRADER","MGBOKO OKAIUGA NKWOEGWU","","ABIA","Christianity","","NIGERIA","","0","0","","activated","2020-11-05 09:34:47"),
("161","161108f407aafd","108","REV JONATHAN EGBE","P/20/0045","$2y$10$kt6FtIaXGrUTljfsoDA6C.3xm.fGCMZpNiLVZ.Uua6dI80UZIYQny","zeonglobal","zeonglobal","","2347086867089","0","0","CLERGY","METHODIST CHURCH AAMAOGWUGWU","","ABIA","Christianity","","NIGERIA","","0","0","","activated","2020-11-09 08:25:48"),
("162","1621087bfeaa48","108","MRS ANDERSON RUTH","P/20/0046","$2y$10$yks.2yngaYw86w1HWJLxcuxozANhSjg7xkbsmvXzYcTMsWm4pM60y","zeonglobal","zeonglobal","","2347083074325","0","0","TRADER","UMUEGWU OKPUALA AFUGIRI","","ABIA","CHRISTIANITY","","NIGERIA","","0","0","","activated","2020-11-09 13:37:21"),
("163","16310820f34c9f","108","MR/MRS PEACE ND-IKE","P/20/0047","$2y$10$cGXbtpYsbmj.sdq8elDE/eaA5yZb7T2/PEhWKCWEfABmi0HCu0jTO","zeonglobal","zeonglobal","","2347062172887","0","0","HAIR DRESSER","UMUAFIAKA","","ABIA","CHRISTIANITY","","NIGERIA","","0","0","","activated","2020-11-13 10:20:56"),
("164","164108246a4ae0","108","MR/MRS ONYEKACHI","P/21/0001","$2y$10$qYULUo4P0.UyFhLflSV41uDx.eV0VLDH/pq3tnLOA48UV4cUTMl1m","zeonglobal","zeonglobal","","2348063008449","0","0","PASTOR","UMUAFIAKA OKAIUGA NKWOEGWU","","ABIA","CHRISTIANITY","","NIGERIA","","0","0","","activated","2021-02-05 09:41:43"),
("165","165109f3be3e21","109","MR/MRS ERUGO","P/21/0002","$2y$10$suA9LUC6ZBnOv42mLRXusOHmgMHLYTB3XKuyWKV/sa.1ix5yDdqh6","zeonglobal","zeonglobal","","2347055442255","0","0","FARMER","UHUOKWU","","ABIA","Christianity","","NIGERIA","","0","0","","activated","2021-02-05 09:54:40"),
("166","166109276b3563","109","MRS IHUOMA UKEAGU","P/21/0003","$2y$10$Ti9GCxJ0oOJZqYzaBXDZ2u/fnEo5i0Txv4yRaSXbW/XcYmg7/H5mu","zeonglobal","zeonglobal","","2349030670400","0","0","FARMER","UMUEKWULAGU UHUOKWU","","ABIA","Christianity","","NIGERIA","","0","0","","activated","2021-02-05 10:01:10"),
("167","16710875c87dbb","108","MRS NWACHUKWU","P/21/0004","$2y$10$BZnV2L5wEq.fyvxNh3t2tu.ZZewaKS5ABCiq5QO.pmAEbLsBXNHX2","zeonglobal","zeonglobal","","2347037957027","0","0","SELF EMPLOY","OKIUGA","","ABIA","CHRISTIANITY","","NIGERIA","","0","0","","activated","2021-02-05 10:41:45"),
("168","168108dbfcb879","108","MR/MRS JOSHUA IHEANYICHUKWU","P/21/0005","$2y$10$Aw4RNr4JDAKvhXvK51Nj1u3MOgNd6I4qTgvQrB.VsbHu5LcZRKO1u","zeonglobal","zeonglobal","","2348066801293","0","0","ENGINEER","UMUIHE UMUOGBA EKEOBA","","ABIA","CHRISTIANITY","","NIGERIA","","0","0","","activated","2021-02-05 10:47:40"),
("169","169108ed1280ab","108","MR/MRS EKENYERE","P/21/0006","$2y$10$VfmZ2ET0bjcsnp4BPUs5Ju.Kt2RGaMRAVuj4gekae5aVGTzz3t.Fa","zeonglobal","zeonglobal","","2347033068207","2348034410083","0","BUSSINESS","UMUIHE UMUOGBA EKEOBA","","ABIA","Christianity","","NIGERIA","","0","0","","activated","2021-02-05 10:57:14"),
("170","170109914b04e7","109","MR/ MRS EMENIKE CHILAKA","P/21/0007","$2y$10$e4ShRe9AJDO9m2rde2V3FO7HD3z5gQWJ8n3JA3d6wRCs7GjzR.dG.","zeonglobal","zeonglobal","","2347030814949","0","0","BUSSINESS","UMUIHE EKEOBA","","ABIA","CHRISTIANITY","","NIGERIA","","0","0","","activated","2021-02-05 12:45:11"),
("171","171108c2f357d7","108","MR/ MRS CHINEDU IHECHI","P/21/0008","$2y$10$kT2cp6q1Ngi7TE0elInwaufcg8dO98nIgleEcbHpRrOJ1va.ZR5hW","zeonglobal","zeonglobal","","2349018037902","0","0","HAIR DRESSER","UMUKABIA","","ABIA","Christianity","","NIGERIA","","0","0","","activated","2021-02-07 12:58:00"),
("172","1721087b340b0b","108","MR/ MRS CHUKWUNYETE","P/21/0009","$2y$10$.tX4uTzOlmNb.QEWIpELSezPh/gvPihQtFdt2NgKm1/lz2dBkNl1C","zeonglobal","zeonglobal","","2347032928719","0","0","BUSINESS","UHUOKWU","","ABIA","CHRISTIANITY","","NIGERIA","","0","0","","activated","2021-02-07 14:20:18"),
("173","1731083ccaeda8","108","MRS CHIDINMA","P/21/0010","$2y$10$n3md09RuFTYC.xuZ8zOAjeiKmlXjJtOW4DN4LtWrWNxQtXaYEFp0a","zeonglobal","zeonglobal","","23480","0","0","BUSINESS","UMUOSU","","ABIA","CHRISTIANITY","","NIGERIA","","0","0","","activated","2021-02-07 14:24:14"),
("174","17410858a2b130","108","STELLA ONYENATURUCHI NDUKWEM","P/21/0011","$2y$10$JcyS0Kh9goHpAYXR7FxF9.JPjavPpVRGu3tJCNqVmTWPWG81ylcUy","zeonglobal","zeonglobal","","2348076320651","2348133816282","0","BUSINESS","UMUKABIA OKPUALA","","ABIA","CHRISTIANITY","","NIGERIA","","0","0","","activated","2021-02-07 14:36:26"),
("175","1751081ed38f56","108","MRS CAROLINE OKEBINAMA","P/21/0012","$2y$10$e7eD90vodR7EEQmLSoBozO6g35e4Ea2xVzjday98BT6vGynK72S/y","zeonglobal","zeonglobal","","2347043749852","0","0","HA I R DRESSER","OBOWU/ UMUAWA","","ABIA","CHRISTIANITY","","NIGERIA","","0","0","","activated","2021-02-07 14:41:56"),
("176","176108352c491b","108","MR/MRS NGWU OLUWALE","P/21/0013","$2y$10$FluBqmA9M3h058dXa0TCMeFMOCXYb2GOyVB0tCzHkPxoeYB2Hn6eC","zeonglobal","zeonglobal","","2349066592284","2348148695845","0","BUSINESS","UMUAWA","","CROSS RIVER","Christianity","","NIGERIA","","0","0","","activated","2021-02-07 14:47:38"),
("177","177108982c38df","108","MRS IKEDICHI SPLENDOR","P/21/0014","$2y$10$4v5SUQJo4Tz0jrmz5xSGxOHM4tPvhcTQRuK2HzRcJv4nTWvTgHBWa","zeonglobal","zeonglobal","","2347031092463","0","0","TEACHER","UMUAGU","","ABIA","CHRISTIANITY","","NIGERIA","","0","0","","activated","2021-02-08 14:08:05"),
("178","1781080563332a","108","MR/ MRS OBIUTO FESTUS","P/21/0015","$2y$10$b2PivRf3GVyQLQZ6.PYZP.F0yLcn98D2LiLhNMEjZqv2cggndT4Gy","zeonglobal","zeonglobal","","2348101720933","2348166587745","0","BUSINESS","NKATA ALAIKE","","ABIA","CHRISTIANITY","","NIGERIA","","0","0","","activated","2021-02-08 14:12:57"),
("179","1791080e6d84a0","108","MRS ONUOHA","P/21/0016","$2y$10$e8clkSfoCa2aH1MqTbFtt.lx1uNsycQpBKwI.fx2vCZNxNGx/LGbq","zeonglobal","zeonglobal","","2348107439455","0","0","NURSING","UMUNGASI","","ABIA","Christianity","","NIGERIA","","0","0","","activated","2021-02-11 20:07:19"),
("180","18010819043de0","108","VIVIAN SAMSON","P/21/0017","$2y$10$2Pk4.WUTPQyAeo9sTCpJp.EkQcEPMxR1Tu33vht/8XjOgkF.ZLFwa","zeonglobal","zeonglobal","","2348130292330","0","0","BUSINESS","UMUAFIAKA.ACROSS EXPRESS","","ABIA","CHRISTIANITY","","NIGERIA","","0","0","","activated","2021-02-12 11:06:45"),
("181","1811085e3467ef","108","MR/MRS OBIOMA","P/21/0018","$2y$10$BZ7POxMfWJdzBCkzNh07DuzuRJnOyaZIv4mFB5x9RVZhLPY5EWsCq","zeonglobal","zeonglobal","","2348137508531","0","0","BUSINESS","UMUEZEIHE UMUAGU","","ABIA","Christianity","","NIGERIA","","0","0","","activated","2021-02-12 11:09:54"),
("182","18210878d74747","108","MR/MRS EZEOGU","P/21/0019","$2y$10$acyGeXF0CU8FWgyIy4khGuSMnevgKJbuhIwIokpNMweodHtYHrim2","zeonglobal","zeonglobal","","2348178484342","0","0","BUSINESS","MGBOKO OKIAUGA NKWOEGWU","","ABIA","CHRISTIANITY","","NIGERIA","","0","0","","activated","2021-02-22 14:11:18"),
("183","183108cdf80b48","108","MR/MRS INNOCENT","P/21/0020","$2y$10$S7cCpNkhKzeKW3B5ZYLOEu7ponZa2AIj7J5OlWJ4GC6BxNf8CeSlm","zeonglobal","zeonglobal","","2349096068955","0","0","BUSSINESS","UMUAFIAKA","","IMO","Christianity","","NIGERIA","","0","0","","activated","2021-03-03 11:58:31"),
("184","184108325e3742","108","MR/MRS NWACHI PETER","P/21/0021","$2y$10$RK40nax/FQ32thq.q0KV..tPPsvArsvtJPCL7fhdds56bl/xaTWEC","zeonglobal","zeonglobal","","2348125177354","0","0","BUSINESS","NKATA-ALIKE","","ABIA","CHRISTIANITY","","NIGERIA","","0","0","","activated","2021-03-09 13:33:26"),
("185","1851085ced9d91","108","MRS/MRS OYESOM","P/21/0022","$2y$10$Q83htEc.97SJ6YbIzzdXIeJrlQ1K.rzOfg/gBx1/aUfXDtCn/f2NS","zeonglobal","zeonglobal","","2348067611461","0","0","FARMER","UMUIHE EKEOBA","","ABIA","CHRISTIANITY","","NIGERIA","","0","0","","activated","2021-03-09 13:36:53"),
("186","186108454d0548","108","MR/MRS OKWUDIRI ANYA","P/21/0023","$2y$10$kPbvGjQaWosPex/MO.fNcOIScCJNgFf4Sc3vVeLZJFnoXyXdHw4BK","zeonglobal","zeonglobal","","2347038353600","0","0","FASHION DEISGNER","AKPAHIA","","IMO","CHRISTIANITY","","NIGERIA","","0","0","","activated","2021-03-09 13:41:24"),
("187","18710890cc301b","108","MR/MRS CHIWENDU","P/21/0024","$2y$10$hydaWHSNdvuz5EHbRpxxauxAS58moBu8SxNHi8BqMolkk.IuquQKu","zeonglobal","zeonglobal","","2348102693924","0","0","BUSINESS","NKATA- OKPUALA","","ABIA","Christianity","","NIGERIA","","0","0","","activated","2021-03-09 13:45:12"),
("188","188108276d5256","108","MR/MRS CHIDIEBERE","P/21/0025","$2y$10$ozk3IEj7TRM5YsZyvBnzOeAmgxXQpzHkDBPoHsrMXFYPpdN3s6mSy","zeonglobal","zeonglobal","","2348067133934","2348065835435","0","CIVIL SERVANT","UMURUM EKEOBA","","ABIA","CHRISTIANITY","","NIGERIA","","0","0","","activated","2021-03-09 14:20:24"),
("189","189108229e0fed","108","MR/MRS MCHEREONYE CHIGBONKPA","P/21/0026","$2y$10$2UvUjdVuYwAjLX.kgfxFjOT7REqTyAn7xdJmL2wLTT46yRWQHbaG2","zeonglobal","zeonglobal","","2348176025267","0","0","TRADER","AMAOGWUGWU","","IMO","CHRISTIANITY","","NIGERIA","","0","0","","activated","2021-03-09 14:28:17"),
("190","190108c00137ec","108","MR/MRS SUNDAY AMARACHI","P/21/0027","$2y$10$xEljP.4WF.tBLdDZUOJpp.HhqeSDVytkTiYhLyKKtKHaOqLRsiszi","zeonglobal","zeonglobal","","2348182137644","0","0","HAIR DRESSER","NKWOEGWU","","IMO","Christianity","","NIGERIA","","0","0","","activated","2021-03-12 08:16:46"),
("191","191109cd3cb366","109","MR/MRS GODWIN EZE UGBOR","P/21/0028","$2y$10$uFgDkQUFFlu7pl7gT.LwCuNP/CLWvmfJ4gRMk.UTLTf/OIE1wFkF2","zeonglobal","zeonglobal","","2347038875575","0","0","TEACHER","AMAOGWUGWU","","ABIA","Christianity","","NIGERIA","","0","0","","activated","2021-04-29 11:49:15"),
("192","192109d678ca59","109","MR/ MRS IKECHUKWU TIMOTHY","P/21/0029","$2y$10$pqMxGU.2ZK92TO3eKbZRYOI9BNuw9.d6LskCY9kqyiDI/lFayO5EK","zeonglobal","zeonglobal","","2348069655547","0","0","DRIVER","UMUAFIAKA UMUOHUHU","","ABIA","CHRISTIANITY","","NIGERIA","","0","0","","activated","2021-04-29 11:53:59"),
("193","193109cafbb253","109","MR/MRS CHIDIEBERE","P/21/0030","$2y$10$9yALH1QnSsCsEwZ92NY4DetC1pGuJW5gmjh3nbUbnw.uwXXatNHUC","zeonglobal","zeonglobal","","2347039185392","0","0","BUSINESS","OKAIUGA NKWOEGWU","","ABIA","Christianity","","NIGERIA","","0","0","","activated","2021-04-29 12:02:45"),
("194","19410881216c94","108","NGOZI OKORAFOR","P/21/0031","$2y$10$ncIbpxPQdtpcRvFBPibjAOKAB2BfbDGXYupAhZlnBQPnaPOLJNhd2","zeonglobal","zeonglobal","","2347032900569","0","0","PROPRIETOR","UMUAWA","","ABIA","CHRISTIANITY","","NIGERIA","","0","0","","activated","2021-04-30 10:27:25"),
("195","195108ba5ab321","108","MR/MRS NDUBUISI MADUMERE","P/21/0032","$2y$10$si/r2HIkzbSOHXNAjd72NuNXAJOhzcemx..r9N09w3d./SKMzK5S.","zeonglobal","zeonglobal","","2348032063244","0","0","TRANSPORTER","MGBOKO","","ABIA","CHRISTIANITY","","NIGERIA","","0","0","","activated","2021-04-30 10:37:23"),
("196","1961086ffe7cd9","108","MR/MRS ANYANWU","P/21/0033","$2y$10$WEp0PoYI8/1UqISOTLlytOVKRWwTxT5SgYTufI6G.CbOGyweDvAyW","zeonglobal","zeonglobal","","2348080894844","0","0","BUSSINESS","NKATA ALAIKE","","IMO","CHRISTIANITY","","NIGERIA","","0","0","","activated","2021-04-30 11:31:59"),
("197","19710863ff3f98","108","MR/MRS UGOCHUKWU","P/21/0034","$2y$10$B4YMYeoYMWpnCf5eX.17rOHqe.r36oh/w6HfhhPczbhftrbwv.Xa.","zeonglobal","zeonglobal","","2349135489926","0","0","TRADER","UHUOKWU","","ABIA","CHRISTIANITY","","NIGERIA","","0","0","","activated","2021-04-30 11:51:13"),
("198","19810836093f58","108","REV/MRS MICHEAL UMEH","P/21/0035","$2y$10$4YSIEeHiwCgamzeP2IA9Ee.rSv9kDeAk3ub1RTRiirXdsBq9p.vkO","zeonglobal","zeonglobal","","2348035830901","0","0","MINISTER","NKATA ALAIKE","","ABIA","CHRISTIANITY","","NIGERIA","","0","0","","activated","2021-04-30 12:16:37"),
("199","19910810503550","108","MR/MRS CHIDINMA","P/21/0036","$2y$10$PvT/4Zg7K9UEYNQAUkIBtOxy7xWbGBBN.YMoOOJ/iI0/tYs.Ka7FK","zeonglobal","zeonglobal","","2340000","0","0","BUSSINESS","UMUOSU","","ABIA","CHRISTIANITY","","NIGERIA","","0","0","","activated","2021-04-30 12:54:19"),
("200","200108a6736259","108","MR & MRS CHINEDU","P/21/0037","$2y$10$bLpDd3kdT0dCholEQXxYquuQz9IgPrtuMHtxSbgTDKt/Umv.hRqda","zeonglobal","zeonglobal","","2348038894170","0","0","CIVIL SERVANT","UMUIHI","","ABIA","CHRISTIANITY","","NIGERIA","","0","0","","activated","2021-05-07 11:51:45"),
("201","2011083a9a368b","108","MR/MRS  ONYEMAECHI","P/21/0038","$2y$10$cVdttVV1ThrgnFdIdDU7HeBd9RmzPrsqMToSQapiYfRdzKUs6LmZu","zeonglobal","zeonglobal","","23490","0","0","FARMER","OFEME UMUEZEAMA","","ABIA","CHRISTIANITY","","NIGERIA","","0","0","","activated","2021-06-15 09:36:36");
INSERT INTO parents VALUES
("202","202108f7d2966e","108","MR/MRS NWANKWO CHIMA","P/21/0039","$2y$10$/HHSTAg10nYD62AcONKB2eq3Qu99T7qZz3lKQeD.qh4qLPhGcd7Pe","zeonglobal","zeonglobal","","2348037498585","0","0","BUSINESS","UMUIHE","","ABIA","CHRISTIANITY","","NIGERIA","","0","0","","activated","2021-06-24 11:05:58"),
("203","203108d10c8d9f","108","MR/MRS CHUKWUEMEKA","P/21/0040","$2y$10$JlzoQdHQZBqjS.2foaCvxurQcIyDLaS22Mtsizl0UJH3qoMOMb1n2","zeonglobal","zeonglobal","","2348065428773","0","0","BUSINESS MAN","NKALA-ALIKE OKAIUGA NKWOEGWU","","ABIA","CHRISTIANITY","","NIGERIA","","0","0","","activated","2021-06-24 11:09:55"),
("204","2041081bcbcffc","108","UDEUGBU EBERECHI LOIS","P/21/0041","$2y$10$I47UJ0FeI5K0Sdm4rzODrOYkS/NiYkuUc9WVeiEyKolKjTKatCBPC","zeonglobal","zeonglobal","","2348135992664","0","0","CIVIL SERVANT","UMUEGWU OKPUALA AFUGIRI","","ABIA","CHRISTIANITY","","NIGERIA","","0","0","","activated","2021-06-24 11:15:29"),
("205","2051088972f069","108","MR/MRS ALOZIE OSUAGWU","P/21/0042","$2y$10$tj4WmGZAoeAaqGcWJu2UbuOr9W6AB1a5Voh0Nhy9OykEdRzKyMR7C","zeonglobal","zeonglobal","","2348063658432","0","0","TEACHER","EKEOBIA","","ABIA","CHRISTIANITY","","NIGERIA","","0","0","","activated","2021-06-24 11:18:08"),
("206","206108dc20412d","108","MRS UCHECHUKWU CHINAZUM","P/21/0043","$2y$10$L0oIOAcKIDJvl/dhSY8cre.q5.lMyQeKCy9OaCoToLabTdwSSKzF.","zeonglobal","zeonglobal","","2348142448901","0","0","TRADER","OKAIUGA NKWOEGWU","","ABIA","Christianity","","NIGERIA","","0","1636035092","","activated","2021-06-24 11:44:11"),
("207","207109304b6b70","109","MR/MRS MOSES NNAMOCHA","P/21/0044","$2y$10$rpy1timbP4PQZg1ibckhzOSwz4Qb4P613X0M5WWAll85wQY7XwNx6","zeonglobal","zeonglobal","","2348072115654","0","0","FARMER","UMUAGU","","IMO","Christianity","","NIGERIA","","0","0","","activated","2021-07-27 10:01:38"),
("208","208108f5005875","108","MRS BEKEE JOY OLUCHI","P/21/0045","$2y$10$ktuRee5MvJUjfHExitwxKOnrWzW5N0MmRa/lkDDWGeeybPBwIHhq.","zeonglobal","zeonglobal","","2348087656063","0","0","BUSSINESS","UBAHA","","ABIA","Christianity","","NIGERIA","","0","0","","activated","2021-07-27 10:58:39"),
("209","209108231b0082","108","MR/MRS JOHN OBASI","P/21/0046","$2y$10$KrlVLJgJ6KVm0oN.NfzCs.RyK58umYsYIG6qS6UnbzNocbvNh0As6","zeonglobal","zeonglobal","","2349019251115","0","0","TRANSPORTER","NKATA ALA-IKE","","ENUGU","CHRISTIANITY","","NIGERIA","","0","0","","activated","2021-07-29 09:23:10"),
("210","2101088c94ddb7","108","MR/MRS UGOCHUKWU MOSES","P/21/0047","$2y$10$3XrCz9gWk5QttM1tnf0MT.nGysR3KHSfDq5SWmYI3PS/XywvYfARa","zeonglobal","zeonglobal","","2349138828347","0","0","FASHION DESIGNER","AMACHARA UMUDIAWA","","ABIA","CHRISTIANITY","","NIGERIA","","0","0","","activated","2021-09-29 11:27:34"),
("211","211108bdfdfb0d","108","MR/MRS EZRA","P/21/0048","$2y$10$DtTXdEgGnJ2PEZVnzM0FO.0ZPt4Wche4i24UQ9seppSp3GTLLFJkG","zeonglobal","zeonglobal","","2347013010415","0","0","BUSSINESS","UMUAWA","","ABIA","CHRISTIANITY","","NIGERIA","","0","0","","activated","2021-09-29 11:31:16"),
("212","2121085d433559","108","MR/MRS ONYEMA MBAKWE","P/21/0049","$2y$10$yIgw..kMfLp//SjIMF7QdubD2wVN1zFW84ZuTw9p9l19ENlfGqw0C","zeonglobal","zeonglobal","","23400","0","0","TRADER","UMUOSU","","ABIA","CHRISTIANITY","","NIGERIA","","0","0","","activated","2021-09-29 11:37:04"),
("213","21310842462263","108","MR/MRS AMAECHI","P/21/0050","$2y$10$psHZbU6fFan/yyxWkMQcG.6PXn57P.jQQeSdWWDBZanqFh1Mm5KXu","zeonglobal","zeonglobal","","2348140913493","0","0","BUSSINESS","NKATA ALAIKE","","ABIA","CHRISTIANITY","","NIGERIA","","0","0","","activated","2021-09-30 09:33:03"),
("214","2141089682e78f","108","MR/MRS CHUKWUDI","P/21/0051","$2y$10$dVLoNkCAhd1tlMXDcft0iuYmcgRFMhyqDJIePyuNRJljUb4aP.R0e","zeonglobal","zeonglobal","","2348134175235","234703801034","0","CIVIL SERVANT","UMUOCHI OKAIUGA","","ABIA","CHRISTIANITY","","NIGERIA","","0","0","","activated","2021-09-30 09:39:51"),
("215","215108ff0df670","108","MR/MRS NWACHI","P/21/0052","$2y$10$BePNv/OPtT4Qh4p0bEzN/.yDFyZehCjPK82sir20FFQADIZDW1ygS","zeonglobal","zeonglobal","","2348086445525","0","0","BUSINESS","NKATA ALAIKE","","ABIA","CHRISTIANITY","","NIGERIA","","0","0","","activated","2021-09-30 09:45:02"),
("216","216108a9dc8c0c","108","MR/MRS IKECHUKWU","P/21/0053","$2y$10$ZvaPn6CAdVsB1SoOiVcwE.I54FuKGafgJF3AHIQAFQp1/Pj3Keem6","zeonglobal","zeonglobal","","2347062728281","0","0","BUSSINESS","AKPAHIA","","ABIA","CHRISTIANITY","","NIGERIA","","0","0","","activated","2021-10-14 09:30:31"),
("217","217108cdadb67c","108","MR/MRS ELIJAH","P/21/0054","$2y$10$0stFr8V09oQR3eSIGpoibu4/0H/j5NWu1vKH7rrDMFrTBB08HgORy","zeonglobal","zeonglobal","","2348166701206","0","0","POLITICIAN","IHITE OFEME","","ABIA","CHRISTIANITY","","NIGERIA","","0","0","","activated","2021-10-14 09:33:24"),
("218","218108699739d0","108","MR/MRS IHEANACHO IDIKA","P/21/0055","$2y$10$qp1IvBdtwibZDg7vCpDAGu7ExpRdFZS2C16dCrwaV4E6BIsTRtE1C","zeonglobal","zeonglobal","","2348109443639","2348069723855","0","CARPENTER","OFEME","","ABIA","CHRISTIANITY","","NIGERIA","","0","0","","activated","2021-10-14 09:38:12"),
("219","2191086e407673","108","REV/MRS VICTOR IBE","P/21/0056","$2y$10$Q4iY41zr7runrPLBIhHHnuJOpebmqJkxaTAmgXZoxiLqjNCbqD13m","zeonglobal","zeonglobal","","2348146668423","2348065735641","0","CLEGY","NKATA ALAIKE","","IMO","CHRISTIANITY","","NIGERIA","","0","0","","activated","2021-10-14 11:11:05"),
("220","220108a1c40bae","108","MR/MRS CHUKWUDI","P/21/0057","$2y$10$sOwk738o9sfMyGMvegKagOkKEVlB58f3ijPGpYduB6hoyOfP3r2H.","zeonglobal","zeonglobal","","2347038010534","0","0","CIVIL SERVANT","UMUOCHI OKAIUGA","","ABIA","CHRISTIANITY","","NIGERIA","","0","0","","activated","2021-10-14 11:20:43"),
("221","2211082389fb72","108","IROEGBULAM DAVID","P/21/0058","$2y$10$u.onKKD/4bpAyqLz9DXgo.cCzYdBGOZAjFZ74BgAg5x/1riL6U0yS","zeonglobal","zeonglobal","","2347069560643","0","0","BUSINESS","UMUNEMEZE","","ENUGU","CHRISTIANITY","","NIGERIA","","0","0","","activated","2021-10-14 18:46:21"),
("222","2221081fcc1fc7","108","MR/MRS AJOMIWE","P/21/0059","$2y$10$MREUnvFiMdlYr9KPJLYKZOsEzJp1LAP./MkdFEnFQZXdHDCV7o.MS","zeonglobal","zeonglobal","","2348067665325","2348066808762","0","BUSINSS","UBAHA","","ABIA","CHRISTIANITY","","NIGERIA","","0","0","","activated","2021-10-14 18:53:51"),
("223","223108d9ae1d2e","108","MR/MRS HERBERT","P/21/0060","$2y$10$rma4d6SCUN6Tp5JA6v20PObbWDT7ws2Rx0OzhvhH5WGY1XaOkko62","zeonglobal","zeonglobal","","2348095866891","0","0","HAIR DRESSER","UHUOKWU","","ABIA","CHRISTIANITY","","NIGERIA","","0","0","","activated","2021-10-14 18:59:28"),
("224","2241088e976120","108","MR/MRS IKECHUKWU","P/21/0061","$2y$10$WwHx5WJ.ZzpQhUVKwF0JtuvPyXRhVVl7vqf6qyCgLDw7t5NWG2jgK","zeonglobal","zeonglobal","","2347084599840","0","0","FARMER","UMUIHE EKEOBA","","ABIA","CHRISTIANITY","","NIGERIA","","0","0","","activated","2021-10-14 19:03:00"),
("225","2251086f03a88a","108","MR/MRS EZE","P/21/0062","$2y$10$nsA7zLBpEb.RNndyDty2Xe0XqeMA69I//frLnuvlvIk.3ED0YXit6","zeonglobal","zeonglobal","","2349038129578","0","0","BUSINESS","UMUIHE EKEOBA","","ABIA","Christianity","","NIGERIA","","0","0","","activated","2021-10-14 20:45:10"),
("226","226108950a5391","108","MR/MRS CHIAMAKA ANOSIKE","P/21/0063","$2y$10$KWzbhbanQPCd6kzV3VrlrOeAXHfdvXiWu2Mfp.wexdRJFj1rEYRh6","zeonglobal","zeonglobal","","2349035712193","0","0","BUSINESS","NKWOEGWU","","ABIA","CHRISTIANITY","","NIGERIA","","0","0","","activated","2021-10-15 11:52:50"),
("227","227108f6710a4a","108","MR/MRS GODDAY EMMANUEL","P/21/0064","$2y$10$qalNBaek957CvJihy7tLYe4i2QXjyyzP3Cy7APNiV.LndtOY/tC9O","zeonglobal","zeonglobal","","2347018514133","2349044073807","0","BUSINESS","IHITE OFEME","","ABIA","CHRISTIANITY","","NIGERIA","","0","0","","activated","2021-10-15 11:55:54"),
("228","228108b1228d07","108","08147470506","P/21/0065","$2y$10$GOr2bXt7/653kGFbg0YIbOMmD44zAvk9a9MnF2jcqt4zz0Lc3810S","zeonglobal","zeonglobal","","2347067269165","0","0","BUSINESS","NKATA ALAIKE","","ABIA","CHRISTIANITY","","NIGERIA","","0","0","","activated","2021-10-15 11:58:17"),
("229","2291084fc716f8","108","MR/MRS ONYEKACHI AGOHA","P/21/0066","$2y$10$NJDkp0YaYFF0Ln/lgFrhze6Hqr1Jt13XbDIqnFAAhYdMGMMda05Dy","zeonglobal","zeonglobal","","2348104981321","0","0","STAFF","UHUOKWU","","ABIA","CHRISTIANITY","","NIGERIA","","0","0","","activated","2021-10-15 12:01:41"),
("230","230109479f7ca2","109","MR/MRS NDUBUISI EKEOMA","P/21/0067","$2y$10$ZCwx8/twd4hEZU3UssSgU.DyU49MKoyHmcAtuUu6jilemNwBpQTUW","zeonglobal","zeonglobal","","2348149474510","2349066937158","0","BUSINESS","ISINGWU OFEME","","ABIA","CHRISTIANITY","","NIGERIA","","0","0","","activated","2021-10-15 12:29:15"),
("231","23110919c4679d","109","MR/MRS CHIBUZO","P/21/0068","$2y$10$L6HYT8.5eAJzAWP/fDiDLOsSqQVzi.fFdDIZ2C9exrrZ1QdZ5P71.","zeonglobal","zeonglobal","","2348029940758","2348175088668","0","BUSINESS","UMUAKAM NKWOEGWU","","ABIA","CHRISTIANITY","","NIGERIA","","0","0","","activated","2021-10-15 12:41:40"),
("232","232109bdb36acf","109","MR/MRS OKO NELSON","P/21/0069","$2y$10$615uCrrMVYzfIg/RmeYOP.0yPUOwZ3CbLVEmgPZfwXRrtO97ZwSK.","zeonglobal","zeonglobal","","2348135998799","0","0","CARPENTER","UMUAKAM NKWOEGWU","","EBONYI","CHRISTIANITY","","NIGERIA","","0","0","","activated","2021-10-15 12:45:28"),
("233","23310976839108","109","MR/MRS CHIDINMA OKPARA","P/21/0070","$2y$10$rANZrPgDWljnfnnovNh6cuHumtSQ/NSpmSTqGiNgeWUPmDGWcXOW.","zeonglobal","zeonglobal","","2349039926341","0","0","BUSSINESS","UMUAKAM NKWOEGWU","","EBONYI","CHRISTIANITY","","NIGERIA","","0","0","","activated","2021-10-15 12:50:41"),
("234","234109d0764ecd","109","MR/MRS OGBONNA","P/21/0071","$2y$10$NhUyEvYc/KHHQMuQsoKBCeYSGPbSUVaSAobgiEtm/6BiPTWRYIvD.","zeonglobal","zeonglobal","","2347036778114","0","0","BUSINESS","UMUIHE EKEOBA","","ABIA","CHRISTIANITY","","NIGERIA","","0","0","","activated","2021-10-15 12:55:32"),
("235","235109698dbe11","109","MR/MRS ONYEBUCHI","P/21/0072","$2y$10$Teim3CNNusFxvxeiia/l5O1xbjHVlEZm.T93lnjqH9zQw.FlJkHNG","zeonglobal","zeonglobal","","2348134348471","0","0","ARTISAN","NKATA ALAIKE","","ABIA","CHRISTIANITY","","NIGERIA","","0","0","","activated","2021-10-15 12:59:56"),
("236","23610926d61c6c","109","MR/MRS ADERSO UWADI","P/21/0073","$2y$10$8aUK/.dAbDD/MBZRyG3vtu0h8GOLPJgWbZgqoUgPoaiBimXhO7gJ2","zeonglobal","zeonglobal","","2349024778671","0","0","PASTOR","UMUAGU","","IMO","CHRISTIANITY","","NIGERIA","","0","0","","activated","2021-10-18 13:45:32"),
("237","2371094b025293","109","MR/MRS NWABUKO","P/21/0074","$2y$10$/6ccDpiGUkBZ10BJ.HOLaeungqeHQxtxzXrPjdTW3vI5IahsVprKi","zeonglobal","zeonglobal","","2348062716879","0","0","STAFF","UMUOCHI NKWOEGWU","","ABIA","CHRISTIANITY","","NIGERIA","","0","0","","activated","2021-10-18 13:52:55"),
("238","238109264c3382","109","MR/MRS IKPEAZU EJIKE","P/21/0075","$2y$10$gSGJBGxV.iX.I7kZaXWkcelt2AHpiYFQcHxm2E1QixZDL1z0snUqO","zeonglobal","zeonglobal","","2349136074579","2349051540134","0","BUSSIESS","UMUAWA ALAOCHA","","ABIA","CHRISTIANITY","","NIGERIA","","0","0","","activated","2021-10-18 13:56:27"),
("239","239109dcf070e7","109","MR/MRS IHEANYICHUKWU","P/21/0076","$2y$10$WId0RiAcrY/VqHE5V36Rter9QKTpmHrTMq.X5rSzPfw4yTvdvfvRK","zeonglobal","zeonglobal","","2348092199940","2349092039239","0","TEACHER","EKEOBA","","ABIA","CHRISTIANITY","","NIGERIA","","0","0","","activated","2021-10-18 14:00:00"),
("240","240109c994016e","109","MR/MRS LAZARUS CHIMEZIE UWAKA","P/21/0077","$2y$10$BFgTWxKg8leihfbXngfiWuSCvA9i1AWfK8BFWGueWOt.4nKNfNOe6","zeonglobal","zeonglobal","","2347041140826","0","0","TEACHER","UMUAGU","","ABIA","CHRISTIANITY","","NIGERIA","","0","0","","activated","2021-10-18 14:09:07"),
("241","2411099fe7824c","109","BLESSIG ALOZIE","P/21/0078","$2y$10$0dMrW1mzGyRZkQFvYRxt6.CDGkiEvrTNYCTx/VY.hYAiDhvM8JQ4.","zeonglobal","zeonglobal","","2347084788329","0","0","BUSIESS","NKATA OKPOALA","","ABIA","CHRISTIANITY","","NIGERIA","","0","0","","activated","2021-10-18 14:12:33"),
("242","2421083dc2d273","108","MRS WRIGHT CHINYERE","P/21/0079","$2y$10$BJxcAO/s8KFqeQ9lGYB/QeuVfPNy0KI7EQBPS2Zt1phmZfgn9P9Dq","zeonglobal","zeonglobal","","23400000000","0","0","STAFF","EKEOBA","","ABIA","CHRISTIANITY","","NIGERIA","","0","0","","activated","2021-10-29 10:17:48"),
("243","2431089f02d230","108","MR/MRS MERCY EMMANUEL","P/21/0080","$2y$10$vmrBdKwCbIqTuIMfI1b.teOEpPEyLodtQBFeOdJ0Nhqgl.mcACFh.","zeonglobal","zeonglobal","","2348132264823","0","0","TRADER","NKATA ALAOCHA","","ABIA","CHRISTIANITY","","NIGERIA","","0","0","","activated","2021-10-29 10:29:49"),
("244","2441086020be4a","108","MR/MRS SHADRAC MOSES","P/21/0081","$2y$10$cyN2IT.d6r9IGYDQTDNt/OxyWm7xePuy1S9e4sCqAYF0FrOUL2ymG","zeonglobal","zeonglobal","","2349074011295","0","0","TRADER","UMUDIAWA OFEME","","ABIA","CHRISTIANITY","","NIGERIA","","0","0","","activated","2021-10-29 10:50:19"),
("245","2451089be061e5","108","MRS. WRIGHT CHINYERE","P/21/0082","$2y$10$eOQnuywt2HQelM0mVnhrdOOgYuBfCPhPEfL.v026DKkDyhR76ZsHG","zeonglobal","zeonglobal","","2349093560741","0","0","STAFF","EKEOBA","","ABIA","Christianity","","NIGERIA","","0","0","","activated","2021-10-29 14:06:24"),
("246","246108000a6dbb","108","MR/MRS CHIBUZO UWAKWEE","P/21/0083","$2y$10$O3bsj9fR.Oc435GSZUM0c.FpapbWCmoEpyORy0cbUapCcHp7WsyFu","zeonglobal","zeonglobal","","2348180554987","0","0","BUSSINESS","EGUNA ELEKE OKAIUGA NKWOEGWU","","ABIA","CHRISTIANITY","","NIGERIA","","0","0","","activated","2021-11-09 09:01:19"),
("247","2471097c052c03","109","MR/MRS UGBO","P/21/0084","$2y$10$mAoi5LqMDD6PdBh3FlLIR.w/YXRmQG1.uqHQZkt8WEt80axjZF7ZW","zeonglobal","zeonglobal","","2348034807724","0","0","CIVIL SERVANT","AMAOGWUGU","","ABIA","CHRISTIANITY","","NIGERIA","","0","0","","activated","2021-12-09 13:39:00"),
("248","248108dd05defc","108","MR/MES NKEMAKOLAM","P/21/0085","$2y$10$u50fwyNEBnYD.b/gqxce0ufI/3g535xv2ITlPc46SRal6mK8dXP1C","zeonglobal","zeonglobal","","2347037129502","0","0","CIVIL SERVANT","UMUEGWU OKPOALA","","ABIA","CHRISTIANITY","","NIGERIA","","0","0","","activated","2021-12-13 10:49:00"),
("249","249108b5c322d9","108","MR/MRS MMERIGINI HAPPINESS","P/21/0086","$2y$10$BXlVJ2D8ad9XMvJyA6oggemHAaSVamCZVubwsN1DQv.MA.sWRvxR2","zeonglobal","zeonglobal","","2347038895698","0","0","FARMER","AMAOGWUGU","","ABIA","CHRISTIANITY","","NIGERIA","","0","0","","activated","2021-12-17 13:06:32");




