CREATE TABLE `result_subject_group_assign` (
  `result_subject_group_assign_id` int(11) NOT NULL AUTO_INCREMENT,
  `result_subject_group_id` int(11) NOT NULL,
  `subject_id` int(11) NOT NULL,
  PRIMARY KEY (`result_subject_group_assign_id`),
  KEY `result_subject_group_id` (`result_subject_group_id`,`subject_id`)
) ENGINE=InnoDB DEFAULT CHARSET=latin1;






CREATE TABLE `result_subject_groups` (
  `result_subject_group_id` int(11) NOT NULL AUTO_INCREMENT,
  `result_subject_group_name` varchar(300) NOT NULL,
  `date_created` datetime NOT NULL DEFAULT current_timestamp(),
  PRIMARY KEY (`result_subject_group_id`),
  UNIQUE KEY `result_subject_group_name` (`result_subject_group_name`),
  KEY `date_created` (`date_created`)
) ENGINE=InnoDB DEFAULT CHARSET=latin1;






CREATE TABLE `salary_deduct` (
  `salary_deduct_id` int(11) NOT NULL AUTO_INCREMENT,
  `staff_id` int(11) NOT NULL,
  `amount` decimal(15,2) NOT NULL,
  `reason` varchar(400) NOT NULL,
  `sessions` varchar(20) NOT NULL,
  `terms` varchar(20) NOT NULL,
  `months` varchar(30) NOT NULL,
  PRIMARY KEY (`salary_deduct_id`),
  KEY `staff_id` (`staff_id`),
  KEY `sessions` (`sessions`),
  KEY `terms` (`terms`),
  KEY `months` (`months`)
) ENGINE=InnoDB DEFAULT CHARSET=latin1;






CREATE TABLE `salary_info` (
  `salary_info_id` int(11) NOT NULL AUTO_INCREMENT,
  `staff_id` int(11) NOT NULL,
  `current_salary` decimal(15,2) NOT NULL,
  `past_debt` decimal(15,2) NOT NULL,
  `amount_to_pay` decimal(15,2) NOT NULL,
  `amount_paid` decimal(15,2) NOT NULL,
  `wave_over` decimal(15,2) NOT NULL,
  `current_debt` decimal(15,2) NOT NULL,
  `deduct` decimal(15,2) NOT NULL,
  `appreciation_amount` decimal(15,2) NOT NULL,
  `appreciation_reason` varchar(500) NOT NULL,
  `owing` decimal(15,2) NOT NULL,
  `sessions` varchar(20) NOT NULL,
  `terms` varchar(20) NOT NULL,
  `months` varchar(30) NOT NULL,
  PRIMARY KEY (`salary_info_id`),
  KEY `staff_id` (`staff_id`),
  KEY `sessions` (`sessions`)
) ENGINE=InnoDB AUTO_INCREMENT=6 DEFAULT CHARSET=latin1;


INSERT INTO salary_info VALUES
("1","1","16000.00","0.00","16000.00","0.00","0.00","16000.00","0.00","0.00","","16000.00","2019/2020","2nd Term","Feburary"),
("2","3","4000.00","0.00","4000.00","0.00","0.00","4000.00","0.00","0.00","","4000.00","2019/2020","2nd Term","Feburary"),
("3","4","15000.00","0.00","15000.00","0.00","0.00","15000.00","0.00","0.00","","15000.00","2019/2020","2nd Term","Feburary"),
("4","5","8000.00","0.00","8000.00","0.00","0.00","8000.00","0.00","0.00","","8000.00","2019/2020","2nd Term","Feburary"),
("5","6","4000.00","0.00","4000.00","0.00","0.00","4000.00","0.00","0.00","","4000.00","2019/2020","2nd Term","Feburary");




CREATE TABLE `salary_payment` (
  `salary_payment_id` int(11) NOT NULL AUTO_INCREMENT,
  `staff_id` int(11) NOT NULL,
  `accountant_id` int(10) unsigned NOT NULL,
  `amount_paid` decimal(15,2) NOT NULL,
  `staff_name` varchar(200) NOT NULL,
  `sessions` varchar(20) NOT NULL,
  `terms` varchar(20) NOT NULL,
  `months` varchar(30) NOT NULL,
  `date_added` datetime NOT NULL,
  PRIMARY KEY (`salary_payment_id`)
) ENGINE=InnoDB DEFAULT CHARSET=latin1;






CREATE TABLE `school_fees` (
  `school_fees_id` int(11) NOT NULL AUTO_INCREMENT,
  `transaction_id` char(20) NOT NULL,
  `student_id` int(11) NOT NULL,
  `staff_id` int(11) NOT NULL,
  `plan_id` int(11) NOT NULL,
  `school_fees_payment_mode_id` int(11) NOT NULL,
  `payment_mode` varchar(300) NOT NULL,
  `staff_name` varchar(200) NOT NULL,
  `amount_paid` decimal(15,2) NOT NULL,
  `payment_no` varchar(20) NOT NULL,
  `payment_date` date NOT NULL,
  `fees_status` varchar(20) NOT NULL,
  `sessions` varchar(20) NOT NULL,
  `terms` varchar(10) NOT NULL,
  `date_added` datetime NOT NULL,
  PRIMARY KEY (`school_fees_id`),
  KEY `sessions` (`sessions`),
  KEY `terms` (`terms`),
  KEY `transaction_id` (`transaction_id`),
  KEY `school_fees_payment_mode_id` (`school_fees_payment_mode_id`)
) ENGINE=InnoDB AUTO_INCREMENT=42 DEFAULT CHARSET=latin1;


INSERT INTO school_fees VALUES
("1","4pwzxqcgd","1","0","0","0","","Central Admin","24500.00","","2020-02-17","bank","2019/2020","1st Term","2020-02-17 14:30:25"),
("2","d5u39zwoa","2","0","0","0","","Central Admin","24500.00","","2020-02-17","bank","2019/2020","1st Term","2020-02-17 14:30:25"),
("3","o29y71t4p","4","0","0","0","","Central Admin","13500.00","","2020-02-18","bank","2019/2020","1st Term","2020-02-18 10:48:26"),
("4","v62ghqhi1","5","0","0","0","","Central Admin","16500.00","","2020-02-18","bank","2019/2020","1st Term","2020-02-18 10:48:26"),
("5","0hnl2dadi","6","0","0","0","","Central Admin","10000.00","","2020-02-18","bank","2019/2020","1st Term","2020-02-18 10:48:26"),
("6","8qltjozl9","7","0","0","0","","Central Admin","5500.00","","2020-02-18","bank","2019/2020","1st Term","2020-02-18 10:48:26"),
("7","1reraa2db","8","0","0","0","","Central Admin","17000.00","","2020-02-18","bank","2019/2020","1st Term","2020-02-18 10:48:26"),
("8","vh14l3z7p","3","0","0","0","","Central Admin","12000.00","","2020-02-18","bank","2019/2020","1st Term","2020-02-18 11:15:44"),
("9","3k2gh7vsu","1","0","0","0","","Central Admin","5000.00","","2020-03-26","bank","2019/2020","2nd Term","2020-03-26 13:36:50"),
("10","00o3rdtlt","2","0","0","0","","Central Admin","17500.00","","2020-03-26","bank","2019/2020","2nd Term","2020-03-26 13:36:50"),
("11","n31tr7u39","3","0","0","0","","Central Admin","2000.00","","2020-03-26","bank","2019/2020","2nd Term","2020-03-26 13:36:50"),
("12","8200vtyq2","4","0","0","0","","Central Admin","10000.00","","2020-03-26","bank","2019/2020","2nd Term","2020-03-26 13:36:50"),
("13","hhk97qm85","5","0","0","0","","Central Admin","12000.00","","2020-03-26","bank","2019/2020","2nd Term","2020-03-26 13:36:50"),
("14","y41qj3zuv","6","0","0","0","","Central Admin","20500.00","","2020-03-26","bank","2019/2020","2nd Term","2020-03-26 13:36:50"),
("15","1kv8wew2u","8","0","0","0","","Central Admin","11500.00","","2020-03-26","bank","2019/2020","2nd Term","2020-03-26 13:36:50"),
("16","rzdx22qb3","1","0","0","0","","Central Admin","14500.00","","2020-03-26","bank","2019/2020","2nd Term","2020-03-26 13:44:38"),
("17","brokzjiju","3","0","0","0","","Central Admin","13000.00","","2020-03-26","bank","2019/2020","2nd Term","2020-03-26 13:46:06"),
("18","wwc6yxss9","4","0","0","0","","Central Admin","14500.00","","2020-03-26","bank","2019/2020","2nd Term","2020-03-26 13:48:24"),
("19","legx8eu33","9","0","0","0","","Central Admin","12500.00","","2020-03-26","bank","2019/2020","2nd Term","2020-03-26 14:01:11"),
("20","v2u6m5k79","10","0","0","0","","Central Admin","10000.00","","2020-03-26","bank","2019/2020","2nd Term","2020-03-26 14:01:11"),
("21","d4mmvy52c","11","0","0","0","","Central Admin","14000.00","","2020-03-26","bank","2019/2020","2nd Term","2020-03-26 14:01:11"),
("22","p3xvlkv7m","1","10","0","0","","MBAH LUCY","3300.00","","2020-10-15","bank","2019/2020","2nd Term","2020-10-15 10:47:03"),
("23","luz3bm91n","2","10","0","0","","MBAH LUCY","2000.00","","2020-10-15","bank","2019/2020","2nd Term","2020-10-15 10:47:03"),
("24","bqxdf8f8o","4","10","0","0","","MBAH LUCY","5000.00","","2020-10-15","bank","2019/2020","2nd Term","2020-10-15 10:47:03"),
("25","ty15s46ic","11","10","0","0","","MBAH LUCY","6000.00","","2020-10-15","bank","2019/2020","2nd Term","2020-10-15 10:47:03"),
("26","h2l0j7wvp","4","10","0","0","","MBAH LUCY","3300.00","","2020-10-15","bank","2019/2020","3rd Term","2020-10-15 11:04:22"),
("27","n5fkby0jv","5","10","0","0","","MBAH LUCY","3300.00","","2020-10-15","bank","2019/2020","3rd Term","2020-10-15 11:04:22"),
("28","3k12ujatt","8","10","0","0","","MBAH LUCY","3300.00","","2020-10-15","bank","2019/2020","3rd Term","2020-10-15 11:04:22"),
("29","q5tt6vn98","9","0","0","0","","Central Admin","3000.00","","2020-10-22","bank","2019/2020","3rd Term","2020-10-22 14:53:09"),
("30","vq895pg2x","12","10","0","1","CASH","MBAH LUCY","10000.00","0035","2020-11-02","bank","2019/2020","3rd Term","2020-11-02 10:45:26"),
("33","qjy1kf5z6","1","10","0","0","","MBAH LUCY","6700.00","","2020-11-04","bank","2020/2021","1st Term","2020-11-04 10:37:14"),
("35","vmh35ra1s","3","10","0","0","","MBAH LUCY","12200.00","","2020-11-04","bank","2020/2021","1st Term","2020-11-04 10:37:14"),
("36","apieqk080","4","10","0","0","","MBAH LUCY","6700.00","","2020-11-04","bank","2020/2021","1st Term","2020-11-04 10:37:14"),
("37","af4qps8nd","5","10","0","0","","MBAH LUCY","6700.00","","2020-11-04","bank","2020/2021","1st Term","2020-11-04 10:37:14"),
("38","9wh70fsff","8","10","0","0","","MBAH LUCY","6700.00","","2020-11-04","bank","2020/2021","1st Term","2020-11-04 10:37:14"),
("39","wkfgbu0j3","9","10","0","0","","MBAH LUCY","10200.00","","2020-11-04","bank","2020/2021","1st Term","2020-11-04 10:37:14"),
("40","aiwmkq1b8","12","0","0","0","","Central Admin","10000.00","","2020-11-04","bank","2020/2021","1st Term","2020-11-04 10:59:18"),
("41","3j5fhcwea","13","0","0","0","","Central Admin","10000.00","","2020-11-04","bank","2020/2021","1st Term","2020-11-04 11:47:51");




CREATE TABLE `school_fees_payment_modes` (
  `school_fees_payment_mode_id` int(11) NOT NULL AUTO_INCREMENT,
  `payment_mode` varchar(300) NOT NULL,
  `date_created` datetime NOT NULL DEFAULT current_timestamp(),
  PRIMARY KEY (`school_fees_payment_mode_id`),
  UNIQUE KEY `payment_mode` (`payment_mode`),
  KEY `date_created` (`date_created`)
) ENGINE=InnoDB AUTO_INCREMENT=3 DEFAULT CHARSET=latin1;


INSERT INTO school_fees_payment_modes VALUES
("1","CASH","2020-02-13 12:44:32"),
("2","TRANSFER","2020-02-13 12:44:32");




CREATE TABLE `school_storages` (
  `school_storage_id` int(11) NOT NULL AUTO_INCREMENT,
  `school_storage_title` varchar(200) NOT NULL,
  `school_storage_dir` varchar(500) NOT NULL,
  `school_storage_date` datetime NOT NULL,
  PRIMARY KEY (`school_storage_id`)
) ENGINE=InnoDB DEFAULT CHARSET=latin1;






CREATE TABLE `sent_sms` (
  `sent_sms_id` int(11) NOT NULL AUTO_INCREMENT,
  `unit_spent` varchar(300) NOT NULL,
  `message` text NOT NULL,
  `people` text NOT NULL,
  `date_sent` datetime NOT NULL,
  PRIMARY KEY (`sent_sms_id`)
) ENGINE=InnoDB AUTO_INCREMENT=20 DEFAULT CHARSET=latin1;


INSERT INTO sent_sms VALUES
("1","28","There will be a PTA meeting of the Schl holding as follows: Date: 3rd Mar, 2020 (Tuesdays). Time: 11am. @ school compound. Its compulsory on all Parents/Guardians as important  matters concerning your children/wards shall be discussed. Management.","<hr/> GROUPS ARE:- Parents","2020-02-24 15:45:31"),
("2","20","There will be intensive school fee drive from Monday the 16th of March. No student will be allowed into the school if he/ she is owing. No excuse will be heard.","<hr/> GROUPS ARE:- Parents","2020-03-12 13:17:09"),
("3","40","Dear Parents/Guardians, This is inform you that the school cultural day is scheduled as follows DATE 27th March, 2020 @ schl premises Time 11am. Pls try to equip your wards very well &amp; endeavour to attend &amp; on time","<hr/> GROUPS ARE:- Parents","2020-03-23 09:52:05"),
("4","20","Dear parents. Be informed that our lesson starts on wednesday 13th may 2020 @ the school compound. Time is 8am -12noon. Stay safe.","<hr/> GROUPS ARE:- Parents","2020-05-11 16:20:33"),
("5","14","Urgent. All staff of LGC is to report to the school compound  on thursday 11th june 2020. Time 9am. It is mandatory please.","<hr/> GROUPS ARE:- All Staff","2020-06-09 15:09:54"),
("6","14","Great staff of LGS, there will be a mandatory meeting on thursday 27th Aug. 2020 at the school premises by 10.00 am prompt. See you there. Stay safe.","<hr/> GROUPS ARE:- All Staff","2020-08-25 09:41:07"),
("7","14","Greeting. This is a reminder of the burial on Friday. Aunt happiness dad @ekeoba. We shld be in schl by 9:30am so we all could go together. Bless u. Stay safe.","<hr/> GROUPS ARE:- All Staff","2020-09-14 20:13:23"),
("8","14","Good morning all.","<hr/> GROUPS ARE:- All Staff","2020-09-18 14:03:16"),
("9","22","This is to inform our parents that school will resume on monday the 28th of this month. Every student is to come to schl with face mask &amp; hand sanitizer. THANKS","<hr/> GROUPS ARE:- Parents","2020-09-25 11:44:34"),
("10","14","This is to inform our staff that school will resume on monday the 28th of this month. Every staff is to come to schl with face mask &amp; hand sanitizer. THANKS","<hr/> GROUPS ARE:- All Staff","2020-09-25 11:45:32"),
("11","30","Dear Parents, We wish to inform you that results for 3rd term has been published.  Pupils who have not checked their 1st &amp; 2nd term results WILL NOT BE PROMOTED","<hr/> GROUPS ARE:- Parents","2020-10-22 17:11:49"),
("12","15","This is to inform our parents that school resumption haa been postponed till further notice.  Stay safe. LGC","<hr/> GROUPS ARE:- Parents","2020-10-25 18:52:57"),
("13","14","This is to inform our parents that school resumption haa been postponed till further notice.  Stay safe. LGC","<hr/> GROUPS ARE:- All Staff","2020-10-25 18:53:13"),
("14","30","This is to inform our parents that schl resumes 2morow  Mon 2nd Nov. Those who have not checked their 1st &amp; 2nd term result would no be allowed into the classes","<hr/> GROUPS ARE:- Parents","2020-11-01 09:06:47"),
("15","26","This is to inform us that school resumes tomorrow.  2nd Nov. 2020. Stay safe","<hr/> GROUPS ARE:- Parents, All Staff","2020-11-01 09:17:40"),
("16","24","The school according to the state government is to reopen on 1st march 2021. We are to continue with the break till then. Thanks. LGC","<hr/> GROUPS ARE:- Parents","2021-02-15 18:14:29"),
("17","14","The school according to the state government is to reopen on 1st march 2021. We are to continue with the break till then. Inform others. ","<hr/> GROUPS ARE:- All Staff","2021-02-15 18:14:56"),
("18","154","There will be no school till Friday 22nd. School resumes on Monday 25th. Here is the schoosl whatapp link https://chat.whatsapp.com/HmG8K25rMqWBOsVSSJz9bH","<hr/> GROUPS ARE:- Parents","2021-10-18 21:31:12"),
("19","77","There will be no schl 2mrw, schl resumes on Tuesday 26th. Please pass on this information. Here also is the schl whatsapp no. 09131092653.","<hr/> GROUPS ARE:- Parents","2021-10-24 22:31:04");




CREATE TABLE `session_month` (
  `session_month_id` int(11) NOT NULL AUTO_INCREMENT,
  `sessions` varchar(20) NOT NULL,
  `terms` varchar(20) NOT NULL,
  `months` varchar(30) NOT NULL,
  PRIMARY KEY (`session_month_id`)
) ENGINE=InnoDB AUTO_INCREMENT=2 DEFAULT CHARSET=latin1;


INSERT INTO session_month VALUES
("1","2019/2020","2nd Term","Feburary");




CREATE TABLE `session_term` (
  `session_term_id` int(11) NOT NULL AUTO_INCREMENT,
  `sessions` varchar(20) NOT NULL,
  `terms` varchar(20) NOT NULL,
  PRIMARY KEY (`session_term_id`)
) ENGINE=InnoDB AUTO_INCREMENT=11 DEFAULT CHARSET=latin1;


INSERT INTO session_term VALUES
("4","2019/2020","1st Term"),
("5","2019/2020","2nd Term"),
("6","2019/2020","3rd Term"),
("7","2020/2021","1st Term"),
("8","2020/2021","2nd Term"),
("9","2020/2021","3rd Term"),
("10","2021/2022","1st Term");




CREATE TABLE `sessions` (
  `sid` varchar(40) NOT NULL,
  `expiry` int(10) unsigned NOT NULL,
  `data` text NOT NULL,
  `date_added` datetime NOT NULL DEFAULT current_timestamp(),
  PRIMARY KEY (`sid`)
) ENGINE=InnoDB DEFAULT CHARSET=utf8;






CREATE TABLE `settings` (
  `settings_id` int(11) NOT NULL AUTO_INCREMENT,
  `setting_name` varchar(300) NOT NULL,
  `setting_value` varchar(300) NOT NULL,
  PRIMARY KEY (`settings_id`),
  KEY `setting_name` (`setting_name`)
) ENGINE=InnoDB AUTO_INCREMENT=96 DEFAULT CHARSET=latin1;


INSERT INTO settings VALUES
("1","total_sms","1566"),
("2","school_name","LIFE GATE COLLEGE"),
("3","school_login_logo","assets/images/logo.png"),
("4","login_attempt","30"),
("5","holiday_project","yes"),
("6","cumulate_test","yes"),
("7","show_test","yes"),
("8","show_waec","yes"),
("9","show_neco","yes"),
("10","lower_ca_score","30"),
("11","lower_exam_score","70"),
("12","school_phonenumber","2347032900569"),
("13","teacher_subclass","yes"),
("14","country","NIGERIA"),
("15","country_code","234"),
("16","phonenumber_length","10"),
("17","full_phonenumber_length","11"),
("18","main_phonenumber_length","13"),
("19","one_sms_amount","3"),
("20","result_cumulative","yes"),
("21","result_school_fees","yes"),
("22","school_address","OKAIUGA NKWOEGWU, UMUAHIA, ABIA STATE"),
("23","principal_finance","no"),
("24","one_card_amount","1000"),
("25","principal_name","SCHOOL HEAD"),
("26","principal_signature","images/principal_signatures/ac13b8.png"),
("27","third_term_lower","no"),
("28","third_term_higher","no"),
("29","allow_finance","yes"),
("30","order_class","no"),
("31","online_school_fees_payment","yes"),
("32","sms_sender","LIFE GATE"),
("33","school_email","lifegatemontessori@gmail.com"),
("34","school_email_password","DÓ¬øÇÍÕ³J©A#ÏÌÏ"),
("35","school_email_name","Life Gate Montessori School"),
("36","scratch_card","no"),
("37","higher_ca_score","30"),
("38","higher_exam_score","70"),
("39","class_approval","no"),
("40","allow_hostel","no"),
("41","result_attendance","no"),
("42","second_principal_signature","images/principal_signatures/0656c7.png"),
("43","lower_no_of_ca","1"),
("44","higher_no_of_ca","1"),
("45","lower_ca1","40"),
("46","lower_ca2","0"),
("47","lower_ca3","0"),
("48","lower_ca4","0"),
("49","lower_ca5","0"),
("50","lower_ca6","0"),
("51","higher_ca1","40"),
("52","higher_ca2","0"),
("53","higher_ca3","0"),
("54","higher_ca4","0"),
("55","higher_ca5","0"),
("56","higher_ca6","0"),
("57","lower_ca_name_1","CA"),
("58","lower_ca_name_2","CA 2"),
("59","lower_ca_name_3","CA 3"),
("60","lower_ca_name_4","CA 4"),
("61","lower_ca_name_5","CA 5"),
("62","lower_ca_name_6","CA 6"),
("63","higher_ca_name_1","CA"),
("64","higher_ca_name_2","CA 2"),
("65","higher_ca_name_3","CA 3"),
("66","higher_ca_name_4","CA 4"),
("67","higher_ca_name_5","CA 5"),
("68","higher_ca_name_6","CA 6"),
("69","lower_exam_name","Exam"),
("70","higher_exam_name","Exam"),
("71","main_school_id","1"),
("72","school_id","1"),
("73","school_storage","yes"),
("74","class_storage","yes"),
("75","class_teacher_comment_setting","yes"),
("76","student_affairs","no"),
("77","admission_number","no"),
("78","admission_format",""),
("79","paystack_subaccount","ACCT_s0trp02xdn754ru"),
("80","currency","&#8358;"),
("81","annual_position_for_last_term","yes"),
("82","annual_only_last_subjects","no"),
("83","parent_finance","yes"),
("84","third_term_in_annual","no"),
("85","admin_class_check_result","yes"),
("86","refresh_token","1//050SH4EtODsccCgYIARAAGAUSNwF-L9Irppe_Bv2rl35Mkj_CsbQEnCFFKltUjnWiPalTUqfLeXyBcZNM05DkpzD5NJ3CFyfFfUM"),
("87","folder_id","1QX4dy6fUzp49QIWwLgbUKFTspN4uckTL"),
("88","google_client_id","150277175744-n19rn2vsuio1lt7ot1cirgvfp3ehjp2l.apps.googleusercontent.com"),
("89","google_client_secret","eTWa1cXmNcG-Ky2h32o7bv4n"),
("90","online_class","no"),
("91","payment_warning","no"),
("92","instalmental_payment","yes"),
("93","classroom_materials","no"),
("94","class_activity_name","CLASS ACTIVITY"),
("95","upload_admission_form","yes");




CREATE TABLE `sms_account` (
  `sms_account_id` int(10) unsigned NOT NULL AUTO_INCREMENT,
  `transaction_id` varchar(20) NOT NULL,
  `unit_bought` int(10) unsigned NOT NULL,
  `amount` varchar(20) NOT NULL,
  `status` varchar(20) NOT NULL,
  `mode` varchar(20) NOT NULL,
  `date_bought` datetime NOT NULL,
  PRIMARY KEY (`sms_account_id`),
  UNIQUE KEY `transaction_id` (`transaction_id`),
  KEY `mode` (`mode`)
) ENGINE=InnoDB AUTO_INCREMENT=2 DEFAULT CHARSET=latin1;


INSERT INTO sms_account VALUES
("1","sjy2gbzlnn","650","1950","Delivered","bought_sms","2021-10-18 20:43:08");




CREATE TABLE `staff` (
  `staff_id` int(11) NOT NULL AUTO_INCREMENT,
  `school_id` int(10) unsigned NOT NULL,
  `user_key` varchar(100) DEFAULT NULL,
  `serial_number` varchar(200) NOT NULL,
  `pass` varchar(255) NOT NULL,
  `first_password` varchar(200) NOT NULL,
  `new_password` varchar(255) NOT NULL,
  `first_name` varchar(200) NOT NULL,
  `other_name` varchar(200) NOT NULL,
  `last_name` varchar(100) NOT NULL,
  `gender` varchar(10) NOT NULL,
  `status` varchar(50) NOT NULL,
  `groups` varchar(20) NOT NULL,
  `position` varchar(200) NOT NULL,
  `student_affairs` varchar(20) NOT NULL,
  `address` varchar(200) NOT NULL,
  `dob` date NOT NULL,
  `phone_number` bigint(20) unsigned NOT NULL,
  `email` varchar(200) NOT NULL,
  `country` varchar(200) NOT NULL,
  `state_origin` varchar(200) NOT NULL,
  `religion` varchar(50) NOT NULL,
  `disability` varchar(300) NOT NULL,
  `passport` varchar(200) NOT NULL,
  `form` varchar(5) NOT NULL,
  `sent_serial_pass_sms` char(3) NOT NULL,
  `forget_token` varchar(200) NOT NULL,
  `login_attempt` int(11) NOT NULL,
  `login_last_time` int(11) unsigned NOT NULL,
  `skip` varchar(5) NOT NULL,
  `activation` varchar(50) NOT NULL,
  `year_of_employment` varchar(15) NOT NULL,
  `term_of_employment` varchar(15) NOT NULL,
  PRIMARY KEY (`staff_id`),
  UNIQUE KEY `user_key` (`user_key`),
  KEY `activation` (`activation`),
  KEY `serial_number` (`serial_number`),
  KEY `status` (`status`),
  KEY `religion` (`religion`),
  KEY `sent_serial_pass_sms` (`sent_serial_pass_sms`),
  KEY `skip` (`skip`),
  KEY `school_id` (`school_id`)
) ENGINE=InnoDB AUTO_INCREMENT=16 DEFAULT CHARSET=latin1;


INSERT INTO staff VALUES
("1","109","1109635a09a9","T/19/0001","$2y$10$VTE1jWXTD3MQF0yQ4FP4re.5IE37N9lXSC4kJnLaExvxpRsbjOg9a","dufavour","dufavour","FAVOUR","","CHIKWENDU","female","academic_principal","junior","","","NKATA-ALIKE OKAIUGA NKWOEGWU UMUAHIA","1978-04-19","2348080894844","","NIGERIA","ABIA","Christianity","","/home/zeonglob/public_html/lifegate//private/images/staff_passport/f08563.jpg","form","","","0","1639475689","","activated","2019/2020","1st Term"),
("3","109","310968903fed","T/19/0003","$2y$10$3hsXGq7sHMmcU5qMWehGu.BkwOzzsWWsHztg76Dn5uoBZ0qGyu4C.","esprecious","esprecious","PRECIOUS","KELECHI","JAMES","female","academic","junior","","","UMUAHIA","1985-02-14","2348104981321","","NIGERIA","ABIA","Christianity","","","","","","0","1628681480","","deactivated","2019/2020","1st Term"),
("4","109","4109b6db26a8","T/19/0004","$2y$10$Zth9raWoqnzsEjNivASuA.RSpMrNmUkMkyKesl/x8QuKMxfI7sBJ6","onchidi","onchidi","CHIDI","JUSTICE","JACKSON","male","academic","junior","","","UMUAHIA","1991-07-12","2348038795790","Jacksonjusticechidi@gmail.com","NIGERIA","ABIA","Others","","","","","","0","1639477336","","activated","2019/2020","1st Term"),
("5","109","5109b1c86417","T/19/0005","$2y$10$Na.75KEbY0W39ddQm4b6j.6RmzeNyLe61J/ijhdos94WUkbwMccOS","wahannah","wahannah","HANNAH","","ONWUCHEKWA","female","academic","junior","","","UMUAHIA","1984-03-03","2347065234389","","NIGERIA","ABIA","Christianity","","","form","","","0","1639392118","","activated","2019/2020","1st Term"),
("11","109","11109a3d7064a","T/20/0001","$2y$10$/CY7gPdIMsMOJ03qO61rl.1dlEjYnf1R56Vr8r7Cto/UdJD5qZTIi","dachioma","dachioma","CHIOMA","","AMANDA","female","academic","junior","","","UMUAGU","1989-03-08","2347062752099","","NIGERIA","ABIA","Christianity","","","form","","","0","1639469710","","activated","2020/2021","1st Term"),
("12","109","121098eaff988","T/20/0002","$2y$10$sd6eMhTaHxnc.F.RbdgPI.Maj8hd45TiJLlGqK8TTsSJTiOzy1PqS","ahlucy","ahlucy","LUCY","CHINATU","MBAH","female","academic_account","junior","","","METHODIST CHURCH EKEOBA UMUAHIA ABIA STREET","1994-12-29","2348175532731","","NIGERIA","ABIA","Christianity","","","","","","0","1639137450","","activated","2020/2021","2nd Term"),
("13","109","13109141e8a42","T/20/0003","$2y$10$H7brAReJm42UJ7fy46re8.qeYLr8JZh4BooATfcoUhFLQ.2.Ie6zm","jiuchechi","jiuchechi","UCHECHI","MGBAFOR","EZEJI","female","academic","junior","","","OKAIUGA NKWOEGWU ","1962-02-06","2348038311729","ezejiuchechi@gmail.com","NIGERIA","IMO","Christianity","HEALTHY","","","","","0","1639937419","","activated","2020/2021","3rd Term"),
("14","109","141093e245052","T/21/0001","$2y$10$0p/uPpRsdYwyZYFJZgzce.wuhxRlpd609vj0i./PNunFhtyPd0vE6","wejustin","wejustin","JUSTIN","CHUKWUEMEKA","AJOMIWE","male","academic","junior","","","UHUOKWU,ORIENDU","1979-06-03","2348165279649","justinkooljay@gmail.com","NIGERIA","ABIA","Christianity","","","","","","0","1639598333","","activated","2021/2022","1st Term"),
("15","109","15109fa05dd2b","T/21/0002","$2y$10$XN4XhsMD0eH3IHu2cRxEJOVOl1INNoD4eH5OVL84HWKp1Ny5H2jg.","wuaugustine","wuaugustine","AUGUSTINE","OZOEMENAM","AKALUGWU","male","academic","junior","","","OKAIUGA NKWOEGWU","1982-02-22","2348139551830","augustineozoemenam41@gmail.com","NIGERIA","IMO","Christianity","","","","","","0","1639641868","","activated","2021/2022","1st Term");




CREATE TABLE `staff_salary` (
  `staff_salary_id` int(11) NOT NULL AUTO_INCREMENT,
  `staff_id` int(11) NOT NULL,
  `amount` decimal(15,2) NOT NULL,
  PRIMARY KEY (`staff_salary_id`)
) ENGINE=InnoDB AUTO_INCREMENT=16 DEFAULT CHARSET=latin1;


INSERT INTO staff_salary VALUES
("1","1","16000.00"),
("3","3","4000.00"),
("4","4","15000.00"),
("5","5","8000.00"),
("11","11","0.00"),
("12","12","0.00"),
("13","13","0.00"),
("14","14","0.00"),
("15","15","0.00");




CREATE TABLE `staff_subject` (
  `staff_subject_id` int(11) NOT NULL AUTO_INCREMENT,
  `staff_id` int(11) NOT NULL,
  `subject_id` int(11) NOT NULL,
  `class_id` int(11) NOT NULL,
  PRIMARY KEY (`staff_subject_id`),
  KEY `staff_subject_class` (`staff_id`,`subject_id`,`class_id`)
) ENGINE=InnoDB AUTO_INCREMENT=61 DEFAULT CHARSET=latin1;


INSERT INTO staff_subject VALUES
("46","0","1","4"),
("51","0","4","4"),
("52","0","7","4"),
("47","0","10","4"),
("48","0","11","4"),
("4","0","12","1"),
("19","0","12","2"),
("34","0","12","3"),
("49","0","13","4"),
("53","0","13","5"),
("54","0","13","6"),
("50","0","14","4"),
("11","1","5","1"),
("26","1","5","2"),
("41","1","5","3"),
("2","1","10","1"),
("17","1","10","2"),
("32","1","10","3"),
("38","4","2","3"),
("45","4","9","3"),
("5","4","13","1"),
("20","4","13","2"),
("35","4","13","3"),
("9","5","3","1"),
("24","5","3","2"),
("39","5","3","3"),
("10","5","4","1"),
("25","5","4","2"),
("40","5","4","3"),
("14","5","8","1"),
("29","5","8","2"),
("44","5","8","3"),
("12","11","6","1"),
("27","11","6","2"),
("42","11","6","3"),
("3","11","11","1"),
("18","11","11","2"),
("33","11","11","3"),
("6","11","14","1"),
("21","11","14","2"),
("36","11","14","3"),
("1","13","1","1"),
("16","13","1","2"),
("31","13","1","3"),
("13","14","7","1"),
("28","14","7","2"),
("43","14","7","3"),
("55","14","16","1"),
("56","14","16","2"),
("57","14","16","3"),
("8","15","2","1"),
("23","15","2","2"),
("15","15","9","1"),
("30","15","9","2"),
("58","15","17","1"),
("59","15","17","2"),
("60","15","17","3");




CREATE TABLE `staff_subject_subclass` (
  `staff_subject_subclass_id` int(11) NOT NULL AUTO_INCREMENT,
  `staff_id` int(11) NOT NULL,
  `subject_id` int(11) NOT NULL,
  `class_id` int(11) NOT NULL,
  `subclass_id` int(11) NOT NULL,
  PRIMARY KEY (`staff_subject_subclass_id`),
  UNIQUE KEY `staff_subject_subclass` (`staff_id`,`subject_id`,`class_id`,`subclass_id`)
) ENGINE=InnoDB AUTO_INCREMENT=61 DEFAULT CHARSET=latin1;


INSERT INTO staff_subject_subclass VALUES
("46","0","1","4","0"),
("51","0","4","4","0"),
("52","0","7","4","0"),
("47","0","10","4","0"),
("48","0","11","4","0"),
("4","0","12","1","0"),
("19","0","12","2","0"),
("34","0","12","3","0"),
("49","0","13","4","0"),
("53","0","13","5","0"),
("54","0","13","6","0"),
("50","0","14","4","0"),
("11","1","5","1","0"),
("26","1","5","2","0"),
("41","1","5","3","0"),
("2","1","10","1","0"),
("17","1","10","2","0"),
("32","1","10","3","0"),
("38","4","2","3","0"),
("45","4","9","3","0"),
("5","4","13","1","0"),
("20","4","13","2","0"),
("35","4","13","3","0"),
("9","5","3","1","0"),
("24","5","3","2","0"),
("39","5","3","3","0"),
("10","5","4","1","0"),
("25","5","4","2","0"),
("40","5","4","3","0"),
("14","5","8","1","0"),
("29","5","8","2","0"),
("44","5","8","3","0"),
("12","11","6","1","0"),
("27","11","6","2","0"),
("42","11","6","3","0"),
("3","11","11","1","0"),
("18","11","11","2","0"),
("33","11","11","3","0"),
("6","11","14","1","0"),
("21","11","14","2","0"),
("36","11","14","3","0"),
("1","13","1","1","0"),
("16","13","1","2","0"),
("31","13","1","3","0"),
("13","14","7","1","0"),
("28","14","7","2","0"),
("43","14","7","3","0"),
("55","14","16","1","0"),
("56","14","16","2","0"),
("57","14","16","3","0"),
("8","15","2","1","0"),
("23","15","2","2","0"),
("15","15","9","1","0"),
("30","15","9","2","0"),
("58","15","17","1","0"),
("59","15","17","2","0"),
("60","15","17","3","0");




CREATE TABLE `student_plan` (
  `student_plan_id` int(11) NOT NULL AUTO_INCREMENT,
  `student_id` int(11) NOT NULL,
  `plan_id` int(11) NOT NULL,
  PRIMARY KEY (`student_plan_id`)
) ENGINE=InnoDB DEFAULT CHARSET=latin1;






CREATE TABLE `student_subject` (
  `student_subject_id` int(11) NOT NULL AUTO_INCREMENT,
  `student_id` int(11) NOT NULL,
  `subject_id` int(11) NOT NULL,
  `status` varchar(10) NOT NULL,
  PRIMARY KEY (`student_subject_id`),
  KEY `student_subject_status` (`student_id`,`subject_id`,`status`)
) ENGINE=InnoDB AUTO_INCREMENT=789 DEFAULT CHARSET=latin1;


INSERT INTO student_subject VALUES
("1","1","1","doing"),
("8","1","2","doing"),
("9","1","3","doing"),
("10","1","4","doing"),
("11","1","5","doing"),
("12","1","6","doing"),
("13","1","7","doing"),
("14","1","8","doing"),
("15","1","9","doing"),
("2","1","10","doing"),
("3","1","11","doing"),
("4","1","12","doing"),
("5","1","13","doing"),
("6","1","14","doing"),
("684","1","16","doing"),
("728","1","17","doing"),
("16","2","1","doing"),
("23","2","2","doing"),
("24","2","3","doing"),
("25","2","4","doing"),
("26","2","5","doing"),
("27","2","6","doing"),
("28","2","7","doing"),
("29","2","8","doing"),
("30","2","9","doing"),
("17","2","10","doing"),
("18","2","11","doing"),
("19","2","12","doing"),
("20","2","13","doing"),
("21","2","14","doing"),
("685","2","16","doing"),
("729","2","17","doing"),
("31","3","1","doing"),
("38","3","2","doing"),
("39","3","3","doing"),
("40","3","4","doing"),
("41","3","5","doing"),
("42","3","6","doing"),
("43","3","7","doing"),
("44","3","8","doing"),
("45","3","9","doing"),
("32","3","10","doing"),
("33","3","11","doing"),
("34","3","12","doing"),
("35","3","13","doing"),
("36","3","14","doing"),
("686","3","16","doing"),
("730","3","17","doing"),
("46","4","1","doing"),
("53","4","2","doing"),
("54","4","3","doing"),
("55","4","4","doing"),
("56","4","5","doing"),
("57","4","6","doing"),
("58","4","7","doing"),
("59","4","8","doing"),
("60","4","9","doing"),
("47","4","10","doing"),
("48","4","11","doing"),
("49","4","12","doing"),
("50","4","13","doing"),
("51","4","14","doing"),
("687","4","16","doing"),
("731","4","17","doing"),
("61","5","1","doing"),
("68","5","2","doing"),
("69","5","3","doing"),
("70","5","4","doing"),
("71","5","5","doing"),
("72","5","6","doing"),
("73","5","7","doing"),
("74","5","8","doing"),
("75","5","9","doing"),
("62","5","10","doing"),
("63","5","11","doing"),
("64","5","12","doing"),
("65","5","13","doing"),
("66","5","14","doing"),
("688","5","16","doing"),
("732","5","17","doing"),
("76","6","1","doing"),
("83","6","2","doing"),
("84","6","3","doing"),
("85","6","4","doing"),
("86","6","5","doing"),
("87","6","6","doing"),
("88","6","7","doing"),
("89","6","8","doing"),
("90","6","9","doing"),
("77","6","10","doing"),
("78","6","11","doing"),
("79","6","12","doing"),
("80","6","13","doing"),
("81","6","14","doing"),
("668","6","16","doing"),
("712","6","17","doing"),
("91","7","1","doing"),
("98","7","2","doing"),
("99","7","3","doing"),
("100","7","4","doing");
INSERT INTO student_subject VALUES
("101","7","5","doing"),
("102","7","6","doing"),
("103","7","7","doing"),
("104","7","8","doing"),
("105","7","9","doing"),
("92","7","10","doing"),
("93","7","11","doing"),
("94","7","12","doing"),
("95","7","13","doing"),
("96","7","14","doing"),
("669","7","16","doing"),
("713","7","17","doing"),
("106","8","1","doing"),
("113","8","2","doing"),
("114","8","3","doing"),
("115","8","4","doing"),
("116","8","5","doing"),
("117","8","6","doing"),
("118","8","7","doing"),
("119","8","8","doing"),
("120","8","9","doing"),
("107","8","10","doing"),
("108","8","11","doing"),
("109","8","12","doing"),
("110","8","13","doing"),
("111","8","14","doing"),
("689","8","16","doing"),
("733","8","17","doing"),
("121","9","1","doing"),
("128","9","2","doing"),
("129","9","3","doing"),
("130","9","4","doing"),
("131","9","5","doing"),
("132","9","6","doing"),
("133","9","7","doing"),
("134","9","8","doing"),
("135","9","9","doing"),
("122","9","10","doing"),
("123","9","11","doing"),
("124","9","12","doing"),
("125","9","13","doing"),
("126","9","14","doing"),
("690","9","16","doing"),
("734","9","17","doing"),
("136","10","1","doing"),
("143","10","2","doing"),
("144","10","3","doing"),
("145","10","4","doing"),
("146","10","5","doing"),
("147","10","6","doing"),
("148","10","7","doing"),
("149","10","8","doing"),
("150","10","9","doing"),
("137","10","10","doing"),
("138","10","11","doing"),
("139","10","12","doing"),
("140","10","13","doing"),
("141","10","14","doing"),
("670","10","16","doing"),
("714","10","17","doing"),
("151","11","1","doing"),
("158","11","2","doing"),
("159","11","3","doing"),
("160","11","4","doing"),
("161","11","5","doing"),
("162","11","6","doing"),
("163","11","7","doing"),
("164","11","8","doing"),
("165","11","9","doing"),
("152","11","10","doing"),
("153","11","11","doing"),
("154","11","12","doing"),
("155","11","13","doing"),
("156","11","14","doing"),
("691","11","16","doing"),
("735","11","17","doing"),
("166","12","1","doing"),
("173","12","2","doing"),
("174","12","3","doing"),
("175","12","4","doing"),
("176","12","5","doing"),
("177","12","6","doing"),
("178","12","7","doing"),
("179","12","8","doing"),
("180","12","9","doing"),
("167","12","10","doing"),
("168","12","11","doing"),
("169","12","12","doing"),
("170","12","13","doing"),
("171","12","14","doing"),
("671","12","16","doing"),
("715","12","17","doing"),
("181","13","1","doing"),
("188","13","2","doing"),
("189","13","3","doing"),
("190","13","4","doing"),
("191","13","5","doing"),
("192","13","6","doing"),
("193","13","7","doing"),
("194","13","8","doing");
INSERT INTO student_subject VALUES
("195","13","9","doing"),
("182","13","10","doing"),
("183","13","11","doing"),
("184","13","12","doing"),
("185","13","13","doing"),
("186","13","14","doing"),
("672","13","16","doing"),
("716","13","17","doing"),
("196","14","1","doing"),
("203","14","2","doing"),
("204","14","3","doing"),
("205","14","4","doing"),
("206","14","5","doing"),
("207","14","6","doing"),
("208","14","7","doing"),
("209","14","8","doing"),
("210","14","9","doing"),
("197","14","10","doing"),
("198","14","11","doing"),
("199","14","12","doing"),
("200","14","13","doing"),
("201","14","14","doing"),
("673","14","16","doing"),
("717","14","17","doing"),
("211","15","1","doing"),
("218","15","2","doing"),
("219","15","3","doing"),
("220","15","4","doing"),
("221","15","5","doing"),
("222","15","6","doing"),
("223","15","7","doing"),
("224","15","8","doing"),
("225","15","9","doing"),
("212","15","10","doing"),
("213","15","11","doing"),
("214","15","12","doing"),
("215","15","13","doing"),
("216","15","14","doing"),
("674","15","16","doing"),
("718","15","17","doing"),
("226","16","1","doing"),
("233","16","2","doing"),
("234","16","3","doing"),
("235","16","4","doing"),
("236","16","5","doing"),
("237","16","6","doing"),
("238","16","7","doing"),
("239","16","8","doing"),
("240","16","9","doing"),
("227","16","10","doing"),
("228","16","11","doing"),
("229","16","12","doing"),
("230","16","13","doing"),
("231","16","14","doing"),
("675","16","16","doing"),
("719","16","17","doing"),
("241","17","1","doing"),
("248","17","2","doing"),
("249","17","3","doing"),
("250","17","4","doing"),
("251","17","5","doing"),
("252","17","6","doing"),
("253","17","7","doing"),
("254","17","8","doing"),
("255","17","9","doing"),
("242","17","10","doing"),
("243","17","11","doing"),
("244","17","12","doing"),
("245","17","13","doing"),
("246","17","14","doing"),
("676","17","16","doing"),
("720","17","17","doing"),
("256","18","1","doing"),
("263","18","2","doing"),
("264","18","3","doing"),
("265","18","4","doing"),
("266","18","5","doing"),
("267","18","6","doing"),
("268","18","7","doing"),
("269","18","8","doing"),
("270","18","9","doing"),
("257","18","10","doing"),
("258","18","11","doing"),
("259","18","12","doing"),
("260","18","13","doing"),
("261","18","14","doing"),
("677","18","16","doing"),
("721","18","17","doing"),
("271","19","1","doing"),
("278","19","2","doing"),
("279","19","3","doing"),
("280","19","4","doing"),
("281","19","5","doing"),
("282","19","6","doing"),
("283","19","7","doing"),
("284","19","8","doing"),
("285","19","9","doing"),
("272","19","10","doing"),
("273","19","11","doing"),
("274","19","12","doing");
INSERT INTO student_subject VALUES
("275","19","13","doing"),
("276","19","14","doing"),
("678","19","16","doing"),
("722","19","17","doing"),
("286","20","1","doing"),
("293","20","2","doing"),
("294","20","3","doing"),
("295","20","4","doing"),
("296","20","5","doing"),
("297","20","6","doing"),
("298","20","7","doing"),
("299","20","8","doing"),
("300","20","9","doing"),
("287","20","10","doing"),
("288","20","11","doing"),
("289","20","12","doing"),
("290","20","13","doing"),
("291","20","14","doing"),
("679","20","16","doing"),
("723","20","17","doing"),
("301","21","1","doing"),
("308","21","2","doing"),
("309","21","3","doing"),
("310","21","4","doing"),
("311","21","5","doing"),
("312","21","6","doing"),
("313","21","7","doing"),
("314","21","8","doing"),
("315","21","9","doing"),
("302","21","10","doing"),
("303","21","11","doing"),
("304","21","12","doing"),
("305","21","13","doing"),
("306","21","14","doing"),
("692","21","16","doing"),
("736","21","17","doing"),
("316","22","1","doing"),
("323","22","2","doing"),
("324","22","3","doing"),
("325","22","4","doing"),
("326","22","5","doing"),
("327","22","6","doing"),
("328","22","7","doing"),
("329","22","8","doing"),
("330","22","9","doing"),
("317","22","10","doing"),
("318","22","11","doing"),
("319","22","12","doing"),
("320","22","13","doing"),
("321","22","14","doing"),
("693","22","16","doing"),
("737","22","17","doing"),
("331","23","1","doing"),
("337","23","2","doing"),
("338","23","3","doing"),
("339","23","4","doing"),
("340","23","5","doing"),
("341","23","6","doing"),
("342","23","7","doing"),
("343","23","8","doing"),
("344","23","9","doing"),
("332","23","10","doing"),
("333","23","11","doing"),
("334","23","12","doing"),
("335","23","13","doing"),
("336","23","14","doing"),
("653","23","16","doing"),
("697","23","17","doing"),
("345","24","1","doing"),
("351","24","2","doing"),
("352","24","3","doing"),
("353","24","4","doing"),
("354","24","5","doing"),
("355","24","6","doing"),
("356","24","7","doing"),
("357","24","8","doing"),
("358","24","9","doing"),
("346","24","10","doing"),
("347","24","11","doing"),
("348","24","12","doing"),
("349","24","13","doing"),
("350","24","14","doing"),
("654","24","16","doing"),
("698","24","17","doing"),
("359","25","1","doing"),
("365","25","2","doing"),
("366","25","3","doing"),
("367","25","4","doing"),
("368","25","5","doing"),
("369","25","6","doing"),
("370","25","7","doing"),
("371","25","8","doing"),
("372","25","9","doing"),
("360","25","10","doing"),
("361","25","11","doing"),
("362","25","12","doing"),
("363","25","13","doing"),
("364","25","14","doing"),
("655","25","16","doing"),
("699","25","17","doing");
INSERT INTO student_subject VALUES
("373","26","1","doing"),
("379","26","2","doing"),
("380","26","3","doing"),
("381","26","4","doing"),
("382","26","5","doing"),
("383","26","6","doing"),
("384","26","7","doing"),
("385","26","8","doing"),
("386","26","9","doing"),
("374","26","10","doing"),
("375","26","11","doing"),
("376","26","12","doing"),
("377","26","13","doing"),
("378","26","14","doing"),
("656","26","16","doing"),
("700","26","17","doing"),
("387","27","1","doing"),
("393","27","2","doing"),
("394","27","3","doing"),
("395","27","4","doing"),
("396","27","5","doing"),
("397","27","6","doing"),
("398","27","7","doing"),
("399","27","8","doing"),
("400","27","9","doing"),
("388","27","10","doing"),
("389","27","11","doing"),
("390","27","12","doing"),
("391","27","13","doing"),
("392","27","14","doing"),
("657","27","16","doing"),
("701","27","17","doing"),
("401","28","1","doing"),
("407","28","2","doing"),
("408","28","3","doing"),
("409","28","4","doing"),
("410","28","5","doing"),
("411","28","6","doing"),
("412","28","7","doing"),
("413","28","8","doing"),
("414","28","9","doing"),
("402","28","10","doing"),
("403","28","11","doing"),
("404","28","12","doing"),
("405","28","13","doing"),
("406","28","14","doing"),
("658","28","16","doing"),
("702","28","17","doing"),
("429","30","1","doing"),
("435","30","2","doing"),
("436","30","3","doing"),
("437","30","4","doing"),
("438","30","5","doing"),
("439","30","6","doing"),
("440","30","7","doing"),
("441","30","8","doing"),
("442","30","9","doing"),
("430","30","10","doing"),
("431","30","11","doing"),
("432","30","12","doing"),
("433","30","13","doing"),
("434","30","14","doing"),
("659","30","16","doing"),
("703","30","17","doing"),
("443","31","1","doing"),
("449","31","2","doing"),
("450","31","3","doing"),
("451","31","4","doing"),
("452","31","5","doing"),
("453","31","6","doing"),
("454","31","7","doing"),
("455","31","8","doing"),
("456","31","9","doing"),
("444","31","10","doing"),
("445","31","11","doing"),
("446","31","12","doing"),
("447","31","13","doing"),
("448","31","14","doing"),
("680","31","16","doing"),
("724","31","17","doing"),
("457","32","1","doing"),
("463","32","2","doing"),
("464","32","3","doing"),
("465","32","4","doing"),
("466","32","5","doing"),
("467","32","6","doing"),
("468","32","7","doing"),
("469","32","8","doing"),
("470","32","9","doing"),
("458","32","10","doing"),
("459","32","11","doing"),
("460","32","12","doing"),
("461","32","13","doing"),
("462","32","14","doing"),
("694","32","16","doing"),
("738","32","17","doing"),
("471","33","1","doing"),
("477","33","2","doing"),
("478","33","3","doing"),
("479","33","4","doing");
INSERT INTO student_subject VALUES
("480","33","5","doing"),
("481","33","6","doing"),
("482","33","7","doing"),
("483","33","8","doing"),
("484","33","9","doing"),
("472","33","10","doing"),
("473","33","11","doing"),
("474","33","12","doing"),
("475","33","13","doing"),
("476","33","14","doing"),
("695","33","16","doing"),
("739","33","17","doing"),
("485","34","1","doing"),
("491","34","2","doing"),
("492","34","3","doing"),
("493","34","4","doing"),
("494","34","5","doing"),
("495","34","6","doing"),
("496","34","7","doing"),
("497","34","8","doing"),
("498","34","9","doing"),
("486","34","10","doing"),
("487","34","11","doing"),
("488","34","12","doing"),
("489","34","13","doing"),
("490","34","14","doing"),
("696","34","16","doing"),
("740","34","17","doing"),
("499","35","1","doing"),
("505","35","2","doing"),
("506","35","3","doing"),
("507","35","4","doing"),
("508","35","5","doing"),
("509","35","6","doing"),
("510","35","7","doing"),
("511","35","8","doing"),
("512","35","9","doing"),
("500","35","10","doing"),
("501","35","11","doing"),
("502","35","12","doing"),
("503","35","13","doing"),
("504","35","14","doing"),
("681","35","16","doing"),
("725","35","17","doing"),
("513","36","1","doing"),
("519","36","2","doing"),
("520","36","3","doing"),
("521","36","4","doing"),
("522","36","5","doing"),
("523","36","6","doing"),
("524","36","7","doing"),
("525","36","8","doing"),
("526","36","9","doing"),
("514","36","10","doing"),
("515","36","11","doing"),
("516","36","12","doing"),
("517","36","13","doing"),
("518","36","14","doing"),
("682","36","16","doing"),
("726","36","17","doing"),
("527","37","1","doing"),
("533","37","2","doing"),
("534","37","3","doing"),
("535","37","4","doing"),
("536","37","5","doing"),
("537","37","6","doing"),
("538","37","7","doing"),
("539","37","8","doing"),
("540","37","9","doing"),
("528","37","10","doing"),
("529","37","11","doing"),
("530","37","12","doing"),
("531","37","13","doing"),
("532","37","14","doing"),
("683","37","16","doing"),
("727","37","17","doing"),
("541","38","1","doing"),
("547","38","2","doing"),
("548","38","3","doing"),
("549","38","4","doing"),
("550","38","5","doing"),
("551","38","6","doing"),
("552","38","7","doing"),
("553","38","8","doing"),
("554","38","9","doing"),
("542","38","10","doing"),
("543","38","11","doing"),
("544","38","12","doing"),
("545","38","13","doing"),
("546","38","14","doing"),
("660","38","16","doing"),
("704","38","17","doing"),
("555","39","1","doing"),
("561","39","2","doing"),
("562","39","3","doing"),
("563","39","4","doing"),
("564","39","5","doing"),
("565","39","6","doing"),
("566","39","7","doing"),
("567","39","8","doing");
INSERT INTO student_subject VALUES
("568","39","9","doing"),
("556","39","10","doing"),
("557","39","11","doing"),
("558","39","12","doing"),
("559","39","13","doing"),
("560","39","14","doing"),
("661","39","16","doing"),
("705","39","17","doing"),
("569","40","1","doing"),
("575","40","2","doing"),
("576","40","3","doing"),
("577","40","4","doing"),
("578","40","5","doing"),
("579","40","6","doing"),
("580","40","7","doing"),
("581","40","8","doing"),
("582","40","9","doing"),
("570","40","10","doing"),
("571","40","11","doing"),
("572","40","12","doing"),
("573","40","13","doing"),
("574","40","14","doing"),
("662","40","16","doing"),
("706","40","17","doing"),
("583","41","1","doing"),
("589","41","2","doing"),
("590","41","3","doing"),
("591","41","4","doing"),
("592","41","5","doing"),
("593","41","6","doing"),
("594","41","7","doing"),
("595","41","8","doing"),
("596","41","9","doing"),
("584","41","10","doing"),
("585","41","11","doing"),
("586","41","12","doing"),
("587","41","13","doing"),
("588","41","14","doing"),
("663","41","16","doing"),
("707","41","17","doing"),
("597","42","1","doing"),
("603","42","2","doing"),
("604","42","3","doing"),
("605","42","4","doing"),
("606","42","5","doing"),
("607","42","6","doing"),
("608","42","7","doing"),
("609","42","8","doing"),
("610","42","9","doing"),
("598","42","10","doing"),
("599","42","11","doing"),
("600","42","12","doing"),
("601","42","13","doing"),
("602","42","14","doing"),
("664","42","16","doing"),
("708","42","17","doing"),
("611","43","1","doing"),
("617","43","2","doing"),
("618","43","3","doing"),
("619","43","4","doing"),
("620","43","5","doing"),
("621","43","6","doing"),
("622","43","7","doing"),
("623","43","8","doing"),
("624","43","9","doing"),
("612","43","10","doing"),
("613","43","11","doing"),
("614","43","12","doing"),
("615","43","13","doing"),
("616","43","14","doing"),
("665","43","16","doing"),
("709","43","17","doing"),
("625","44","1","doing"),
("631","44","2","doing"),
("632","44","3","doing"),
("633","44","4","doing"),
("634","44","5","doing"),
("635","44","6","doing"),
("636","44","7","doing"),
("637","44","8","doing"),
("638","44","9","doing"),
("626","44","10","doing"),
("627","44","11","doing"),
("628","44","12","doing"),
("629","44","13","doing"),
("630","44","14","doing"),
("666","44","16","doing"),
("710","44","17","doing"),
("639","45","1","doing"),
("645","45","2","doing"),
("646","45","3","doing"),
("647","45","4","doing"),
("648","45","5","doing"),
("649","45","6","doing"),
("650","45","7","doing"),
("651","45","8","doing"),
("652","45","9","doing"),
("640","45","10","doing"),
("641","45","11","doing"),
("642","45","12","doing");
INSERT INTO student_subject VALUES
("643","45","13","doing"),
("644","45","14","doing"),
("667","45","16","doing"),
("711","45","17","doing"),
("741","46","1","doing"),
("747","46","2","doing"),
("748","46","3","doing"),
("749","46","4","doing"),
("750","46","5","doing"),
("751","46","6","doing"),
("752","46","7","doing"),
("753","46","8","doing"),
("754","46","9","doing"),
("742","46","10","doing"),
("743","46","11","doing"),
("744","46","12","doing"),
("745","46","13","doing"),
("746","46","14","doing"),
("755","46","16","doing"),
("756","46","17","doing"),
("757","47","1","doing"),
("763","47","2","doing"),
("764","47","3","doing"),
("765","47","4","doing"),
("766","47","5","doing"),
("767","47","6","doing"),
("768","47","7","doing"),
("769","47","8","doing"),
("770","47","9","doing"),
("758","47","10","doing"),
("759","47","11","doing"),
("760","47","12","doing"),
("761","47","13","doing"),
("762","47","14","doing"),
("771","47","16","doing"),
("772","47","17","doing"),
("773","48","1","doing"),
("779","48","2","doing"),
("780","48","3","doing"),
("781","48","4","doing"),
("782","48","5","doing"),
("783","48","6","doing"),
("784","48","7","doing"),
("785","48","8","doing"),
("786","48","9","doing"),
("774","48","10","doing"),
("775","48","11","doing"),
("776","48","12","doing"),
("777","48","13","doing"),
("778","48","14","doing"),
("787","48","16","doing"),
("788","48","17","doing");




CREATE TABLE `students` (
  `student_id` int(11) NOT NULL AUTO_INCREMENT,
  `user_key` varchar(100) DEFAULT NULL,
  `school_id` int(10) unsigned NOT NULL,
  `parent_id` int(11) NOT NULL,
  `class_id` int(11) NOT NULL,
  `subclass_id` int(11) NOT NULL,
  `plan_id` int(11) NOT NULL,
  `hostel_id` int(11) NOT NULL,
  `room_id` int(11) NOT NULL,
  `bedspace` int(11) DEFAULT NULL,
  `first_name` varchar(50) NOT NULL,
  `other_name` varchar(50) NOT NULL,
  `last_name` varchar(50) NOT NULL,
  `serial_number` varchar(50) NOT NULL,
  `pass` char(255) NOT NULL,
  `first_password` varchar(200) NOT NULL,
  `new_password` varchar(200) NOT NULL,
  `email` varchar(200) NOT NULL,
  `dob` date NOT NULL,
  `gender` varchar(10) NOT NULL,
  `religion` varchar(50) NOT NULL,
  `reg_no` varchar(20) NOT NULL,
  `adm_no` varchar(60) NOT NULL,
  `graduation_year` varchar(20) NOT NULL,
  `graduation_term` varchar(10) NOT NULL,
  `deactivation_sess` char(20) NOT NULL,
  `deactivation_term` char(10) NOT NULL,
  `disability` varchar(300) NOT NULL,
  `passport` varchar(200) NOT NULL,
  `relationship` varchar(20) NOT NULL,
  `new_student` varchar(20) NOT NULL,
  `new_student_finance` varchar(20) NOT NULL,
  `forget_token` varchar(50) NOT NULL,
  `login_attempt` int(11) NOT NULL,
  `login_last_time` int(11) unsigned NOT NULL,
  `scratch_card_attempt` int(10) unsigned NOT NULL,
  `scratch_card_last_time` int(10) unsigned NOT NULL,
  `transfer` char(20) NOT NULL,
  `transfer_school_id` int(11) NOT NULL,
  `exempt` char(10) NOT NULL,
  `check_result` varchar(20) NOT NULL DEFAULT 'check_result',
  `activation` varchar(20) NOT NULL,
  `date_created` datetime NOT NULL DEFAULT current_timestamp(),
  PRIMARY KEY (`student_id`),
  UNIQUE KEY `serial_number` (`serial_number`),
  UNIQUE KEY `user_key` (`user_key`),
  KEY `activation` (`activation`),
  KEY `parent_id` (`parent_id`),
  KEY `plan_id` (`plan_id`),
  KEY `class_subclass` (`class_id`,`subclass_id`,`activation`),
  KEY `exempt` (`exempt`),
  KEY `check_result` (`check_result`),
  KEY `date_created` (`date_created`),
  KEY `school_id` (`school_id`)
) ENGINE=InnoDB AUTO_INCREMENT=49 DEFAULT CHARSET=latin1;


INSERT INTO students VALUES
("1","110927b8c4a0","109","153","3","0","0","0","0","","IKECHUKWU","","CHIBUNNA","S/19/0001","$2y$10$23CLSTfwAdpzQ.8pj7b9muq8Q0c0NsiT7QQ2JP3bfTsFjWRgg6hfa","naikechukwu","naikechukwu","","2019-04-09","male","Christianity","","","","","","","","/home/zeonglob/public_html/lifegate//private/images/student_passport/8ac23e.jpg","PARENT","","","","0","1634031334","0","0","","0","","not_check_result","activated","2019-12-13 07:50:34"),
("2","2109b585c3c3","109","130","3","0","0","0","0","","UDOCHUKWU","FREEMAN","EJIOGU","S/19/0002","$2y$10$YfObXyrFzLdJ1B.h5KHDFeoWUACYa0Z9YjHS/ocTtRBLlcnfxt4P2","guudochukwu","guudochukwu","","2007-03-27","male","Christianity","","","","","","","","/home/zeonglob/public_html/lifegate//private/images/student_passport/805153.jpg","","","","","0","1635510377","0","0","","0","","not_check_result","activated","2019-12-13 07:50:56"),
("3","310924d5d7d3","109","129","3","0","0","0","0","","UGOCHUKWU","CHRISTOPHER","CHUKWENDU","S/19/0003","$2y$10$qeab0JgrmGFobUgzAoS0..enRD3.lLJ6m6TfikmK5HHjVCFqOVXSa","duugochukwu","duugochukwu","","2008-01-26","male","Christianity","","","","","","","","/home/zeonglob/public_html/lifegate//private/images/student_passport/bc8af3.jpg","","","","","3","1611153814","0","0","","0","","check_result","activated","2019-12-13 07:51:43"),
("4","4109f2bd9403","109","154","3","0","0","0","0","","IFEANYI","","DIKE","S/19/0004","$2y$10$RjiRvjBwc37nfeUsI38iBu7QmA0LBGOu79rxWHnlvDw3L/PhXurvy","keifeanyi","keifeanyi","","2019-12-13","male","Christianity","","","","","","","","/home/zeonglob/public_html/lifegate//private/images/student_passport/1c33fa.jpg","PARENT","","","","0","1616330601","0","0","","0","","check_result","activated","2019-12-13 07:52:10"),
("5","5109d0f6279d","109","128","3","0","0","0","0","","CHIMEZIRIM","","AMAECHI","S/19/0005","$2y$10$Jw0riE5my.zjAFoxknfHNed//nc683HDMEc0KMgJTqiBlFuu3AFne","hichimezirim","hichimezirim","","2008-08-27","male","Christianity","","","","","","","","/home/zeonglob/public_html/lifegate//private/images/student_passport/64d49d.jpg","PARENT","","","","0","1580310538","0","0","","0","","not_check_result","activated","2019-12-13 07:52:40"),
("6","61094d0f0798","109","132","1","0","0","0","0","","CHINOMSO","","ENYERIBE","S/19/0006","$2y$10$5e.dYaSzSwoX41m1duL0h.8sKwLvuNcIslDkLzLbbkpv0NGpEZf42","bechinomso","bechinomso","","2019-12-13","male","Christianity","","","","","2020/2021","1st Term","","","","","","","0","0","0","0","","0","","not_check_result","blocked","2019-12-13 07:53:04"),
("7","710917c249c9","109","155","1","0","0","0","0","","CHUKWUDI","","CHINEDU","S/19/0007","$2y$10$ahf1nldvq/uSyIRO7FR0t..2kE1s/cTKf/PY1vgIJBxDdrHiiyG3W","duchukwudi","duchukwudi","","2019-12-13","male","Christianity","","","","","2019/2020","3rd Term","","","","","","","0","0","0","0","","0","exempt","not_check_result","blocked","2019-12-13 07:53:28"),
("8","8109676ffeeb","109","151","3","0","0","0","0","","WISDOM","","CHIKWENDU","S/19/0008","$2y$10$vve2uyMnOmqLtnG7F8Fwx.VX7qUsFUJZToUn/cGB3PRPM7jGGGcbC","duwisdom","duwisdom","","2008-09-13","male","Christianity","","","","","","","","","PARENT","","","","0","1604403483","0","0","","0","","not_check_result","activated","2019-12-13 07:53:57"),
("9","9109f032e9bf","109","119","3","0","0","0","0","","GIFT","","APOLOS","S/19/0009","$2y$10$6S2ChSxd3LxR1FbnxPn9s.lVysAMucUj9B3J1EQnda3Ya1VhKtF6C","osgift","osgift","","2007-03-18","female","Christianity","","","","","","","","/home/zeonglob/public_html/lifegate//private/images/student_passport/7fb0a7.jpg","PARENT","","","","0","0","0","0","","0","","not_check_result","activated","2020-02-14 12:01:58"),
("10","1010922cc0e88","109","131","1","0","0","0","0","","WISDOM","","TIMOTHY","S/19/0010","$2y$10$7o5sM5zvHXnzuc7F0aMnj.wiX/YpTqJGepm7sVFSmlsxUjOz7HXnW","zeonglobal","zeonglobal","","2006-08-06","male","Christianity","","","","","2019/2020","3rd Term","","/home/zeonglob/public_html/lifegate//private/images/student_passport/7f31bb.jpg","GUARDIAN","","","","0","0","0","0","","0","","not_check_result","blocked","2020-02-14 12:06:47"),
("11","111090e4afbd4","109","97","3","0","0","0","0","","PRINCE","","FESTUS","S/19/0011","$2y$10$etc.MCIdgcI5rOCXkJPQJeFa2VayFDehmna9vIPFlfyHCUtOO8tCO","usprince","usprince","","2008-12-16","male","Christianity","","","","","","","","/home/zeonglob/public_html/lifegate//private/images/student_passport/194bb7.jpg","PARENT","","","","0","0","0","0","","0","","check_result","activated","2020-02-14 12:10:06"),
("12","12109af5f89c1","109","159","2","0","0","0","0","","EXCEL","","NWANNEAKOLAM","S/20/0001","$2y$10$q2aXR/TXwNK6dlI2fMjcxuYJlwuCihnpUjkyDnSpCDT4V7rg/pj7e","zeonglobal","zeonglobal","","2009-05-01","female","Christianity","","","","","","","","","PARENT","","new_student","","0","1638875690","0","0","","0","","not_check_result","activated","2020-11-02 10:00:21"),
("13","13109180208e9","109","104","2","0","0","0","0","","NMESOMACHI","FAVOUR","AMAEFULA","S/20/0002","$2y$10$lbWtQoiUeGLqOx19snTUqO7.rLLAwlM0a8gdpEWa6uurZQ65NN06e","lanmesomachi","lanmesomachi","","2010-04-23","female","Christianity","","","","","","","","","PARENT","","new_student","","0","1639377848","0","0","","0","","check_result","activated","2020-11-04 10:18:24"),
("14","1410963ecfd1a","109","116","2","0","0","0","0","","OGECHUKWU","","ONYEDIKACHI","S/20/0003","$2y$10$bdEPGNsx9McTkh5KleID9.hB3M2wnts85WMz5etMjg0J8UaIxQtAu","hiogechukwu","hiogechukwu","","2010-09-29","female","Christianity","","","","","","","","","PARENT","","new_student","","0","1633978377","0","0","","0","","not_check_result","activated","2020-11-06 10:42:45"),
("15","15109568252cc","109","165","2","0","0","0","0","","UCHENNA","MICHEAL","ISREAL","S/20/0004","$2y$10$suA9LUC6ZBnOv42mLRXusOHmgMHLYTB3XKuyWKV/sa.1ix5yDdqh6","zeonglobal","zeonglobal","","2011-06-16","female","Christianity","","","","","","","","","PARENT","","new_student","","0","1634031476","0","0","","0","","check_result","activated","2021-02-05 09:54:40"),
("16","1610945d2f933","109","166","2","0","0","0","0","","ANOINTING","EBERECHI","UKEAGU","S/20/0005","$2y$10$Ti9GCxJ0oOJZqYzaBXDZ2u/fnEo5i0Txv4yRaSXbW/XcYmg7/H5mu","zeonglobal","zeonglobal","","2009-07-02","female","Christianity","","","","","","","","","PARENT","","new_student","","0","0","0","0","","0","","check_result","activated","2021-02-05 10:01:10"),
("17","1710991f8f9ea","109","170","2","0","0","0","0","","CHIDIEBUBE","PROSPER","CHILAKA","S/20/0006","$2y$10$e4ShRe9AJDO9m2rde2V3FO7HD3z5gQWJ8n3JA3d6wRCs7GjzR.dG.","zeonglobal","zeonglobal","","2009-12-22","male","Christianity","","","","","","","","","PARENT","","new_student","","1","1634296273","0","0","","0","","check_result","activated","2021-02-05 12:45:11"),
("18","18109f0033e9b","109","191","2","0","0","0","0","","CHIAMAKA","FAVOUR","UGBOR","S/20/0007","$2y$10$uFgDkQUFFlu7pl7gT.LwCuNP/CLWvmfJ4gRMk.UTLTf/OIE1wFkF2","zeonglobal","zeonglobal","","2009-02-14","female","Christianity","","","","","","","","","PARENT","","new_student","","0","1621273383","0","0","","0","","not_check_result","activated","2021-04-29 11:49:15"),
("19","19109521e9477","109","192","2","0","0","0","0","","CHUKWUEMEKA","BRIGHT","IKECHUKWU","S/20/0008","$2y$10$pqMxGU.2ZK92TO3eKbZRYOI9BNuw9.d6LskCY9kqyiDI/lFayO5EK","zeonglobal","zeonglobal","","2006-04-22","male","Christianity","","","","","2021/2022","1st Term","","","PARENT","","new_student","","1","1634296256","0","0","","0","","not_check_result","blocked","2021-04-29 11:53:59"),
("20","201097f48e698","109","193","2","0","0","0","0","","LOVETH","CHIDINMA","OKWUDIRI","S/20/0009","$2y$10$9yALH1QnSsCsEwZ92NY4DetC1pGuJW5gmjh3nbUbnw.uwXXatNHUC","zeonglobal","zeonglobal","","2010-02-11","female","Christianity","","","","","","","","","GUARDIAN","","new_student","","0","1632240239","0","0","","0","","check_result","activated","2021-04-29 12:02:45"),
("21","21109e159c3e1","109","181","3","0","0","0","0","","CHIMAOBI","VICTOR","OBIOMA","S/20/0010","$2y$10$bnQYgb2mx6re6r9uzUn5qukug/B5Prli1B/6MD8KCR5/dP.FHcHee","machimaobi","machimaobi","","2007-01-09","male","Christianity","","","","","","","","","PARENT","","new_student","","0","0","0","0","","0","","not_check_result","activated","2021-04-29 12:06:07"),
("22","2210985c115ed","109","207","3","0","0","0","0","","GOODNESS","NMESOMACHI","NNAMOCHA","S/20/0011","$2y$10$rpy1timbP4PQZg1ibckhzOSwz4Qb4P613X0M5WWAll85wQY7XwNx6","zeonglobal","zeonglobal","","2007-10-07","female","Christianity","","","","","","","","","PARENT","","new_student","","0","1638875196","0","0","","0","","check_result","activated","2021-07-27 10:01:38"),
("23","231099319c90d","109","230","1","0","0","0","0","","IFEOMA","","NDUBUISI","S/20/0012","$2y$10$ZCwx8/twd4hEZU3UssSgU.DyU49MKoyHmcAtuUu6jilemNwBpQTUW","zeonglobal","zeonglobal","","2011-04-24","female","Christianity","","","","","","","","","PARENT","","new_student","","0","0","0","0","","0","","check_result","activated","2021-10-15 12:29:15"),
("24","24109ae80e977","109","222","1","0","0","0","0","","QUEEN","","AJOMIWE","S/20/0013","$2y$10$XkxWx2GuzRgKtVzqVsOyGeRuwPF4p/IC6nmwj7pGSLHPlZOrwwl52","wequeen","wequeen","","2012-09-19","female","Christianity","","","","","","","","","PARENT","","new_student","","0","0","0","0","","0","","not_check_result","activated","2021-10-15 12:31:08"),
("25","251090f762ce6","109","231","1","0","0","0","0","","PROMISE","","CHIBUZO","S/20/0014","$2y$10$L6HYT8.5eAJzAWP/fDiDLOsSqQVzi.fFdDIZ2C9exrrZ1QdZ5P71.","zeonglobal","zeonglobal","","2009-04-05","male","Christianity","","","","","","","","","PARENT","","new_student","","0","0","0","0","","0","","not_check_result","activated","2021-10-15 12:41:40"),
("26","2610987febe4a","109","232","1","0","0","0","0","","NELSON","MIRACLE","OKO","S/20/0015","$2y$10$615uCrrMVYzfIg/RmeYOP.0yPUOwZ3CbLVEmgPZfwXRrtO97ZwSK.","zeonglobal","zeonglobal","","2011-06-27","female","Christianity","","","","","","","","","PARENT","","new_student","","0","0","0","0","","0","","check_result","activated","2021-10-15 12:45:28"),
("27","2710935b5555a","109","233","1","0","0","0","0","","CHUKWUEBUKA","","OKPARA","S/20/0016","$2y$10$rANZrPgDWljnfnnovNh6cuHumtSQ/NSpmSTqGiNgeWUPmDGWcXOW.","zeonglobal","zeonglobal","","2010-09-11","male","Christianity","","","","","","","","","PARENT","","new_student","","0","0","0","0","","0","","check_result","activated","2021-10-15 12:50:41"),
("28","2810964959685","109","234","1","0","0","0","0","","ADAUGO","","OGBONNA","S/20/0017","$2y$10$NhUyEvYc/KHHQMuQsoKBCeYSGPbSUVaSAobgiEtm/6BiPTWRYIvD.","zeonglobal","zeonglobal","","2009-04-28","female","Christianity","","","","","","","","","PARENT","","new_student","","0","0","0","0","","0","","not_check_result","activated","2021-10-15 12:55:32"),
("30","3010904eea4a5","109","236","1","0","0","0","0","","MICHEAL","CHIOMSO","UWADI","S/20/0019","$2y$10$8aUK/.dAbDD/MBZRyG3vtu0h8GOLPJgWbZgqoUgPoaiBimXhO7gJ2","zeonglobal","zeonglobal","","2011-02-15","male","Christianity","","","","","","","","","PARENT","","new_student","","0","0","0","0","","0","","check_result","activated","2021-10-18 13:45:32"),
("31","3110950ca11ed","109","223","2","0","0","0","0","","CHIMEREEZE","","HERBRT","S/20/0020","$2y$10$fjpSndhxL1cZSf8XP4h9CuZvYNqJ4Og5LMHnfGO1kEnGV8.wWd7ny","rtchimereeze","rtchimereeze","","2009-03-26","male","Christianity","","","","","","","","","PARENT","","new_student","","0","0","0","0","","0","","check_result","activated","2021-10-18 13:49:28"),
("32","3210989de67cf","109","237","3","0","0","0","0","","CHIDERA","","NWABUKO","S/20/0021","$2y$10$/6ccDpiGUkBZ10BJ.HOLaeungqeHQxtxzXrPjdTW3vI5IahsVprKi","zeonglobal","zeonglobal","","2008-10-12","male","Christianity","","","","","","","","","PARENT","","new_student","","0","0","0","0","","0","","check_result","activated","2021-10-18 13:52:55"),
("33","3310921a1727f","109","238","3","0","0","0","0","","FAVOUR","","SUDAY","S/20/0022","$2y$10$gSGJBGxV.iX.I7kZaXWkcelt2AHpiYFQcHxm2E1QixZDL1z0snUqO","zeonglobal","zeonglobal","","2008-12-15","male","Christianity","","","","","","","","","PARENT","","new_student","","0","0","0","0","","0","","check_result","activated","2021-10-18 13:56:27"),
("34","34109a265e4b7","109","239","3","0","0","0","0","","DIVINE","","IHEANYICHUKWU","S/20/0023","$2y$10$WId0RiAcrY/VqHE5V36Rter9QKTpmHrTMq.X5rSzPfw4yTvdvfvRK","zeonglobal","zeonglobal","","2010-04-16","female","Christianity","","","","","","","","","PARENT","","new_student","","0","1639822168","0","0","","0","","check_result","activated","2021-10-18 14:00:00"),
("35","3510981e767a3","109","240","2","0","0","0","0","","FAVOUR","CHIMAOBI","LAZARUS","S/20/0024","$2y$10$BFgTWxKg8leihfbXngfiWuSCvA9i1AWfK8BFWGueWOt.4nKNfNOe6","zeonglobal","zeonglobal","","2009-05-13","male","Christianity","","","","","","","","","PARENT","","new_student","","0","0","0","0","","0","","check_result","activated","2021-10-18 14:09:07"),
("36","3610947d52ae2","109","241","2","0","0","0","0","","BLOSSOM","","NNAMDI","S/20/0025","$2y$10$0dMrW1mzGyRZkQFvYRxt6.CDGkiEvrTNYCTx/VY.hYAiDhvM8JQ4.","zeonglobal","zeonglobal","","2009-06-05","male","Christianity","","","","","","","","","PARENT","","new_student","","0","0","0","0","","0","","check_result","activated","2021-10-18 14:12:33"),
("37","371096dbe6d59","109","235","2","0","0","0","0","","SAMSON","","OYEBUCHI","S/20/0026","$2y$10$oIegCW4Q4DbFhtw1dHUt1O5HOjSYMRzmx7fz0a.WKUwEsJhhlKx4K","hisamson","hisamson","","2010-01-21","male","Christianity","","","","","","","","","PARENT","","new_student","","0","0","0","0","","0","","check_result","activated","2021-10-18 14:17:17"),
("38","38109bdd32080","109","187","1","0","0","0","0","","NNEOMA","","CHUKWU","S/21/0001","$2y$10$vr1sYKK3slg5jXZ4h9vHXO74OPzC7ncbcSHhW2Nh5c.yipRdUr64G","wunneoma","wunneoma","","2009-11-20","female","Christianity","","","","","","","","","PARENT","new_student","new_student","","0","0","0","0","","0","","check_result","activated","2021-10-18 15:05:50"),
("39","391092c9a140d","109","96","1","0","0","0","0","","DELIGHT","","EZE","S/21/0002","$2y$10$qjW9dqXF44QuxCj7SjpOceim1s0jQ6NfkCG.ZyeGygmOD8Jql1sSO","zedelight","zedelight","","2009-07-10","male","Christianity","","","","","","","","","PARENT","new_student","new_student","","0","0","0","0","","0","","not_check_result","activated","2021-10-18 15:09:29"),
("40","40109f4876417","109","90","1","0","0","0","0","","VICTORY","","MAXWELL","S/21/0003","$2y$10$Uio0wAcazlB2LPwQfR0Ywu0kk/SlByvtnuawig8jeEtvbdIJBtlp2","llvictory","llvictory","","2010-04-13","female","Christianity","","","","","","","","","PARENT","new_student","new_student","","0","0","0","0","","0","","check_result","activated","2021-10-18 15:11:40"),
("41","41109d8e299af","109","29","1","0","0","0","0","","FAVOUR","","NDUBUISI","S/21/0004","$2y$10$y2I2eRZs6WmC/.tDtfWaMOG1bCWL3kRxY1kgT6uA0GH6GPk7vsBja","sifavour","sifavour","","2006-10-05","female","Christianity","","","","","","","","","PARENT","new_student","new_student","","0","0","0","0","","0","","check_result","activated","2021-10-18 15:14:40"),
("42","4210915f30190","109","6","1","0","0","0","0","","IHEANACHO","","ONYEBUCHI","S/21/0005","$2y$10$WtQMjPfaMvA2/OrKwvLhG.cGd1s8paW9XIA2mSj9e4LJrPonPlhci","hiiheanacho","hiiheanacho","","2009-08-08","male","Christianity","","","","","","","","","PARENT","new_student","new_student","","0","0","0","0","","0","","check_result","activated","2021-10-18 15:16:36"),
("43","431099de8e1d3","109","103","1","0","0","0","0","","FAVOUR","","ODIRICHI","S/21/0006","$2y$10$y/ovWxg.V3ghAAammE5FM.Xjzj2AwwE2MzcTOv9I8Xw2wZH4OZ/mK","hifavour","hifavour","","2010-04-13","female","Christianity","","","","","","","","","PARENT","new_student","new_student","","0","0","0","0","","0","","check_result","activated","2021-10-18 15:18:57"),
("44","44109c8c7a5f6","109","93","1","0","0","0","0","","MIRACLE","","NWOHA","S/21/0007","$2y$10$BSSleNKuakdoJx3Llxm/tu4zFnQGaGWM4DrHhPQhfIjKZt6r.6ir6","hamiracle","hamiracle","","2011-08-12","female","Christianity","","","","","","","","","PARENT","new_student","new_student","","0","0","0","0","","0","","check_result","activated","2021-10-18 15:20:55"),
("45","451094f0d4e65","109","98","1","0","0","0","0","","STANLEY","","ONYEBUCHI","S/21/0008","$2y$10$8vKERdb95ZTVjhjoq7Yfre8m1D9LP2jFT2Os0r/y80wUIJrrs570W","histanley","histanley","","2004-12-04","male","Christianity","","","","","","","","","PARENT","new_student","new_student","","0","0","0","0","","0","","check_result","activated","2021-10-18 15:23:06"),
("46","46109e855ee09","109","247","1","0","0","0","0","","PRUDENT","EMMJANUEL","UGBO","S/21/0009","$2y$10$mAoi5LqMDD6PdBh3FlLIR.w/YXRmQG1.uqHQZkt8WEt80axjZF7ZW","zeonglobal","zeonglobal","","2010-12-04","male","Christianity","","","","","","","","","PARENT","new_student","new_student","","0","0","0","0","","0","","not_check_result","activated","2021-12-09 13:39:00"),
("47","471097fcec8ee","109","181","1","0","0","0","0","","CHINEDU","","OBIOMA","S/21/0010","$2y$10$yOwLdCZ9ML1ByLXMxfXwU.unMORHfCn/7n5gnICQDGkyvrsaGLSh.","machinedu","machinedu","","2009-04-26","male","Christianity","","","","","","","","","","new_student","new_student","","0","0","0","0","","0","","check_result","activated","2021-12-10 13:25:13"),
("48","481094b8c73e0","109","166","1","0","0","0","0","","IJEOMA","","UKEAGU","S/21/0011","$2y$10$nHzw65WPPZDyjpluZ1iYQ.DJtJRRBQQR0dzdG3eEM9SKXAR3ywvVW","guijeoma","guijeoma","","2008-08-15","female","Christianity","","","","","","","","","PARENT","new_student","new_student","","0","0","0","0","","0","","check_result","activated","2021-12-10 13:30:26");




CREATE TABLE `subclass` (
  `subclass_id` int(11) NOT NULL AUTO_INCREMENT,
  `subclass_name` varchar(30) NOT NULL,
  PRIMARY KEY (`subclass_id`)
) ENGINE=InnoDB DEFAULT CHARSET=latin1;






CREATE TABLE `subject_class` (
  `subject_class_id` int(11) NOT NULL AUTO_INCREMENT,
  `subject_id` int(11) NOT NULL,
  `class_id` int(11) NOT NULL,
  PRIMARY KEY (`subject_class_id`)
) ENGINE=InnoDB AUTO_INCREMENT=61 DEFAULT CHARSET=latin1;


INSERT INTO subject_class VALUES
("1","1","1"),
("2","10","1"),
("3","11","1"),
("4","12","1"),
("5","13","1"),
("6","14","1"),
("8","2","1"),
("9","3","1"),
("10","4","1"),
("11","5","1"),
("12","6","1"),
("13","7","1"),
("14","8","1"),
("15","9","1"),
("16","1","2"),
("17","10","2"),
("18","11","2"),
("19","12","2"),
("20","13","2"),
("21","14","2"),
("23","2","2"),
("24","3","2"),
("25","4","2"),
("26","5","2"),
("27","6","2"),
("28","7","2"),
("29","8","2"),
("30","9","2"),
("31","1","3"),
("32","10","3"),
("33","11","3"),
("34","12","3"),
("35","13","3"),
("36","14","3"),
("38","2","3"),
("39","3","3"),
("40","4","3"),
("41","5","3"),
("42","6","3"),
("43","7","3"),
("44","8","3"),
("45","9","3"),
("46","1","4"),
("47","10","4"),
("48","11","4"),
("49","13","4"),
("50","14","4"),
("51","4","4"),
("52","7","4"),
("53","13","5"),
("54","13","6"),
("55","16","1"),
("56","16","2"),
("57","16","3"),
("58","17","1"),
("59","17","2"),
("60","17","3");




CREATE TABLE `subjects` (
  `subject_id` int(11) NOT NULL AUTO_INCREMENT,
  `subject_name` varchar(50) NOT NULL,
  `subject_short` varchar(30) NOT NULL,
  `groups` varchar(100) NOT NULL,
  PRIMARY KEY (`subject_id`),
  KEY `groups` (`groups`)
) ENGINE=InnoDB AUTO_INCREMENT=19 DEFAULT CHARSET=latin1;


INSERT INTO subjects VALUES
("1","ENGLISH STUDIES","ENG","junior"),
("2","MATHEMATICS","MATHS","junior"),
("3","SOCIAL STUDIES","SOS","junior"),
("4","CIVIC EDUCATION","CIVIC EDU","junior"),
("5","HOME ECONOMICS","HOME ECO","junior"),
("6","PHYSICAL & HEALTH EDUCATION","PHE","junior"),
("7","CULTURAL AND CREATIVE ARTS","CCA","junior"),
("8","SECURITY EDUCATION","SEC EDU","junior"),
("9","BASIC SCIENCE","BASIC SCI","junior"),
("10","INFORMATION TECHNOLOGY","I.T","junior"),
("11","CHRISTIAN RELIGIOUS STUDIES","CRS","junior"),
("12","IGBO LANGUAGE","IGBO","junior"),
("13","AGRICULTURAL SCIENCE","AGRIC SCI","junior"),
("14","BUSINESS STUDIES","BUSS. STD","junior"),
("15","LITERATURE IN ENGLISH","LIT-IN-ENGLISH","junior"),
("16","FRENCH","FRE","junior"),
("17","BASIC TECHNOLOGY","BASIC TECH","junior");




CREATE TABLE `test` (
  `test_id` int(11) NOT NULL AUTO_INCREMENT,
  `test_page_id` int(11) NOT NULL,
  `student_id` int(11) NOT NULL,
  `class_id` int(11) NOT NULL,
  `subclass_id` int(11) NOT NULL,
  `subject_id` int(11) NOT NULL,
  `class_name` varchar(50) NOT NULL,
  `subclass_name` varchar(50) NOT NULL,
  `subject_name` varchar(100) NOT NULL,
  `student_score` float DEFAULT NULL,
  `status` varchar(10) NOT NULL,
  `sessions` char(20) NOT NULL,
  `terms` char(20) NOT NULL,
  PRIMARY KEY (`test_id`),
  KEY `test_page_id` (`test_page_id`),
  KEY `class_id` (`class_id`),
  KEY `subclass_id` (`subclass_id`),
  KEY `subject_id` (`subject_id`),
  KEY `student_score` (`student_score`),
  KEY `status` (`status`),
  KEY `sessions` (`sessions`),
  KEY `terms` (`terms`)
) ENGINE=InnoDB DEFAULT CHARSET=latin1;






CREATE TABLE `test_page` (
  `test_page_id` int(11) NOT NULL AUTO_INCREMENT,
  `subject_id` int(11) NOT NULL,
  `class_id` int(11) NOT NULL,
  `subclass_id` int(11) NOT NULL,
  `class_name` varchar(50) NOT NULL,
  `subclass_name` varchar(50) NOT NULL,
  `subject_name` varchar(100) NOT NULL,
  `test_title` varchar(100) NOT NULL,
  `total_score` float NOT NULL,
  `students` int(11) NOT NULL,
  `status` varchar(10) NOT NULL,
  `sessions` char(20) NOT NULL,
  `terms` char(20) NOT NULL,
  `date_added` datetime NOT NULL,
  PRIMARY KEY (`test_page_id`)
) ENGINE=InnoDB DEFAULT CHARSET=latin1;






CREATE TABLE `topic` (
  `topic_id` int(11) NOT NULL AUTO_INCREMENT,
  `topic_name` varchar(200) NOT NULL,
  `class_id` int(11) NOT NULL,
  `subclass_id` int(11) NOT NULL,
  `subject_id` int(11) NOT NULL,
  `user_id` int(11) NOT NULL,
  `table_name` varchar(20) NOT NULL,
  `published` varchar(20) NOT NULL DEFAULT 'not_published',
  `discussion_signal` tinyint(4) NOT NULL,
  `sessions` varchar(15) NOT NULL,
  `terms` varchar(15) NOT NULL,
  `date_added` datetime NOT NULL DEFAULT current_timestamp(),
  PRIMARY KEY (`topic_id`),
  KEY `class_id` (`class_id`),
  KEY `subclass_id` (`subclass_id`),
  KEY `subject_id` (`subject_id`),
  KEY `user_id` (`user_id`),
  KEY `published` (`published`)
) ENGINE=InnoDB DEFAULT CHARSET=utf8mb4;






CREATE TABLE `topic_discussions` (
  `topic_discussions_id` int(11) NOT NULL AUTO_INCREMENT,
  `topic_id` int(11) NOT NULL,
  `user_id` int(11) NOT NULL,
  `table_name` varchar(20) NOT NULL,
  `discussion` varchar(300) NOT NULL,
  `date_added` datetime NOT NULL DEFAULT current_timestamp(),
  PRIMARY KEY (`topic_discussions_id`),
  KEY `user_id` (`user_id`),
  KEY `topic_id` (`topic_id`)
) ENGINE=InnoDB DEFAULT CHARSET=utf8mb4;






CREATE TABLE `transfer_current_fees_info` (
  `current_fees_info_id` int(11) unsigned NOT NULL AUTO_INCREMENT,
  `student_id` int(11) unsigned NOT NULL,
  `class_id` int(10) unsigned NOT NULL,
  `current_school_fees` decimal(15,2) NOT NULL,
  `past_debt` decimal(15,2) NOT NULL,
  `amount_to_pay` decimal(15,2) NOT NULL,
  `amount_paid` decimal(15,2) NOT NULL,
  `discount` decimal(15,2) NOT NULL,
  `surcharge_amount` decimal(15,2) NOT NULL,
  `surcharge_reason` varchar(500) NOT NULL,
  `wave_over` decimal(15,2) NOT NULL,
  `owing` decimal(15,2) NOT NULL,
  `present_owing` decimal(15,2) NOT NULL,
  `class_fee` decimal(15,2) NOT NULL,
  `plan_fee` decimal(15,2) NOT NULL,
  `new_student_fee` decimal(15,2) NOT NULL,
  `room_fee` decimal(15,2) NOT NULL,
  `sessions` varchar(20) NOT NULL,
  `terms` varchar(20) NOT NULL,
  PRIMARY KEY (`current_fees_info_id`),
  KEY `student_id` (`student_id`),
  KEY `sess_term` (`sessions`,`terms`)
) ENGINE=InnoDB DEFAULT CHARSET=latin1;






CREATE TABLE `transfer_fees_discount` (
  `fees_discount_id` int(11) NOT NULL AUTO_INCREMENT,
  `student_id` int(11) NOT NULL,
  `amount` decimal(15,2) NOT NULL,
  `reason` varchar(300) NOT NULL,
  `sessions` varchar(20) NOT NULL,
  `terms` varchar(20) NOT NULL,
  PRIMARY KEY (`fees_discount_id`),
  KEY `student_id` (`student_id`),
  KEY `session_term` (`sessions`,`terms`)
) ENGINE=InnoDB DEFAULT CHARSET=latin1;






CREATE TABLE `transfer_result_main` (
  `result_main_id` int(11) NOT NULL AUTO_INCREMENT,
  `student_id` int(11) NOT NULL,
  `class_id` int(11) NOT NULL,
  `class_name` char(50) NOT NULL,
  `section` varchar(10) NOT NULL,
  `subclass_id` int(11) NOT NULL,
  `subclass_name` char(50) NOT NULL,
  `total` float NOT NULL,
  `cumulative_total` float NOT NULL,
  `total_obtainable` float NOT NULL,
  `cumu_total_obtainable` float NOT NULL,
  `average` varchar(10) NOT NULL,
  `cumulative_average` varchar(10) NOT NULL,
  `position_class` varchar(20) NOT NULL,
  `cumulative_position_class` varchar(20) NOT NULL,
  `position_subclass` varchar(20) NOT NULL,
  `cumulative_position_subclass` varchar(20) NOT NULL,
  `student_attendance` int(11) DEFAULT NULL,
  `total_attendance` int(11) DEFAULT NULL,
  `total_student_class` int(10) unsigned NOT NULL,
  `total_student_subclass` int(10) unsigned NOT NULL,
  `cumulative_total_student_class` int(10) unsigned NOT NULL,
  `cumulative_total_student_subclass` int(10) unsigned NOT NULL,
  `handwriting` int(11) NOT NULL,
  `cumulative_handwriting` int(11) NOT NULL,
  `neatness` int(11) NOT NULL,
  `cumulative_neatness` int(11) NOT NULL,
  `punctuality` int(11) NOT NULL,
  `cumulative_punctuality` int(11) NOT NULL,
  `attentiveness` int(11) NOT NULL,
  `cumulative_attentiveness` int(11) NOT NULL,
  `initiative` int(11) NOT NULL,
  `cumulative_initiative` int(11) NOT NULL,
  `respect` int(11) NOT NULL,
  `cumulative_respect` int(11) NOT NULL,
  `obedience` int(11) NOT NULL,
  `cumulative_obedience` int(11) NOT NULL,
  `attitude` int(11) NOT NULL,
  `cumulative_attitude` int(11) NOT NULL,
  `honesty` int(11) NOT NULL,
  `cumulative_honesty` int(11) NOT NULL,
  `creativity` int(11) NOT NULL,
  `cumulative_creativity` int(11) NOT NULL,
  `behaviour1_name` varchar(100) NOT NULL,
  `behaviour2_name` varchar(100) NOT NULL,
  `behaviour3_name` varchar(100) NOT NULL,
  `behaviour4_name` varchar(100) NOT NULL,
  `behaviour5_name` varchar(100) NOT NULL,
  `behaviour6_name` varchar(100) NOT NULL,
  `behaviour7_name` varchar(100) NOT NULL,
  `behaviour8_name` varchar(100) NOT NULL,
  `behaviour9_name` varchar(100) NOT NULL,
  `behaviour10_name` varchar(100) NOT NULL,
  `promotion` varchar(50) NOT NULL,
  `promotion_class_id` int(11) NOT NULL,
  `promotion_class_name` varchar(50) NOT NULL,
  `promotion_comment` varchar(500) NOT NULL,
  `promotion_subclass_id` int(11) NOT NULL,
  `promotion_subclass_name` varchar(50) NOT NULL,
  `pass_ave` varchar(5) NOT NULL,
  `scratch_card_number` varchar(16) NOT NULL,
  `next_term_begins` date NOT NULL,
  `ca1_total_score` float NOT NULL,
  `ca2_total_score` float NOT NULL,
  `ca3_total_score` float NOT NULL,
  `ca4_total_score` float NOT NULL,
  `ca5_total_score` float NOT NULL,
  `ca6_total_score` float NOT NULL,
  `ca_total_score` float NOT NULL,
  `exam_total_score` float NOT NULL,
  `no_of_ca` int(11) NOT NULL,
  `exam_name` varchar(50) NOT NULL,
  `ca_name_1` varchar(50) NOT NULL,
  `ca_name_2` varchar(50) NOT NULL,
  `ca_name_3` varchar(50) NOT NULL,
  `ca_name_4` varchar(50) NOT NULL,
  `ca_name_5` varchar(50) NOT NULL,
  `ca_name_6` varchar(50) NOT NULL,
  `principal_name` varchar(100) NOT NULL,
  `principal_comment` text NOT NULL,
  `form_staff_name` varchar(200) NOT NULL,
  `form_staff_comment` text NOT NULL,
  `student_affairs_comment` text NOT NULL,
  `cumulative_principal_comment` text NOT NULL,
  `cumulative_form_staff_comment` text NOT NULL,
  `principal_signature` varchar(150) NOT NULL,
  `second_principal_signature` varchar(60) NOT NULL,
  `visited` int(11) NOT NULL,
  `sessions` varchar(20) NOT NULL,
  `terms` varchar(20) NOT NULL,
  PRIMARY KEY (`result_main_id`),
  KEY `student_id` (`student_id`),
  KEY `sessions` (`sessions`),
  KEY `terms` (`terms`),
  KEY `promotion` (`promotion`)
) ENGINE=InnoDB DEFAULT CHARSET=latin1;






CREATE TABLE `transfer_result_subject` (
  `result_subject_id` int(11) NOT NULL AUTO_INCREMENT,
  `student_id` int(11) NOT NULL,
  `class_id` int(11) NOT NULL,
  `subclass_id` int(11) NOT NULL,
  `class_name` varchar(50) NOT NULL,
  `subclass_name` varchar(50) NOT NULL,
  `subject_name` varchar(100) NOT NULL,
  `subject_id` int(11) NOT NULL,
  `ca1` float DEFAULT NULL,
  `ca2` float DEFAULT NULL,
  `ca3` float DEFAULT NULL,
  `ca4` float DEFAULT NULL,
  `ca5` float DEFAULT NULL,
  `ca6` float DEFAULT NULL,
  `ca` float DEFAULT NULL,
  `exam` float DEFAULT NULL,
  `sum_total` float DEFAULT NULL,
  `total` float NOT NULL,
  `cumulative_score` float NOT NULL,
  `cumulative_score_percent` float DEFAULT NULL,
  `cumulative_position` char(10) NOT NULL,
  `position_subclass` varchar(20) NOT NULL,
  `grade` varchar(5) NOT NULL,
  `grade_comment` varchar(50) NOT NULL,
  `staff_name` varchar(200) NOT NULL,
  `staff_comment` varchar(60) NOT NULL,
  `attendance` int(11) DEFAULT NULL,
  `percent_attendance` varchar(10) DEFAULT NULL,
  `handwriting` int(11) NOT NULL,
  `neatness` int(11) NOT NULL,
  `punctuality` int(11) NOT NULL,
  `attentiveness` int(11) NOT NULL,
  `initiative` int(11) NOT NULL,
  `respect` int(11) NOT NULL,
  `obedience` int(11) NOT NULL,
  `attitude` int(11) NOT NULL,
  `honesty` int(11) NOT NULL,
  `creativity` int(11) NOT NULL,
  `status` varchar(10) NOT NULL,
  `sessions` varchar(20) NOT NULL,
  `terms` varchar(10) NOT NULL,
  PRIMARY KEY (`result_subject_id`),
  KEY `sess_term` (`sessions`,`terms`),
  KEY `foreign_keys` (`student_id`,`class_id`,`subclass_id`,`subject_id`),
  KEY `status` (`status`)
) ENGINE=InnoDB DEFAULT CHARSET=latin1;






CREATE TABLE `transfer_salary_info` (
  `salary_info_id` int(11) NOT NULL AUTO_INCREMENT,
  `staff_id` int(11) NOT NULL,
  `current_salary` decimal(15,2) NOT NULL,
  `past_debt` decimal(15,2) NOT NULL,
  `amount_to_pay` decimal(15,2) NOT NULL,
  `amount_paid` decimal(15,2) NOT NULL,
  `wave_over` decimal(15,2) NOT NULL,
  `current_debt` decimal(15,2) NOT NULL,
  `deduct` decimal(15,2) NOT NULL,
  `appreciation_amount` decimal(15,2) NOT NULL,
  `appreciation_reason` varchar(500) NOT NULL,
  `owing` decimal(15,2) NOT NULL,
  `sessions` varchar(20) NOT NULL,
  `terms` varchar(20) NOT NULL,
  `months` varchar(30) NOT NULL,
  PRIMARY KEY (`salary_info_id`),
  KEY `staff_id` (`staff_id`),
  KEY `sessions` (`sessions`)
) ENGINE=InnoDB DEFAULT CHARSET=latin1;






CREATE TABLE `transfer_salary_payment` (
  `salary_payment_id` int(11) NOT NULL AUTO_INCREMENT,
  `staff_id` int(11) NOT NULL,
  `accountant_id` int(10) unsigned NOT NULL,
  `amount_paid` decimal(15,2) NOT NULL,
  `staff_name` varchar(200) NOT NULL,
  `sessions` varchar(20) NOT NULL,
  `terms` varchar(20) NOT NULL,
  `months` varchar(30) NOT NULL,
  `date_added` datetime NOT NULL,
  PRIMARY KEY (`salary_payment_id`)
) ENGINE=InnoDB DEFAULT CHARSET=latin1;






CREATE TABLE `transfer_school_fees` (
  `school_fees_id` int(11) NOT NULL AUTO_INCREMENT,
  `transaction_id` char(20) NOT NULL,
  `student_id` int(11) NOT NULL,
  `staff_id` int(11) NOT NULL,
  `plan_id` int(11) NOT NULL,
  `school_fees_payment_mode_id` int(11) NOT NULL,
  `payment_mode` varchar(300) NOT NULL,
  `staff_name` varchar(200) NOT NULL,
  `amount_paid` decimal(15,2) NOT NULL,
  `payment_no` varchar(20) NOT NULL,
  `fees_status` varchar(20) NOT NULL,
  `sessions` varchar(20) NOT NULL,
  `terms` varchar(10) NOT NULL,
  `date_added` datetime NOT NULL,
  PRIMARY KEY (`school_fees_id`),
  KEY `sessions` (`sessions`),
  KEY `terms` (`terms`),
  KEY `transaction_id` (`transaction_id`),
  KEY `school_fees_payment_mode_id` (`school_fees_payment_mode_id`)
) ENGINE=InnoDB DEFAULT CHARSET=latin1;






CREATE TABLE `transferred_students` (
  `transferred_student_id` int(11) NOT NULL AUTO_INCREMENT,
  `student_id` int(11) NOT NULL,
  `parent_id` int(11) NOT NULL,
  `student_name` varchar(300) NOT NULL,
  `class_id` int(11) NOT NULL,
  `old_class_name` varchar(100) NOT NULL,
  `new_class_name` varchar(100) NOT NULL,
  `serial_number` varchar(50) NOT NULL,
  `school_id` int(11) NOT NULL,
  `database_name` varchar(100) NOT NULL,
  `status` varchar(30) NOT NULL,
  `date_transferred` datetime NOT NULL,
  PRIMARY KEY (`transferred_student_id`)
) ENGINE=InnoDB DEFAULT CHARSET=latin1;






CREATE TABLE `zoom` (
  `zoom_id` int(11) NOT NULL AUTO_INCREMENT,
  `class_id` int(11) NOT NULL,
  `class_category_id` int(11) NOT NULL,
  `email` varchar(100) NOT NULL,
  `pass` varchar(50) NOT NULL,
  `api_key` varchar(200) NOT NULL,
  `api_secret` varchar(200) NOT NULL,
  `meeting_id` varchar(20) NOT NULL,
  `meeting_password` varchar(30) NOT NULL,
  `meeting_url_pwd` varchar(400) NOT NULL,
  `host_key` varchar(20) NOT NULL,
  `date_added` datetime NOT NULL DEFAULT current_timestamp(),
  PRIMARY KEY (`zoom_id`),
  KEY `class_id` (`class_id`),
  KEY `class_category_id` (`class_category_id`)
) ENGINE=InnoDB DEFAULT CHARSET=utf8;






/*!40101 SET COLLATION_CONNECTION=@OLD_COLLATION_CONNECTION */;SET SQL_MODE = "NO_AUTO_VALUE_ON_ZERO";


--
-- Database: `zeonglob_zap_lifegate_sec_umuahia`
--




CREATE TABLE `about_us` (
  `about_us_id` int(11) NOT NULL AUTO_INCREMENT,
  `map` varchar(300) NOT NULL,
  `about_us_text` text NOT NULL,
  `date_added` datetime NOT NULL DEFAULT current_timestamp() ON UPDATE current_timestamp(),
  PRIMARY KEY (`about_us_id`)
) ENGINE=InnoDB DEFAULT CHARSET=utf8mb4;






CREATE TABLE `activity` (
  `assignment_id` int(11) NOT NULL AUTO_INCREMENT,
  `class_id` int(11) NOT NULL,
  `subclass_id` int(11) NOT NULL,
  `subject_id` int(11) NOT NULL,
  `staff_id` int(11) NOT NULL,
  `topic_id` int(11) NOT NULL,
  `table_name` varchar(30) NOT NULL,
  `assignment_title` varchar(200) NOT NULL,
  `assignment_text` text NOT NULL,
  `due_date` datetime NOT NULL,
  `property` varchar(20) NOT NULL,
  `activation` varchar(20) NOT NULL DEFAULT 'active',
  `total_score` decimal(15,2) NOT NULL,
  `assignment_date` datetime NOT NULL DEFAULT current_timestamp(),
  `answer_text` text NOT NULL,
  `answer_status` varchar(10) NOT NULL,
  `sessions` varchar(15) NOT NULL,
  `terms` varchar(15) NOT NULL,
  PRIMARY KEY (`assignment_id`),
  KEY `due_date` (`due_date`),
  KEY `topic_id` (`topic_id`),
  KEY `activation` (`activation`),
  KEY `answer_status` (`answer_status`)
) ENGINE=InnoDB DEFAULT CHARSET=latin1;






CREATE TABLE `activity_comment` (
  `activity_comment_id` int(11) NOT NULL AUTO_INCREMENT,
  `assignment_id` int(11) NOT NULL,
  `user_id` int(11) NOT NULL,
  `table_name` varchar(20) NOT NULL,
  `comment` varchar(500) NOT NULL,
  `date_added` datetime NOT NULL DEFAULT current_timestamp(),
  PRIMARY KEY (`activity_comment_id`),
  KEY `assignment_id` (`assignment_id`,`user_id`)
) ENGINE=InnoDB DEFAULT CHARSET=utf8mb4;






CREATE TABLE `admission_class` (
  `admission_class_id` int(11) NOT NULL AUTO_INCREMENT,
  `admission_sessions_id` int(11) NOT NULL,
  `class_id` int(11) NOT NULL,
  `price` decimal(15,2) NOT NULL,
  PRIMARY KEY (`admission_class_id`),
  KEY `admission_session_id` (`admission_sessions_id`),
  KEY `class_id` (`class_id`)
) ENGINE=InnoDB DEFAULT CHARSET=utf8mb4;






CREATE TABLE `admission_exam_questions` (
  `admission_exam_question_id` int(11) NOT NULL AUTO_INCREMENT,
  `admission_exam_id` int(11) NOT NULL,
  `subject_id` int(11) NOT NULL,
  `question_id` int(11) NOT NULL,
  `date_added` datetime NOT NULL DEFAULT current_timestamp(),
  PRIMARY KEY (`admission_exam_question_id`),
  KEY `admission_exam_id` (`admission_exam_id`)
) ENGINE=InnoDB DEFAULT CHARSET=utf8mb4;






CREATE TABLE `admission_exam_student_questions` (
  `admission_exam_student_question_id` int(11) NOT NULL AUTO_INCREMENT,
  `admission_exam_student_id` int(11) NOT NULL,
  `question_options_id` int(11) NOT NULL,
  PRIMARY KEY (`admission_exam_student_question_id`),
  KEY `admission_exam_student_id` (`admission_exam_student_id`),
  KEY `question_options_id` (`question_options_id`)
) ENGINE=InnoDB DEFAULT CHARSET=utf8mb4;






CREATE TABLE `admission_exam_students` (
  `admission_exam_student_id` int(11) NOT NULL AUTO_INCREMENT,
  `admission_exam_id` int(11) NOT NULL,
  `admission_student_id` int(11) NOT NULL,
  `start_date` datetime NOT NULL DEFAULT current_timestamp(),
  `end_date` datetime NOT NULL,
  `score` decimal(15,2) DEFAULT NULL,
  `revised_score` decimal(15,2) DEFAULT NULL,
  `total_score` decimal(15,2) DEFAULT NULL,
  `score_percentage` decimal(15,2) DEFAULT NULL,
  `revised_score_percentage` decimal(15,2) DEFAULT NULL,
  `approval` tinyint(4) NOT NULL,
  `fullscreen_exits` int(11) NOT NULL,
  `exam_ended_cond` varchar(30) NOT NULL,
  PRIMARY KEY (`admission_exam_student_id`),
  KEY `admission_exam_id` (`admission_exam_id`),
  KEY `student_id` (`admission_student_id`),
  KEY `approval` (`approval`)
) ENGINE=InnoDB DEFAULT CHARSET=utf8mb4;






CREATE TABLE `admission_exam_webcams` (
  `admission_exam_webcam_id` int(11) NOT NULL AUTO_INCREMENT,
  `admission_exam_id` int(11) NOT NULL,
  `admission_student_id` int(11) NOT NULL,
  `google_drive_id` varchar(300) NOT NULL,
  `timestamp` varchar(20) NOT NULL,
  PRIMARY KEY (`admission_exam_webcam_id`),
  KEY `admission_exam_id` (`admission_exam_id`,`admission_student_id`)
) ENGINE=InnoDB DEFAULT CHARSET=utf8mb4;






CREATE TABLE `admission_exams` (
  `admission_exam_id` int(11) NOT NULL AUTO_INCREMENT,
  `admission_class_id` int(11) NOT NULL,
  `exam_name` varchar(300) NOT NULL,
  `exam_description` text NOT NULL,
  `exam_type` varchar(20) NOT NULL DEFAULT 'multiple_choice',
  `duration` int(11) NOT NULL,
  `start_date` datetime NOT NULL,
  `end_date` datetime NOT NULL,
  `maximum_attempt` tinyint(4) NOT NULL,
  `minimum_percentage` tinyint(4) NOT NULL,
  `view_answers` tinyint(4) NOT NULL,
  `surveillance` tinyint(4) NOT NULL,
  `activation` varchar(10) NOT NULL,
  `date_added` datetime NOT NULL DEFAULT current_timestamp(),
  PRIMARY KEY (`admission_exam_id`),
  KEY `activation` (`activation`)
) ENGINE=InnoDB DEFAULT CHARSET=utf8mb4;






CREATE TABLE `admission_form` (
  `admission_form_id` int(11) NOT NULL AUTO_INCREMENT,
  `admission_form` text NOT NULL,
  `upload_instruction` varchar(500) NOT NULL,
  PRIMARY KEY (`admission_form_id`)
) ENGINE=InnoDB AUTO_INCREMENT=2 DEFAULT CHARSET=utf8mb4;


INSERT INTO admission_form VALUES
("1","[{\"type\":\"text\",\"required\":true,\"label\":\"Last Name\",\"placeholder\":\"ENTER LAST NAME\",\"className\":\"form-control\",\"name\":\"last_name\",\"access\":false,\"subtype\":\"text\"},{\"type\":\"text\",\"required\":true,\"label\":\"First Name\",\"placeholder\":\"ENTER FIRST NAME\",\"className\":\"form-control\",\"name\":\"first_name\",\"access\":false,\"subtype\":\"text\"},{\"type\":\"text\",\"required\":false,\"label\":\"Other Name\",\"placeholder\":\"ENTER OTHER NAME\",\"className\":\"form-control\",\"name\":\"other_name\",\"access\":false,\"subtype\":\"text\"},{\"type\":\"select\",\"required\":true,\"label\":\"Gender\",\"className\":\"form-control\",\"name\":\"gender\",\"access\":false,\"values\":[{\"label\":\"MALE\",\"value\":\"male\",\"selected\":true},{\"label\":\"FEMALE\",\"value\":\"female\"}]},{\"type\":\"select\",\"required\":true,\"label\":\"Religion\",\"placeholder\":\"Religion\",\"className\":\"form-control\",\"name\":\"religion\",\"access\":false,\"values\":[{\"label\":\"CHRISTIANITY \",\"value\":\"Christianity\"},{\"label\":\"ISLAM \",\"value\":\"Islam\"}]},{\"type\":\"date\",\"required\":true,\"label\":\"Date of Birth\",\"className\":\"form-control\",\"name\":\"dob\",\"access\":false},{\"type\":\"text\",\"required\":true,\"label\":\"Parent Name\",\"placeholder\":\"ENTER PARENT NAME\",\"className\":\"form-control\",\"name\":\"parent_name\",\"access\":false,\"subtype\":\"text\"},{\"type\":\"text\",\"required\":true,\"label\":\"Parent Address\",\"placeholder\":\"ENTER PARENT ADDRESS\",\"className\":\"form-control\",\"name\":\"home_address\",\"access\":false,\"subtype\":\"text\"},{\"type\":\"text\",\"required\":true,\"label\":\"Parent Occupation\",\"placeholder\":\"ENTER PARENT OCCUPATION\",\"className\":\"form-control\",\"name\":\"occupation\",\"access\":false,\"subtype\":\"text\"},{\"type\":\"autocomplete\",\"required\":true,\"label\":\"Parent State of Origin\",\"className\":\"form-control\",\"name\":\"parent_state_origin\",\"access\":false,\"requireValidOption\":true,\"values\":[{\"label\":\"ABIA\",\"value\":\"ABIA\"},{\"label\":\"ADAMAWA\",\"value\":\"ADAMAWA\"},{\"label\":\"AKWA IBOM\",\"value\":\"AKWA IBOM\"},{\"label\":\"ANAMBRA\",\"value\":\"ANAMBRA\"},{\"label\":\"BAUCHI\",\"value\":\"BAUCHI\"},{\"label\":\"BAYELSA\",\"value\":\"BAYELSA\"},{\"label\":\"BENUE\",\"value\":\"BENUE\"},{\"label\":\"BORNO\",\"value\":\"BORNO\"},{\"label\":\"CROSS RIVER\",\"value\":\"CROSS RIVER\"},{\"label\":\"DELTA\",\"value\":\"DELTA\"},{\"label\":\"EBONYI\",\"value\":\"EBONYI\"},{\"label\":\"EDO\",\"value\":\"EDO\"},{\"label\":\"EKITI\",\"value\":\"EKITI\"},{\"label\":\"ENUGU\",\"value\":\"ENUGU\"},{\"label\":\"FCT\",\"value\":\"FCT\"},{\"label\":\"GOMBE\",\"value\":\"GOMBE\"},{\"label\":\"IMO\",\"value\":\"IMO\"},{\"label\":\"JIGAWA\",\"value\":\"JIGAWA\"},{\"label\":\"KADUNA\",\"value\":\"KADUNA\"},{\"label\":\"KANO\",\"value\":\"KANO\"},{\"label\":\"KATSINA\",\"value\":\"KATSINA\"},{\"label\":\"KEBBI\",\"value\":\"KEBBI\"},{\"label\":\"KOGI\",\"value\":\"KOGI\"},{\"label\":\"KWARA\",\"value\":\"KWARA\"},{\"label\":\"LAGOS\",\"value\":\"LAGOS\"},{\"label\":\"NASARAWA\",\"value\":\"NASARAWA\"},{\"label\":\"NIGER\",\"value\":\"NIGER\"},{\"label\":\"OGUN\",\"value\":\"OGUN\"},{\"label\":\"ONDO\",\"value\":\"ONDO\"},{\"label\":\"OSUN\",\"value\":\"OSUN\"},{\"label\":\"OYO\",\"value\":\"OYO\"},{\"label\":\"PLATEAU\",\"value\":\"PLATEAU\"},{\"label\":\"RIVERS\",\"value\":\"RIVERS\"},{\"label\":\"SOKOTO\",\"value\":\"SOKOTO\"},{\"label\":\"TARABA\",\"value\":\"TARABA\"},{\"label\":\"YOBE\",\"value\":\"YOBE\"},{\"label\":\"ZAMFARA\",\"value\":\"ZAMFARA\"}]},{\"type\":\"select\",\"required\":true,\"label\":\"Parent Religion\",\"placeholder\":\"Religion\",\"className\":\"form-control\",\"name\":\"select-1595660440643\",\"access\":false,\"values\":[{\"label\":\"CHRISTIANITY \",\"value\":\"Christianity\",\"selected\":true},{\"label\":\"ISLAM \",\"value\":\"Islam\"}]}]","");




CREATE TABLE `admission_sessions` (
  `admission_sessions_id` int(11) NOT NULL AUTO_INCREMENT,
  `admission_sessions_name` varchar(300) NOT NULL,
  `admission_status` varchar(100) NOT NULL DEFAULT 'active',
  `date_created` datetime NOT NULL DEFAULT current_timestamp(),
  PRIMARY KEY (`admission_sessions_id`),
  KEY `admission_status` (`admission_status`)
) ENGINE=InnoDB DEFAULT CHARSET=latin1;






CREATE TABLE `admission_students` (
  `admission_student_id` int(11) NOT NULL AUTO_INCREMENT,
  `admission_class_id` int(11) NOT NULL,
  `main_phonenumber` varchar(20) NOT NULL,
  `phone_number2` varchar(20) DEFAULT NULL,
  `email` varchar(300) NOT NULL,
  `student_info` text NOT NULL,
  `payment` varchar(10) NOT NULL,
  `application_status` varchar(20) NOT NULL,
  `date_added` datetime NOT NULL DEFAULT current_timestamp(),
  PRIMARY KEY (`admission_student_id`)
) ENGINE=InnoDB DEFAULT CHARSET=utf8mb4;






CREATE TABLE `admission_uploads` (
  `admission_upload_id` int(11) NOT NULL AUTO_INCREMENT,
  `admission_student_id` int(11) NOT NULL,
  `upload_title` varchar(50) NOT NULL,
  `google_drive_id` varchar(100) NOT NULL,
  `google_drive_title` varchar(50) NOT NULL,
  `date_added` datetime NOT NULL DEFAULT current_timestamp(),
  PRIMARY KEY (`admission_upload_id`),
  KEY `admission_student_id` (`admission_student_id`)
) ENGINE=InnoDB DEFAULT CHARSET=latin1;






CREATE TABLE `album` (
  `album_id` int(11) NOT NULL AUTO_INCREMENT,
  `class_id` int(11) NOT NULL,
  `subclass_id` int(11) NOT NULL,
  `album_cat` varchar(20) NOT NULL,
  `album_name` varchar(100) NOT NULL,
  `album_date` datetime NOT NULL,
  PRIMARY KEY (`album_id`),
  KEY `album_cat` (`album_cat`),
  KEY `class_id` (`class_id`)
) ENGINE=InnoDB DEFAULT CHARSET=latin1;






CREATE TABLE `album_images` (
  `album_images_id` int(11) NOT NULL AUTO_INCREMENT,
  `album_id` int(11) NOT NULL,
  `image_name` varchar(20) NOT NULL,
  `image_dir` varchar(300) NOT NULL,
  `google_drive_id` varchar(300) DEFAULT NULL,
  `image_google_drive_dir` varchar(300) DEFAULT NULL,
  `image_embed_dir` varchar(300) DEFAULT NULL,
  `image_thumb_dir` varchar(300) DEFAULT NULL,
  PRIMARY KEY (`album_images_id`),
  KEY `album_id` (`album_id`)
) ENGINE=InnoDB DEFAULT CHARSET=latin1;






CREATE TABLE `alumni` (
  `alumni_id` int(11) NOT NULL AUTO_INCREMENT,
  `alumni_class_id` int(11) NOT NULL,
  `last_name` varchar(50) NOT NULL,
  `first_name` varchar(50) NOT NULL,
  `address` varchar(400) NOT NULL,
  `phonenumber` varchar(20) NOT NULL,
  `email` varchar(200) NOT NULL,
  `payment_reference` varchar(50) DEFAULT NULL,
  `year_you_left` varchar(20) NOT NULL,
  `set_name` varchar(15) NOT NULL,
  `brief_info` varchar(400) NOT NULL,
  `date_created` datetime NOT NULL DEFAULT current_timestamp(),
  PRIMARY KEY (`alumni_id`),
  KEY `alumni_class_id` (`alumni_class_id`)
) ENGINE=InnoDB DEFAULT CHARSET=utf8mb4;






CREATE TABLE `alumni_class` (
  `alumni_class_id` int(11) NOT NULL AUTO_INCREMENT,
  `class_name` varchar(50) NOT NULL,
  `class_group` varchar(10) NOT NULL,
  `class_order` int(11) NOT NULL,
  PRIMARY KEY (`alumni_class_id`)
) ENGINE=InnoDB DEFAULT CHARSET=utf8mb4;






CREATE TABLE `app_token` (
  `app_token_id` int(11) NOT NULL AUTO_INCREMENT,
  `user_id` int(11) NOT NULL,
  `table_name` varchar(100) NOT NULL,
  `user_key` varchar(100) NOT NULL,
  `browser_token` varchar(100) NOT NULL,
  `db_name` varchar(100) NOT NULL,
  `token` varchar(300) NOT NULL,
  `date_added` datetime NOT NULL DEFAULT current_timestamp(),
  `last_updated` datetime NOT NULL DEFAULT current_timestamp() ON UPDATE current_timestamp(),
  PRIMARY KEY (`app_token_id`),
  KEY `user_key` (`user_key`,`token`),
  KEY `browser_token` (`browser_token`)
) ENGINE=InnoDB DEFAULT CHARSET=latin1;






CREATE TABLE `assignments` (
  `assignment_id` int(11) NOT NULL AUTO_INCREMENT,
  `class_id` int(11) NOT NULL,
  `subclass_id` int(11) NOT NULL,
  `subject_id` int(11) NOT NULL,
  `assignment_title` varchar(200) NOT NULL,
  `assignment_text` text NOT NULL,
  `assignment_dir` varchar(500) NOT NULL,
  `assignment_date` datetime NOT NULL,
  `sessions` varchar(15) NOT NULL,
  `terms` varchar(15) NOT NULL,
  PRIMARY KEY (`assignment_id`)
) ENGINE=InnoDB DEFAULT CHARSET=latin1;






CREATE TABLE `assignments_answer_file` (
  `assignments_answer_file_id` int(11) NOT NULL AUTO_INCREMENT,
  `assignment_id` int(11) NOT NULL,
  `file_name` varchar(100) NOT NULL,
  `file_dir` varchar(300) NOT NULL,
  `google_drive_id` varchar(200) NOT NULL,
  `google_drive_title` varchar(200) NOT NULL,
  `google_drive_thumbnail_link` varchar(300) NOT NULL,
  `google_drive_dir` varchar(300) NOT NULL,
  `google_drive_embed_link` varchar(300) NOT NULL,
  `google_drive_filesize` varchar(30) NOT NULL,
  `date_added` datetime NOT NULL DEFAULT current_timestamp(),
  PRIMARY KEY (`assignments_answer_file_id`),
  KEY `assignment_id` (`assignment_id`)
) ENGINE=InnoDB DEFAULT CHARSET=utf8mb4;






CREATE TABLE `assignments_files` (
  `assignments_file_id` int(11) NOT NULL AUTO_INCREMENT,
  `assignment_id` int(11) NOT NULL,
  `file_name` varchar(200) NOT NULL,
  `file_dir` varchar(300) NOT NULL,
  `google_drive_id` varchar(200) NOT NULL,
  `google_drive_title` varchar(200) NOT NULL,
  `google_drive_thumbnail_link` varchar(300) NOT NULL,
  `google_drive_dir` varchar(300) NOT NULL,
  `google_drive_embed_link` varchar(300) NOT NULL,
  `google_drive_filesize` varchar(30) NOT NULL,
  `date_added` datetime NOT NULL DEFAULT current_timestamp(),
  PRIMARY KEY (`assignments_file_id`),
  KEY `assignment_id` (`assignment_id`)
) ENGINE=InnoDB DEFAULT CHARSET=utf8mb4;






CREATE TABLE `assignments_marked_file` (
  `assignments_marked_file_id` int(11) NOT NULL AUTO_INCREMENT,
  `assignments_submitted_id` int(11) NOT NULL,
  `file_name` varchar(200) NOT NULL,
  `file_dir` varchar(300) NOT NULL,
  `google_drive_id` varchar(200) NOT NULL,
  `google_drive_title` varchar(200) NOT NULL,
  `google_drive_thumbnail_link` varchar(300) NOT NULL,
  `google_drive_dir` varchar(300) NOT NULL,
  `google_drive_embed_link` varchar(300) NOT NULL,
  `google_drive_filesize` varchar(30) NOT NULL,
  `date_added` datetime NOT NULL DEFAULT current_timestamp(),
  PRIMARY KEY (`assignments_marked_file_id`),
  KEY `assignments_submitted_id` (`assignments_submitted_id`)
) ENGINE=InnoDB DEFAULT CHARSET=utf8mb4;






CREATE TABLE `assignments_submitted` (
  `assignments_submitted_id` int(11) NOT NULL AUTO_INCREMENT,
  `assignment_id` int(11) NOT NULL,
  `student_id` int(11) NOT NULL,
  `typed_assignment` text NOT NULL,
  `uploaded_assignment` varchar(500) NOT NULL,
  `date_added` datetime NOT NULL DEFAULT current_timestamp(),
  `sessions` varchar(15) NOT NULL,
  `terms` varchar(15) NOT NULL,
  `staff_id` int(11) NOT NULL,
  `table_name` varchar(20) NOT NULL,
  `student_submit_status` varchar(30) NOT NULL,
  `staff_marked_status` varchar(30) NOT NULL,
  `typed_marked` text NOT NULL,
  `student_score` decimal(15,2) DEFAULT NULL,
  `date_marked` datetime NOT NULL,
  PRIMARY KEY (`assignments_submitted_id`),
  KEY `assignment_id` (`assignment_id`),
  KEY `student_id` (`student_id`),
  KEY `staff_id` (`staff_id`)
) ENGINE=InnoDB DEFAULT CHARSET=latin1;






CREATE TABLE `assignments_submitted_file` (
  `assignments_submitted_file_id` int(11) NOT NULL AUTO_INCREMENT,
  `assignments_submitted_id` int(11) NOT NULL,
  `file_name` varchar(200) NOT NULL,
  `file_dir` varchar(300) NOT NULL,
  `google_drive_id` varchar(200) NOT NULL,
  `google_drive_title` varchar(200) NOT NULL,
  `google_drive_thumbnail_link` varchar(300) NOT NULL,
  `google_drive_dir` varchar(300) NOT NULL,
  `google_drive_embed_link` varchar(300) NOT NULL,
  `google_drive_filesize` varchar(30) NOT NULL,
  `date_added` datetime NOT NULL DEFAULT current_timestamp(),
  PRIMARY KEY (`assignments_submitted_file_id`),
  KEY `assignments_submitted_id` (`assignments_submitted_id`),
  KEY `date_added` (`date_added`)
) ENGINE=InnoDB DEFAULT CHARSET=utf8mb4;






CREATE TABLE `attendance_behaviour` (
  `attendance_behaviour_id` int(11) NOT NULL AUTO_INCREMENT,
  `student_id` int(11) NOT NULL,
  `student_attendance` int(11) DEFAULT NULL,
  `total_attendance` int(11) NOT NULL,
  `handwriting` int(11) NOT NULL,
  `neatness` int(11) NOT NULL,
  `punctuality` int(11) NOT NULL,
  `attentiveness` int(11) NOT NULL,
  `initiative` int(11) NOT NULL,
  `respect` int(11) NOT NULL,
  `obedience` int(11) NOT NULL,
  `attitude` int(11) NOT NULL,
  `honesty` int(11) NOT NULL,
  `creativity` int(11) NOT NULL,
  `sessions` varchar(20) NOT NULL,
  `terms` varchar(20) NOT NULL,
  PRIMARY KEY (`attendance_behaviour_id`),
  KEY `student_id` (`student_id`)
) ENGINE=InnoDB DEFAULT CHARSET=latin1;






CREATE TABLE `autologin` (
  `user_key` varchar(100) NOT NULL,
  `token` char(32) NOT NULL,
  `created` timestamp NOT NULL DEFAULT current_timestamp(),
  `browser_token` char(32) NOT NULL,
  `dbname` varchar(300) NOT NULL,
  `data` text DEFAULT NULL,
  `used` tinyint(1) NOT NULL DEFAULT 0,
  PRIMARY KEY (`user_key`,`token`),
  KEY `dbname` (`dbname`(255))
) ENGINE=InnoDB DEFAULT CHARSET=utf8;






CREATE TABLE `backup_class` (
  `backup_class_id` int(10) unsigned NOT NULL AUTO_INCREMENT,
  `class_id` int(10) unsigned NOT NULL,
  `class_name` varchar(10) NOT NULL,
  `class_order` int(10) unsigned NOT NULL,
  `section` varchar(10) NOT NULL,
  `promotional_average` varchar(5) NOT NULL,
  `new_student_fee` decimal(15,2) unsigned NOT NULL,
  `sessions` varchar(20) NOT NULL,
  `terms` varchar(15) NOT NULL,
  PRIMARY KEY (`backup_class_id`),
  KEY `session_term` (`sessions`,`terms`)
) ENGINE=InnoDB AUTO_INCREMENT=43 DEFAULT CHARSET=latin1;


INSERT INTO backup_class VALUES
("1","1","JSS1","1","junior","50","0.00","2019/2020","1st Term"),
("2","2","JSS2","2","junior","50","0.00","2019/2020","1st Term"),
("3","3","JSS3","3","junior","50","0.00","2019/2020","1st Term"),
("4","4","SS1","4","senior","50","0.00","2019/2020","1st Term"),
("5","5","SS2","5","senior","50","0.00","2019/2020","1st Term"),
("6","6","SS3","6","senior","50","0.00","2019/2020","1st Term"),
("7","1","JSS1","1","junior","50","14500.00","2019/2020","2nd Term"),
("8","2","JSS2","2","junior","50","0.00","2019/2020","2nd Term"),
("9","3","JSS3","3","junior","50","0.00","2019/2020","2nd Term"),
("10","4","SS1","4","senior","50","0.00","2019/2020","2nd Term"),
("11","5","SS2","5","senior","50","0.00","2019/2020","2nd Term"),
("12","6","SS3","6","senior","50","0.00","2019/2020","2nd Term"),
("13","1","JSS1","1","junior","50","14500.00","2019/2020","3rd Term"),
("14","2","JSS2","2","junior","50","0.00","2019/2020","3rd Term"),
("15","3","JSS3","3","junior","50","0.00","2019/2020","3rd Term"),
("16","4","SS1","4","senior","50","0.00","2019/2020","3rd Term"),
("17","5","SS2","5","senior","50","0.00","2019/2020","3rd Term"),
("18","6","SS3","6","senior","50","0.00","2019/2020","3rd Term"),
("19","1","JSS1","1","junior","50","14500.00","2020/2021","1st Term"),
("20","2","JSS2","2","junior","50","14500.00","2020/2021","1st Term"),
("21","3","JSS3","3","junior","50","0.00","2020/2021","1st Term"),
("22","4","SS1","4","senior","50","0.00","2020/2021","1st Term"),
("23","5","SS2","5","senior","50","0.00","2020/2021","1st Term"),
("24","6","SS3","6","senior","50","0.00","2020/2021","1st Term"),
("25","1","JSS1","1","junior","50","14500.00","2020/2021","2nd Term"),
("26","2","JSS2","2","junior","50","14500.00","2020/2021","2nd Term"),
("27","3","JSS3","3","junior","50","0.00","2020/2021","2nd Term"),
("28","4","SS1","4","senior","50","0.00","2020/2021","2nd Term"),
("29","5","SS2","5","senior","50","0.00","2020/2021","2nd Term"),
("30","6","SS3","6","senior","50","0.00","2020/2021","2nd Term"),
("31","1","JSS1","1","junior","40","14500.00","2020/2021","3rd Term"),
("32","2","JSS2","2","junior","40","14500.00","2020/2021","3rd Term"),
("33","3","JSS3","3","junior","50","0.00","2020/2021","3rd Term"),
("34","4","SS1","4","senior","50","0.00","2020/2021","3rd Term"),
("35","5","SS2","5","senior","50","0.00","2020/2021","3rd Term"),
("36","6","SS3","6","senior","50","0.00","2020/2021","3rd Term"),
("37","1","JSS1","1","junior","40","14500.00","2021/2022","1st Term"),
("38","2","JSS2","2","junior","40","14500.00","2021/2022","1st Term"),
("39","3","JSS3","3","junior","40","0.00","2021/2022","1st Term"),
("40","4","SS1","4","senior","50","0.00","2021/2022","1st Term"),
("41","5","SS2","5","senior","50","0.00","2021/2022","1st Term"),
("42","6","SS3","6","senior","50","0.00","2021/2022","1st Term");




CREATE TABLE `backup_new_fees_class` (
  `backup_new_fees_class_id` int(10) unsigned NOT NULL AUTO_INCREMENT,
  `new_fees_class_id` int(11) NOT NULL,
  `class_id` int(11) NOT NULL,
  `amount` decimal(15,2) NOT NULL,
  `term` varchar(20) NOT NULL,
  `sessions` varchar(20) NOT NULL,
  `terms` varchar(15) NOT NULL,
  PRIMARY KEY (`backup_new_fees_class_id`),
  KEY `session_term` (`sessions`,`terms`)
) ENGINE=InnoDB AUTO_INCREMENT=127 DEFAULT CHARSET=latin1;


INSERT INTO backup_new_fees_class VALUES
("1","1","1","0.00","1st Term","2019/2020","1st Term"),
("2","2","1","0.00","2nd Term","2019/2020","1st Term"),
("3","3","1","0.00","3rd Term","2019/2020","1st Term"),
("4","4","2","0.00","1st Term","2019/2020","1st Term"),
("5","5","2","0.00","2nd Term","2019/2020","1st Term"),
("6","6","2","0.00","3rd Term","2019/2020","1st Term"),
("7","7","3","0.00","1st Term","2019/2020","1st Term"),
("8","8","3","0.00","2nd Term","2019/2020","1st Term"),
("9","9","3","0.00","3rd Term","2019/2020","1st Term"),
("10","10","4","0.00","1st Term","2019/2020","1st Term"),
("11","11","4","0.00","2nd Term","2019/2020","1st Term"),
("12","12","4","0.00","3rd Term","2019/2020","1st Term"),
("13","13","5","0.00","1st Term","2019/2020","1st Term"),
("14","14","5","0.00","2nd Term","2019/2020","1st Term"),
("15","15","5","0.00","3rd Term","2019/2020","1st Term"),
("16","16","6","0.00","1st Term","2019/2020","1st Term"),
("17","17","6","0.00","2nd Term","2019/2020","1st Term"),
("18","18","6","0.00","3rd Term","2019/2020","1st Term"),
("19","1","1","10000.00","1st Term","2019/2020","2nd Term"),
("20","2","1","10000.00","2nd Term","2019/2020","2nd Term"),
("21","3","1","10000.00","3rd Term","2019/2020","2nd Term"),
("22","4","2","0.00","1st Term","2019/2020","2nd Term"),
("23","5","2","0.00","2nd Term","2019/2020","2nd Term"),
("24","6","2","0.00","3rd Term","2019/2020","2nd Term"),
("25","7","3","0.00","1st Term","2019/2020","2nd Term"),
("26","8","3","0.00","2nd Term","2019/2020","2nd Term"),
("27","9","3","0.00","3rd Term","2019/2020","2nd Term"),
("28","10","4","0.00","1st Term","2019/2020","2nd Term"),
("29","11","4","0.00","2nd Term","2019/2020","2nd Term"),
("30","12","4","0.00","3rd Term","2019/2020","2nd Term"),
("31","13","5","0.00","1st Term","2019/2020","2nd Term"),
("32","14","5","0.00","2nd Term","2019/2020","2nd Term"),
("33","15","5","0.00","3rd Term","2019/2020","2nd Term"),
("34","16","6","0.00","1st Term","2019/2020","2nd Term"),
("35","17","6","0.00","2nd Term","2019/2020","2nd Term"),
("36","18","6","0.00","3rd Term","2019/2020","2nd Term"),
("37","1","1","10000.00","1st Term","2019/2020","3rd Term"),
("38","2","1","10000.00","2nd Term","2019/2020","3rd Term"),
("39","3","1","3300.00","3rd Term","2019/2020","3rd Term"),
("40","4","2","0.00","1st Term","2019/2020","3rd Term"),
("41","5","2","0.00","2nd Term","2019/2020","3rd Term"),
("42","6","2","0.00","3rd Term","2019/2020","3rd Term"),
("43","7","3","0.00","1st Term","2019/2020","3rd Term"),
("44","8","3","0.00","2nd Term","2019/2020","3rd Term"),
("45","9","3","0.00","3rd Term","2019/2020","3rd Term"),
("46","10","4","0.00","1st Term","2019/2020","3rd Term"),
("47","11","4","0.00","2nd Term","2019/2020","3rd Term"),
("48","12","4","0.00","3rd Term","2019/2020","3rd Term"),
("49","13","5","0.00","1st Term","2019/2020","3rd Term"),
("50","14","5","0.00","2nd Term","2019/2020","3rd Term"),
("51","15","5","0.00","3rd Term","2019/2020","3rd Term"),
("52","16","6","0.00","1st Term","2019/2020","3rd Term"),
("53","17","6","0.00","2nd Term","2019/2020","3rd Term"),
("54","18","6","0.00","3rd Term","2019/2020","3rd Term"),
("55","1","1","10000.00","1st Term","2020/2021","1st Term"),
("56","2","1","10000.00","2nd Term","2020/2021","1st Term"),
("57","3","1","10000.00","3rd Term","2020/2021","1st Term"),
("58","4","2","10000.00","1st Term","2020/2021","1st Term"),
("59","5","2","10000.00","2nd Term","2020/2021","1st Term"),
("60","6","2","10000.00","3rd Term","2020/2021","1st Term"),
("61","7","3","0.00","1st Term","2020/2021","1st Term"),
("62","8","3","0.00","2nd Term","2020/2021","1st Term"),
("63","9","3","0.00","3rd Term","2020/2021","1st Term"),
("64","10","4","0.00","1st Term","2020/2021","1st Term"),
("65","11","4","0.00","2nd Term","2020/2021","1st Term"),
("66","12","4","0.00","3rd Term","2020/2021","1st Term"),
("67","13","5","0.00","1st Term","2020/2021","1st Term"),
("68","14","5","0.00","2nd Term","2020/2021","1st Term"),
("69","15","5","0.00","3rd Term","2020/2021","1st Term"),
("70","16","6","0.00","1st Term","2020/2021","1st Term"),
("71","17","6","0.00","2nd Term","2020/2021","1st Term"),
("72","18","6","0.00","3rd Term","2020/2021","1st Term"),
("73","1","1","10000.00","1st Term","2020/2021","2nd Term"),
("74","2","1","10000.00","2nd Term","2020/2021","2nd Term"),
("75","3","1","10000.00","3rd Term","2020/2021","2nd Term"),
("76","4","2","10000.00","1st Term","2020/2021","2nd Term"),
("77","5","2","10000.00","2nd Term","2020/2021","2nd Term"),
("78","6","2","10000.00","3rd Term","2020/2021","2nd Term"),
("79","7","3","0.00","1st Term","2020/2021","2nd Term"),
("80","8","3","0.00","2nd Term","2020/2021","2nd Term"),
("81","9","3","0.00","3rd Term","2020/2021","2nd Term"),
("82","10","4","0.00","1st Term","2020/2021","2nd Term"),
("83","11","4","0.00","2nd Term","2020/2021","2nd Term"),
("84","12","4","0.00","3rd Term","2020/2021","2nd Term"),
("85","13","5","0.00","1st Term","2020/2021","2nd Term"),
("86","14","5","0.00","2nd Term","2020/2021","2nd Term"),
("87","15","5","0.00","3rd Term","2020/2021","2nd Term"),
("88","16","6","0.00","1st Term","2020/2021","2nd Term"),
("89","17","6","0.00","2nd Term","2020/2021","2nd Term"),
("90","18","6","0.00","3rd Term","2020/2021","2nd Term"),
("91","1","1","10000.00","1st Term","2020/2021","3rd Term"),
("92","2","1","10000.00","2nd Term","2020/2021","3rd Term"),
("93","3","1","10000.00","3rd Term","2020/2021","3rd Term"),
("94","4","2","10000.00","1st Term","2020/2021","3rd Term"),
("95","5","2","10000.00","2nd Term","2020/2021","3rd Term"),
("96","6","2","10000.00","3rd Term","2020/2021","3rd Term"),
("97","7","3","0.00","1st Term","2020/2021","3rd Term"),
("98","8","3","0.00","2nd Term","2020/2021","3rd Term"),
("99","9","3","0.00","3rd Term","2020/2021","3rd Term"),
("100","10","4","0.00","1st Term","2020/2021","3rd Term");
INSERT INTO backup_new_fees_class VALUES
("101","11","4","0.00","2nd Term","2020/2021","3rd Term"),
("102","12","4","0.00","3rd Term","2020/2021","3rd Term"),
("103","13","5","0.00","1st Term","2020/2021","3rd Term"),
("104","14","5","0.00","2nd Term","2020/2021","3rd Term"),
("105","15","5","0.00","3rd Term","2020/2021","3rd Term"),
("106","16","6","0.00","1st Term","2020/2021","3rd Term"),
("107","17","6","0.00","2nd Term","2020/2021","3rd Term"),
("108","18","6","0.00","3rd Term","2020/2021","3rd Term"),
("109","1","1","10000.00","1st Term","2021/2022","1st Term"),
("110","2","1","10000.00","2nd Term","2021/2022","1st Term"),
("111","3","1","10000.00","3rd Term","2021/2022","1st Term"),
("112","4","2","10000.00","1st Term","2021/2022","1st Term"),
("113","5","2","10000.00","2nd Term","2021/2022","1st Term"),
("114","6","2","10000.00","3rd Term","2021/2022","1st Term"),
("115","7","3","0.00","1st Term","2021/2022","1st Term"),
("116","8","3","0.00","2nd Term","2021/2022","1st Term"),
("117","9","3","0.00","3rd Term","2021/2022","1st Term"),
("118","10","4","0.00","1st Term","2021/2022","1st Term"),
("119","11","4","0.00","2nd Term","2021/2022","1st Term"),
("120","12","4","0.00","3rd Term","2021/2022","1st Term"),
("121","13","5","0.00","1st Term","2021/2022","1st Term"),
("122","14","5","0.00","2nd Term","2021/2022","1st Term"),
("123","15","5","0.00","3rd Term","2021/2022","1st Term"),
("124","16","6","0.00","1st Term","2021/2022","1st Term"),
("125","17","6","0.00","2nd Term","2021/2022","1st Term"),
("126","18","6","0.00","3rd Term","2021/2022","1st Term");




CREATE TABLE `backup_plan` (
  `backup_plan_id` int(10) unsigned NOT NULL AUTO_INCREMENT,
  `plan_id` int(10) unsigned NOT NULL,
  `plan_name` varchar(100) NOT NULL,
  `amount` decimal(15,2) unsigned NOT NULL,
  `date_added` datetime NOT NULL,
  `sessions` varchar(20) NOT NULL,
  `terms` varchar(15) NOT NULL,
  PRIMARY KEY (`backup_plan_id`),
  KEY `session_term` (`sessions`,`terms`)
) ENGINE=InnoDB AUTO_INCREMENT=25 DEFAULT CHARSET=latin1;


INSERT INTO backup_plan VALUES
("1","1","ONE WAY WITHIN LOCATION","2500.00","2020-02-17 13:48:15","2019/2020","2nd Term"),
("2","2","TWO WAY WITHIN LOCATION","5000.00","2020-02-17 13:48:48","2019/2020","2nd Term"),
("3","3","ONE WAY OUTSIDE OUR LOCATION","3000.00","2020-02-17 13:49:32","2019/2020","2nd Term"),
("4","4","TWO WAY OUTSIDE OUR LOCATION","6000.00","2020-02-17 13:50:05","2019/2020","2nd Term"),
("5","1","ONE WAY WITHIN LOCATION","2500.00","2020-02-17 13:48:15","2019/2020","3rd Term"),
("6","2","TWO WAY WITHIN LOCATION","5000.00","2020-02-17 13:48:48","2019/2020","3rd Term"),
("7","3","ONE WAY OUTSIDE OUR LOCATION","3000.00","2020-02-17 13:49:32","2019/2020","3rd Term"),
("8","4","TWO WAY OUTSIDE OUR LOCATION","6000.00","2020-02-17 13:50:05","2019/2020","3rd Term"),
("9","1","TRANSPORT FEE ONE WAY WITHIN LOCATION","2500.00","2020-02-17 13:48:15","2020/2021","1st Term"),
("10","2","TRANSPORT FEE TWO WAY WITHIN LOCATION","5000.00","2020-02-17 13:48:48","2020/2021","1st Term"),
("11","3","TRANSPORT FEE ONE WAY OUTSIDE OUR LOCATION","3000.00","2020-02-17 13:49:32","2020/2021","1st Term"),
("12","4","TRANSPORT FEE TWO WAY OUTSIDE OUR LOCATION","6000.00","2020-02-17 13:50:05","2020/2021","1st Term"),
("13","1","TRANSPORT FEE ONE WAY WITHIN LOCATION","2500.00","2020-02-17 13:48:15","2020/2021","2nd Term"),
("14","2","TRANSPORT FEE TWO WAY WITHIN LOCATION","5000.00","2020-02-17 13:48:48","2020/2021","2nd Term"),
("15","3","TRANSPORT FEE ONE WAY OUTSIDE OUR LOCATION","3000.00","2020-02-17 13:49:32","2020/2021","2nd Term"),
("16","4","TRANSPORT FEE TWO WAY OUTSIDE OUR LOCATION","6000.00","2020-02-17 13:50:05","2020/2021","2nd Term"),
("17","1","TRANSPORT FEE ONE WAY WITHIN LOCATION","2500.00","2020-02-17 13:48:15","2020/2021","3rd Term"),
("18","2","TRANSPORT FEE TWO WAY WITHIN LOCATION","5000.00","2020-02-17 13:48:48","2020/2021","3rd Term"),
("19","3","TRANSPORT FEE ONE WAY OUTSIDE OUR LOCATION","3000.00","2020-02-17 13:49:32","2020/2021","3rd Term"),
("20","4","TRANSPORT FEE TWO WAY OUTSIDE OUR LOCATION","6000.00","2020-02-17 13:50:05","2020/2021","3rd Term"),
("21","1","TRANSPORT FEE ONE WAY WITHIN LOCATION","2500.00","2020-02-17 13:48:15","2021/2022","1st Term"),
("22","2","TRANSPORT FEE TWO WAY WITHIN LOCATION","5000.00","2020-02-17 13:48:48","2021/2022","1st Term"),
("23","3","TRANSPORT FEE ONE WAY OUTSIDE OUR LOCATION","3000.00","2020-02-17 13:49:32","2021/2022","1st Term"),
("24","4","TRANSPORT FEE TWO WAY OUTSIDE OUR LOCATION","6000.00","2020-02-17 13:50:05","2021/2022","1st Term");




CREATE TABLE `behaviours` (
  `behaviour_id` int(11) NOT NULL AUTO_INCREMENT,
  `class_id` int(11) NOT NULL,
  `behaviour_order` int(11) NOT NULL,
  `behaviour_name` varchar(200) NOT NULL,
  PRIMARY KEY (`behaviour_id`),
  KEY `class_id` (`class_id`,`behaviour_order`)
) ENGINE=InnoDB AUTO_INCREMENT=61 DEFAULT CHARSET=latin1;


INSERT INTO behaviours VALUES
("1","1","1","HANDWRITING"),
("2","1","2","NEATNESS"),
("3","1","3","PUNCTUALITY"),
("4","1","4","ATTENTIVENESS"),
("5","1","5","INITIATIVE"),
("6","1","6","RESPECT"),
("7","1","7","OBEDIENCE"),
("8","1","8","ATTITUDE"),
("9","1","9","HONESTY"),
("10","1","10","CREATIVITY"),
("11","2","1","HANDWRITING"),
("12","2","2","NEATNESS"),
("13","2","3","PUNCTUALITY"),
("14","2","4","ATTENTIVENESS"),
("15","2","5","INITIATIVE"),
("16","2","6","RESPECT"),
("17","2","7","OBEDIENCE"),
("18","2","8","ATTITUDE"),
("19","2","9","HONESTY"),
("20","2","10","CREATIVITY"),
("21","3","1","HANDWRITING"),
("22","3","2","NEATNESS"),
("23","3","3","PUNCTUALITY"),
("24","3","4","ATTENTIVENESS"),
("25","3","5","INITIATIVE"),
("26","3","6","RESPECT"),
("27","3","7","OBEDIENCE"),
("28","3","8","ATTITUDE"),
("29","3","9","HONESTY"),
("30","3","10","CREATIVITY"),
("31","4","1","HANDWRITING"),
("32","4","2","NEATNESS"),
("33","4","3","PUNCTUALITY"),
("34","4","4","ATTENTIVENESS"),
("35","4","5","INITIATIVE"),
("36","4","6","RESPECT"),
("37","4","7","OBEDIENCE"),
("38","4","8","ATTITUDE"),
("39","4","9","HONESTY"),
("40","4","10","CREATIVITY"),
("41","5","1","HANDWRITING"),
("42","5","2","NEATNESS"),
("43","5","3","PUNCTUALITY"),
("44","5","4","ATTENTIVENESS"),
("45","5","5","INITIATIVE"),
("46","5","6","RESPECT"),
("47","5","7","OBEDIENCE"),
("48","5","8","ATTITUDE"),
("49","5","9","HONESTY"),
("50","5","10","CREATIVITY"),
("51","6","1","HANDWRITING"),
("52","6","2","NEATNESS"),
("53","6","3","PUNCTUALITY"),
("54","6","4","ATTENTIVENESS"),
("55","6","5","INITIATIVE"),
("56","6","6","RESPECT"),
("57","6","7","OBEDIENCE"),
("58","6","8","ATTITUDE"),
("59","6","9","HONESTY"),
("60","6","10","CREATIVITY");




CREATE TABLE `class` (
  `class_id` int(11) NOT NULL AUTO_INCREMENT,
  `class_name` varchar(30) NOT NULL,
  `class_order` int(10) unsigned NOT NULL,
  `section` varchar(10) NOT NULL,
  `promotional_average` varchar(5) NOT NULL,
  `new_student_fee` decimal(15,2) unsigned NOT NULL,
  PRIMARY KEY (`class_id`),
  KEY `order` (`class_order`),
  KEY `section` (`section`)
) ENGINE=InnoDB AUTO_INCREMENT=7 DEFAULT CHARSET=latin1;


INSERT INTO class VALUES
("1","JSS1","1","junior","40","14500.00"),
("2","JSS2","2","junior","40","14500.00"),
("3","JSS3","3","junior","40","0.00"),
("4","SS1","4","senior","50","0.00"),
("5","SS2","5","senior","50","0.00"),
("6","SS3","6","senior","50","0.00");




CREATE TABLE `class_approval` (
  `class_approval_id` int(11) NOT NULL AUTO_INCREMENT,
  `student_id` int(11) NOT NULL,
  `old_class_id` int(11) NOT NULL,
  `new_class_id` int(11) NOT NULL,
  `old_status` char(20) NOT NULL,
  `mode` char(20) NOT NULL,
  `date_sent` datetime NOT NULL,
  PRIMARY KEY (`class_approval_id`),
  KEY `old_status` (`old_status`)
) ENGINE=InnoDB DEFAULT CHARSET=latin1;






CREATE TABLE `class_category` (
  `class_category_id` int(11) NOT NULL AUTO_INCREMENT,
  `class_category_name` varchar(80) NOT NULL,
  `date_added` datetime NOT NULL DEFAULT current_timestamp(),
  PRIMARY KEY (`class_category_id`)
) ENGINE=InnoDB DEFAULT CHARSET=latin1;






CREATE TABLE `class_class_category` (
  `class_class_category_id` int(11) NOT NULL AUTO_INCREMENT,
  `class_id` int(11) NOT NULL,
  `class_category_id` int(11) NOT NULL,
  `date_added` datetime NOT NULL DEFAULT current_timestamp(),
  PRIMARY KEY (`class_class_category_id`),
  KEY `class_id` (`class_id`),
  KEY `class_category_id` (`class_category_id`)
) ENGINE=InnoDB DEFAULT CHARSET=latin1;






CREATE TABLE `class_storages` (
  `class_storage_id` int(11) NOT NULL AUTO_INCREMENT,
  `class_id` int(11) NOT NULL,
  `subclass_id` int(11) NOT NULL,
  `subject_id` int(11) NOT NULL,
  `class_storage_title` varchar(200) NOT NULL,
  `class_storage_dir` varchar(500) NOT NULL,
  `class_storage_date` datetime NOT NULL,
  PRIMARY KEY (`class_storage_id`)
) ENGINE=InnoDB DEFAULT CHARSET=latin1;






CREATE TABLE `class_subclass` (
  `class_subclass_id` int(10) unsigned NOT NULL AUTO_INCREMENT,
  `class_id` int(10) unsigned NOT NULL,
  `subclass_id` int(10) unsigned NOT NULL,
  PRIMARY KEY (`class_subclass_id`),
  KEY `class_id` (`class_id`),
  KEY `subclass_id` (`subclass_id`)
) ENGINE=InnoDB AUTO_INCREMENT=7 DEFAULT CHARSET=latin1;


INSERT INTO class_subclass VALUES
("1","1","0"),
("2","2","0"),
("3","3","0"),
("4","4","0"),
("5","5","0"),
("6","6","0");




CREATE TABLE `contact_us` (
  `contact_us_id` int(11) NOT NULL AUTO_INCREMENT,
  `name` varchar(200) NOT NULL,
  `role` varchar(200) NOT NULL,
  `phonenumber` varchar(100) NOT NULL,
  `email` varchar(200) NOT NULL,
  `date_added` datetime NOT NULL DEFAULT current_timestamp(),
  PRIMARY KEY (`contact_us_id`)
) ENGINE=InnoDB DEFAULT CHARSET=utf8mb4;






CREATE TABLE `current_fees_info` (
  `current_fees_info_id` int(11) unsigned NOT NULL AUTO_INCREMENT,
  `student_id` int(11) unsigned NOT NULL,
  `class_id` int(10) unsigned NOT NULL,
  `current_school_fees` decimal(15,2) NOT NULL,
  `past_debt` decimal(15,2) NOT NULL,
  `amount_to_pay` decimal(15,2) NOT NULL,
  `amount_paid` decimal(15,2) NOT NULL,
  `discount` decimal(15,2) NOT NULL,
  `surcharge_amount` decimal(15,2) NOT NULL,
  `surcharge_reason` varchar(500) NOT NULL,
  `wave_over` decimal(15,2) NOT NULL,
  `owing` decimal(15,2) NOT NULL,
  `present_owing` decimal(15,2) NOT NULL,
  `class_fee` decimal(15,2) NOT NULL,
  `plan_fee` decimal(15,2) NOT NULL,
  `new_student_fee` decimal(15,2) NOT NULL,
  `room_fee` decimal(15,2) NOT NULL,
  `sessions` varchar(20) NOT NULL,
  `terms` varchar(20) NOT NULL,
  PRIMARY KEY (`current_fees_info_id`),
  KEY `student_id` (`student_id`),
  KEY `sess_term` (`sessions`,`terms`)
) ENGINE=InnoDB AUTO_INCREMENT=118 DEFAULT CHARSET=latin1;


INSERT INTO current_fees_info VALUES
("1","1","1","24500.00","0.00","24500.00","24500.00","0.00","0.00","","0.00","0.00","0.00","10000.00","0.00","14500.00","0.00","2019/2020","1st Term"),
("2","2","1","24500.00","0.00","24500.00","24500.00","0.00","0.00","","0.00","0.00","0.00","10000.00","0.00","14500.00","0.00","2019/2020","1st Term"),
("3","3","1","24500.00","0.00","24500.00","12000.00","4500.00","0.00","","0.00","8000.00","8000.00","10000.00","0.00","14500.00","0.00","2019/2020","1st Term"),
("4","4","1","24500.00","0.00","24500.00","13500.00","6000.00","0.00","","0.00","5000.00","5000.00","10000.00","0.00","14500.00","0.00","2019/2020","1st Term"),
("5","5","1","24500.00","0.00","24500.00","16500.00","6000.00","0.00","","0.00","2000.00","2000.00","10000.00","0.00","14500.00","0.00","2019/2020","1st Term"),
("6","6","1","24500.00","0.00","24500.00","10000.00","6000.00","0.00","","0.00","8500.00","8500.00","10000.00","0.00","14500.00","0.00","2019/2020","1st Term"),
("7","7","1","24500.00","0.00","24500.00","5500.00","6000.00","0.00","","0.00","13000.00","13000.00","10000.00","0.00","14500.00","0.00","2019/2020","1st Term"),
("8","8","1","24500.00","0.00","24500.00","17000.00","6000.00","0.00","","0.00","1500.00","1500.00","10000.00","0.00","14500.00","0.00","2019/2020","1st Term"),
("35","1","1","24500.00","0.00","24500.00","22800.00","0.00","0.00","","0.00","1700.00","1700.00","10000.00","0.00","0.00","0.00","2019/2020","2nd Term"),
("36","2","1","24500.00","0.00","24500.00","19500.00","0.00","0.00","","0.00","5000.00","5000.00","10000.00","0.00","0.00","0.00","2019/2020","2nd Term"),
("37","3","1","24500.00","8000.00","32500.00","15000.00","0.00","0.00","","0.00","17500.00","9500.00","10000.00","0.00","0.00","0.00","2019/2020","2nd Term"),
("38","4","1","24500.00","5000.00","29500.00","29500.00","0.00","0.00","","0.00","0.00","-5000.00","10000.00","0.00","0.00","0.00","2019/2020","2nd Term"),
("39","5","1","10000.00","2000.00","12000.00","12000.00","0.00","0.00","","0.00","0.00","-2000.00","10000.00","0.00","0.00","0.00","2019/2020","2nd Term"),
("40","6","1","24500.00","8500.00","33000.00","20500.00","0.00","0.00","","0.00","12500.00","4000.00","10000.00","0.00","0.00","0.00","2019/2020","2nd Term"),
("41","7","1","24500.00","13000.00","37500.00","0.00","0.00","0.00","","0.00","37500.00","24500.00","10000.00","0.00","0.00","0.00","2019/2020","2nd Term"),
("42","8","1","10000.00","1500.00","11500.00","11500.00","0.00","0.00","","0.00","0.00","-1500.00","10000.00","0.00","0.00","0.00","2019/2020","2nd Term"),
("43","9","1","24500.00","0.00","24500.00","12500.00","0.00","0.00","","0.00","12000.00","12000.00","10000.00","0.00","14500.00","0.00","2019/2020","2nd Term"),
("44","10","1","24500.00","0.00","24500.00","10000.00","0.00","0.00","","0.00","14500.00","14500.00","10000.00","0.00","14500.00","0.00","2019/2020","2nd Term"),
("45","11","1","24500.00","0.00","24500.00","20000.00","0.00","0.00","","0.00","4500.00","4500.00","10000.00","0.00","14500.00","0.00","2019/2020","2nd Term"),
("46","1","1","10000.00","1700.00","11700.00","0.00","0.00","0.00","","0.00","11700.00","10000.00","10000.00","0.00","0.00","0.00","2019/2020","3rd Term"),
("47","2","1","10000.00","5000.00","15000.00","0.00","0.00","0.00","","0.00","15000.00","10000.00","0.00","0.00","0.00","0.00","2019/2020","3rd Term"),
("48","3","1","10000.00","17500.00","27500.00","0.00","0.00","0.00","","0.00","27500.00","10000.00","0.00","0.00","0.00","0.00","2019/2020","3rd Term"),
("49","4","1","10000.00","0.00","10000.00","3300.00","0.00","0.00","","0.00","6700.00","6700.00","0.00","0.00","0.00","0.00","2019/2020","3rd Term"),
("50","5","1","10000.00","0.00","10000.00","3300.00","0.00","0.00","","0.00","6700.00","6700.00","0.00","0.00","0.00","0.00","2019/2020","3rd Term"),
("51","6","1","0.00","12500.00","12500.00","0.00","0.00","0.00","","0.00","12500.00","0.00","3300.00","0.00","0.00","0.00","2019/2020","3rd Term"),
("52","7","1","0.00","37500.00","37500.00","0.00","0.00","0.00","","0.00","37500.00","0.00","3300.00","0.00","0.00","0.00","2019/2020","3rd Term"),
("53","8","1","10000.00","0.00","10000.00","3300.00","0.00","0.00","","0.00","6700.00","6700.00","0.00","0.00","0.00","0.00","2019/2020","3rd Term"),
("54","9","1","10000.00","12000.00","22000.00","3000.00","0.00","0.00","","0.00","19000.00","7000.00","0.00","0.00","0.00","0.00","2019/2020","3rd Term"),
("55","10","1","0.00","14500.00","14500.00","0.00","0.00","0.00","","0.00","14500.00","0.00","3300.00","0.00","0.00","0.00","2019/2020","3rd Term"),
("56","11","1","0.00","4500.00","4500.00","0.00","0.00","0.00","","0.00","4500.00","0.00","3300.00","0.00","0.00","0.00","2019/2020","3rd Term"),
("57","12","1","24500.00","0.00","24500.00","10000.00","6000.00","0.00","","0.00","8500.00","8500.00","10000.00","0.00","14500.00","0.00","2019/2020","3rd Term"),
("58","1","2","10000.00","11700.00","21700.00","6700.00","0.00","0.00","","0.00","15000.00","3300.00","10000.00","0.00","0.00","0.00","2020/2021","1st Term"),
("59","2","2","10000.00","8300.00","18300.00","0.00","0.00","0.00","","0.00","18300.00","10000.00","10000.00","0.00","0.00","0.00","2020/2021","1st Term"),
("60","3","2","10000.00","27500.00","37500.00","12200.00","0.00","0.00","","0.00","25300.00","-2200.00","10000.00","0.00","0.00","0.00","2020/2021","1st Term"),
("61","4","2","10000.00","6700.00","16700.00","6700.00","0.00","0.00","","0.00","10000.00","3300.00","10000.00","0.00","0.00","0.00","2020/2021","1st Term"),
("62","5","2","10000.00","6700.00","16700.00","6700.00","0.00","0.00","","0.00","10000.00","3300.00","10000.00","0.00","0.00","0.00","2020/2021","1st Term"),
("63","8","2","10000.00","6700.00","16700.00","6700.00","0.00","0.00","","0.00","10000.00","3300.00","10000.00","0.00","0.00","0.00","2020/2021","1st Term"),
("64","9","2","10000.00","19000.00","29000.00","10200.00","0.00","0.00","","0.00","18800.00","-200.00","10000.00","0.00","0.00","0.00","2020/2021","1st Term"),
("65","12","1","24500.00","0.00","24500.00","10000.00","6000.00","0.00","","0.00","8500.00","8500.00","10000.00","0.00","14500.00","0.00","2020/2021","1st Term"),
("73","6","1","0.00","0.00","0.00","0.00","0.00","0.00","","0.00","0.00","0.00","10000.00","0.00","0.00","0.00","2020/2021","1st Term"),
("74","13","1","24500.00","0.00","24500.00","10000.00","6000.00","0.00","","0.00","8500.00","8500.00","10000.00","0.00","14500.00","0.00","2020/2021","1st Term"),
("75","14","1","24500.00","0.00","24500.00","0.00","6000.00","0.00","","0.00","18500.00","18500.00","10000.00","0.00","14500.00","0.00","2020/2021","1st Term"),
("76","15","1","24500.00","0.00","24500.00","0.00","0.00","0.00","","0.00","24500.00","24500.00","10000.00","0.00","14500.00","0.00","2020/2021","1st Term"),
("77","16","1","24500.00","0.00","24500.00","0.00","0.00","0.00","","0.00","24500.00","24500.00","10000.00","0.00","14500.00","0.00","2020/2021","1st Term"),
("78","17","1","24500.00","0.00","24500.00","0.00","0.00","0.00","","0.00","24500.00","24500.00","10000.00","0.00","14500.00","0.00","2020/2021","1st Term"),
("79","18","1","24500.00","0.00","24500.00","0.00","0.00","0.00","","0.00","24500.00","24500.00","10000.00","0.00","14500.00","0.00","2020/2021","1st Term"),
("80","19","1","24500.00","0.00","24500.00","0.00","0.00","0.00","","0.00","24500.00","24500.00","10000.00","0.00","14500.00","0.00","2020/2021","1st Term"),
("81","20","1","24500.00","0.00","24500.00","0.00","0.00","0.00","","0.00","24500.00","24500.00","10000.00","0.00","14500.00","0.00","2020/2021","1st Term"),
("82","21","2","24500.00","0.00","24500.00","0.00","0.00","0.00","","0.00","24500.00","24500.00","10000.00","0.00","14500.00","0.00","2020/2021","1st Term"),
("83","11","2","10000.00","0.00","10000.00","0.00","0.00","0.00","","0.00","10000.00","10000.00","10000.00","0.00","0.00","0.00","2020/2021","2nd Term"),
("84","22","2","24500.00","0.00","24500.00","0.00","0.00","0.00","","0.00","24500.00","24500.00","10000.00","0.00","14500.00","0.00","2020/2021","1st Term"),
("85","23","1","24500.00","0.00","24500.00","0.00","0.00","0.00","","0.00","24500.00","24500.00","10000.00","0.00","14500.00","0.00","2020/2021","1st Term"),
("86","24","1","24500.00","0.00","24500.00","0.00","0.00","0.00","","0.00","24500.00","24500.00","10000.00","0.00","14500.00","0.00","2020/2021","1st Term"),
("87","25","1","24500.00","0.00","24500.00","0.00","0.00","0.00","","0.00","24500.00","24500.00","10000.00","0.00","14500.00","0.00","2020/2021","1st Term"),
("88","26","1","24500.00","0.00","24500.00","0.00","0.00","0.00","","0.00","24500.00","24500.00","10000.00","0.00","14500.00","0.00","2020/2021","1st Term"),
("89","27","1","24500.00","0.00","24500.00","0.00","0.00","0.00","","0.00","24500.00","24500.00","10000.00","0.00","14500.00","0.00","2020/2021","1st Term"),
("90","28","1","24500.00","0.00","24500.00","0.00","0.00","0.00","","0.00","24500.00","24500.00","10000.00","0.00","14500.00","0.00","2020/2021","1st Term"),
("92","30","1","24500.00","0.00","24500.00","0.00","0.00","0.00","","0.00","24500.00","24500.00","10000.00","0.00","14500.00","0.00","2020/2021","1st Term"),
("93","31","2","24500.00","0.00","24500.00","0.00","0.00","0.00","","0.00","24500.00","24500.00","10000.00","0.00","14500.00","0.00","2020/2021","1st Term"),
("94","32","3","0.00","0.00","0.00","0.00","0.00","0.00","","0.00","0.00","0.00","0.00","0.00","0.00","0.00","2020/2021","1st Term"),
("95","33","3","0.00","0.00","0.00","0.00","0.00","0.00","","0.00","0.00","0.00","0.00","0.00","0.00","0.00","2020/2021","1st Term"),
("96","34","3","0.00","0.00","0.00","0.00","0.00","0.00","","0.00","0.00","0.00","0.00","0.00","0.00","0.00","2020/2021","1st Term"),
("97","35","2","24500.00","0.00","24500.00","0.00","0.00","0.00","","0.00","24500.00","24500.00","10000.00","0.00","14500.00","0.00","2020/2021","1st Term"),
("98","36","2","24500.00","0.00","24500.00","0.00","0.00","0.00","","0.00","24500.00","24500.00","10000.00","0.00","14500.00","0.00","2020/2021","1st Term"),
("99","37","2","24500.00","0.00","24500.00","0.00","0.00","0.00","","0.00","24500.00","24500.00","10000.00","0.00","14500.00","0.00","2020/2021","1st Term"),
("100","38","1","24500.00","0.00","24500.00","0.00","0.00","0.00","","0.00","24500.00","24500.00","10000.00","0.00","14500.00","0.00","2020/2021","1st Term"),
("101","39","1","24500.00","0.00","24500.00","0.00","0.00","0.00","","0.00","24500.00","24500.00","10000.00","0.00","14500.00","0.00","2020/2021","1st Term"),
("102","40","1","24500.00","0.00","24500.00","0.00","0.00","0.00","","0.00","24500.00","24500.00","10000.00","0.00","14500.00","0.00","2020/2021","1st Term"),
("103","41","1","24500.00","0.00","24500.00","0.00","0.00","0.00","","0.00","24500.00","24500.00","10000.00","0.00","14500.00","0.00","2020/2021","1st Term"),
("104","42","2","24500.00","0.00","24500.00","0.00","0.00","0.00","","0.00","24500.00","24500.00","10000.00","0.00","14500.00","0.00","2020/2021","1st Term"),
("105","43","1","24500.00","0.00","24500.00","0.00","0.00","0.00","","0.00","24500.00","24500.00","10000.00","0.00","14500.00","0.00","2020/2021","1st Term"),
("106","44","1","24500.00","0.00","24500.00","0.00","0.00","0.00","","0.00","24500.00","24500.00","10000.00","0.00","14500.00","0.00","2020/2021","1st Term"),
("107","45","1","24500.00","0.00","24500.00","0.00","0.00","0.00","","0.00","24500.00","24500.00","10000.00","0.00","14500.00","0.00","2020/2021","1st Term"),
("108","19","2","0.00","0.00","0.00","0.00","0.00","0.00","","0.00","0.00","0.00","10000.00","0.00","0.00","0.00","2021/2022","1st Term"),
("109","46","1","24500.00","0.00","24500.00","0.00","0.00","0.00","","0.00","24500.00","24500.00","10000.00","0.00","14500.00","0.00","2020/2021","1st Term"),
("110","47","1","24500.00","0.00","24500.00","0.00","0.00","0.00","","0.00","24500.00","24500.00","10000.00","0.00","14500.00","0.00","2020/2021","1st Term"),
("111","48","1","24500.00","0.00","24500.00","0.00","0.00","0.00","","0.00","24500.00","24500.00","10000.00","0.00","14500.00","0.00","2020/2021","1st Term"),
("112","49","3","0.00","0.00","0.00","0.00","0.00","0.00","","0.00","0.00","0.00","0.00","0.00","0.00","0.00","2020/2021","1st Term"),
("113","50","3","0.00","0.00","0.00","0.00","0.00","0.00","","0.00","0.00","0.00","0.00","0.00","0.00","0.00","2020/2021","1st Term"),
("114","51","1","24500.00","0.00","24500.00","0.00","0.00","0.00","","0.00","24500.00","24500.00","10000.00","0.00","14500.00","0.00","2020/2021","1st Term"),
("115","52","1","24500.00","0.00","24500.00","0.00","0.00","0.00","","0.00","24500.00","24500.00","10000.00","0.00","14500.00","0.00","2020/2021","1st Term"),
("116","53","1","24500.00","0.00","24500.00","0.00","0.00","0.00","","0.00","24500.00","24500.00","10000.00","0.00","14500.00","0.00","2020/2021","1st Term"),
("117","41","1","0.00","0.00","0.00","0.00","0.00","0.00","","0.00","0.00","0.00","10000.00","0.00","0.00","0.00","2021/2022","2nd Term");




CREATE TABLE `e_library_cat` (
  `e_library_cat_id` int(11) NOT NULL AUTO_INCREMENT,
  `e_library_cat_name` varchar(200) NOT NULL,
  `date_added` datetime NOT NULL DEFAULT current_timestamp(),
  PRIMARY KEY (`e_library_cat_id`)
) ENGINE=InnoDB DEFAULT CHARSET=utf8mb4;






CREATE TABLE `e_library_file` (
  `e_library_file_id` int(11) NOT NULL AUTO_INCREMENT,
  `e_library_cat_id` int(11) NOT NULL,
  `topic_id` int(11) NOT NULL,
  `google_drive_id` varchar(200) NOT NULL,
  `class_id` int(11) NOT NULL,
  `subclass_id` int(11) NOT NULL,
  `subject_id` int(11) NOT NULL,
  `staff_id` int(11) NOT NULL,
  `table_name` varchar(20) NOT NULL,
  `title` varchar(300) NOT NULL,
  `google_drive_title` varchar(200) NOT NULL,
  `google_drive_thumbnail_link` varchar(300) NOT NULL,
  `description` varchar(500) NOT NULL,
  `preview_status` varchar(20) NOT NULL DEFAULT 'preview_download',
  `mode` varchar(20) NOT NULL,
  `activation` varchar(20) NOT NULL DEFAULT 'active',
  `file_dir` varchar(300) NOT NULL,
  `google_drive_dir` varchar(300) NOT NULL,
  `google_drive_embed_link` varchar(300) NOT NULL,
  `google_drive_filesize` varchar(30) NOT NULL,
  `sessions` varchar(15) NOT NULL,
  `terms` varchar(15) NOT NULL,
  `date_added` datetime NOT NULL DEFAULT current_timestamp(),
  PRIMARY KEY (`e_library_file_id`),
  KEY `e_library_cat_id` (`e_library_cat_id`),
  KEY `subclass_id` (`subclass_id`),
  KEY `subject_id` (`subject_id`),
  KEY `class_id` (`class_id`),
  KEY `staff_id` (`staff_id`),
  KEY `topic_id` (`topic_id`),
  KEY `activation` (`activation`)
) ENGINE=InnoDB DEFAULT CHARSET=utf8mb4;






CREATE TABLE `e_r_cat` (
  `e_r_cat_id` int(10) unsigned NOT NULL AUTO_INCREMENT,
  `e_r_cat_name` varchar(300) NOT NULL,
  `e_r_scratch_card` varchar(4) NOT NULL DEFAULT 'no',
  PRIMARY KEY (`e_r_cat_id`),
  KEY `e_r_scratch_card` (`e_r_scratch_card`)
) ENGINE=InnoDB DEFAULT CHARSET=latin1;






CREATE TABLE `e_r_class_term` (
  `e_r_class_term_id` int(10) unsigned NOT NULL AUTO_INCREMENT,
  `e_r_cat_id` int(10) unsigned NOT NULL,
  `class_id` int(10) unsigned NOT NULL,
  `terms` varchar(10) NOT NULL,
  PRIMARY KEY (`e_r_class_term_id`),
  KEY `e_r_cat_id` (`e_r_cat_id`,`class_id`,`terms`)
) ENGINE=InnoDB DEFAULT CHARSET=latin1;






CREATE TABLE `e_r_main` (
  `e_r_main_id` int(11) NOT NULL AUTO_INCREMENT,
  `e_r_cat_id` int(11) NOT NULL,
  `student_id` int(11) NOT NULL,
  `class_id` int(11) NOT NULL,
  `subclass_id` int(11) NOT NULL,
  `e_r_cat_name` varchar(100) NOT NULL,
  `class_name` varchar(50) NOT NULL,
  `subclass_name` varchar(50) NOT NULL,
  `section` varchar(10) NOT NULL,
  `total` float NOT NULL,
  `total_obtainable` float NOT NULL,
  `average` varchar(10) NOT NULL,
  `position_class` varchar(20) NOT NULL,
  `position_subclass` varchar(20) NOT NULL,
  `total_student_class` int(11) NOT NULL,
  `total_student_subclass` int(11) NOT NULL,
  `pass_ave` varchar(5) NOT NULL,
  `subcat1_total` float NOT NULL,
  `subcat2_total` float NOT NULL,
  `subcat3_total` float NOT NULL,
  `subcat4_total` float NOT NULL,
  `subcat5_total` float NOT NULL,
  `subcat6_total` float NOT NULL,
  `subcat7_total` float NOT NULL,
  `subcat8_total` float NOT NULL,
  `subcat9_total` float NOT NULL,
  `subcat10_total` float NOT NULL,
  `subcat1_name` varchar(50) NOT NULL,
  `subcat2_name` varchar(50) NOT NULL,
  `subcat3_name` varchar(50) NOT NULL,
  `subcat4_name` varchar(50) NOT NULL,
  `subcat5_name` varchar(50) NOT NULL,
  `subcat6_name` varchar(50) NOT NULL,
  `subcat7_name` varchar(50) NOT NULL,
  `subcat8_name` varchar(50) NOT NULL,
  `subcat9_name` varchar(50) NOT NULL,
  `subcat10_name` varchar(50) NOT NULL,
  `subcat1_short_name` varchar(40) NOT NULL,
  `subcat2_short_name` varchar(40) NOT NULL,
  `subcat3_short_name` varchar(40) NOT NULL,
  `subcat4_short_name` varchar(40) NOT NULL,
  `subcat5_short_name` varchar(40) NOT NULL,
  `subcat6_short_name` varchar(40) NOT NULL,
  `subcat7_short_name` varchar(40) NOT NULL,
  `subcat8_short_name` varchar(40) NOT NULL,
  `subcat9_short_name` varchar(40) NOT NULL,
  `subcat10_short_name` varchar(40) NOT NULL,
  `count_subcat` int(11) NOT NULL,
  `scratch_card_number` varchar(16) NOT NULL,
  `principal_name` varchar(100) NOT NULL,
  `principal_comment` varchar(200) NOT NULL,
  `form_staff_name` varchar(200) NOT NULL,
  `form_staff_comment` varchar(300) NOT NULL,
  `principal_signature` varchar(60) NOT NULL,
  `second_principal_signature` varchar(60) NOT NULL,
  `visited` int(11) NOT NULL,
  `sessions` varchar(20) NOT NULL,
  `terms` varchar(20) NOT NULL,
  PRIMARY KEY (`e_r_main_id`),
  KEY `e_r_cat_id` (`e_r_cat_id`,`student_id`)
) ENGINE=InnoDB DEFAULT CHARSET=latin1;






CREATE TABLE `e_r_subcat` (
  `e_r_subcat_id` int(10) unsigned NOT NULL AUTO_INCREMENT,
  `e_r_cat_id` int(10) unsigned NOT NULL,
  `e_r_subcat_name` varchar(300) NOT NULL,
  `e_r_short_form` varchar(100) NOT NULL,
  `total_score` float NOT NULL,
  PRIMARY KEY (`e_r_subcat_id`),
  KEY `e_r_cat_id` (`e_r_cat_id`),
  KEY `e_r_cat_id_2` (`e_r_cat_id`)
) ENGINE=InnoDB DEFAULT CHARSET=latin1;






CREATE TABLE `e_r_subject` (
  `e_r_subject_id` int(11) NOT NULL AUTO_INCREMENT,
  `e_r_cat_id` int(11) NOT NULL,
  `student_id` int(11) NOT NULL,
  `class_id` int(11) NOT NULL,
  `subclass_id` int(11) NOT NULL,
  `subject_id` int(11) NOT NULL,
  `class_name` varchar(300) NOT NULL,
  `subclass_name` varchar(300) NOT NULL,
  `subject_name` varchar(300) NOT NULL,
  `subcat1` float DEFAULT NULL,
  `subcat2` float DEFAULT NULL,
  `subcat3` float DEFAULT NULL,
  `subcat4` float DEFAULT NULL,
  `subcat5` float DEFAULT NULL,
  `subcat6` float DEFAULT NULL,
  `subcat7` float DEFAULT NULL,
  `subcat8` float DEFAULT NULL,
  `subcat9` float DEFAULT NULL,
  `subcat10` float DEFAULT NULL,
  `total` float NOT NULL,
  `total_percent` varchar(10) NOT NULL,
  `position_subclass` varchar(30) NOT NULL,
  `grade` varchar(20) NOT NULL,
  `grade_comment` varchar(300) NOT NULL,
  `staff_name` varchar(300) NOT NULL,
  `staff_comment` varchar(300) NOT NULL,
  `status` varchar(20) NOT NULL,
  `generate_result` varchar(20) NOT NULL DEFAULT 'not_generated',
  `sessions` varchar(20) NOT NULL,
  `terms` varchar(20) NOT NULL,
  PRIMARY KEY (`e_r_subject_id`),
  KEY `e_r_cat_id` (`e_r_cat_id`,`student_id`,`class_id`,`subclass_id`,`subject_id`),
  KEY `class_id` (`class_id`,`subclass_id`,`subject_id`,`sessions`,`terms`)
) ENGINE=InnoDB DEFAULT CHARSET=latin1;






CREATE TABLE `end_term_info` (
  `end_term_id` int(11) NOT NULL AUTO_INCREMENT,
  `new_student_number` int(11) NOT NULL,
  `no_of_students` int(11) NOT NULL,
  `no_of_male_students` int(11) NOT NULL,
  `no_of_female_students` int(11) NOT NULL,
  `no_of_grad_students` int(11) NOT NULL,
  `no_of_deact_students` int(11) NOT NULL,
  `no_of_parents` int(11) NOT NULL,
  `no_of_staff` int(11) NOT NULL,
  `no_of_academic_staff` int(11) NOT NULL,
  `no_of_non_academic_staff` int(11) NOT NULL,
  `no_of_accountant` int(11) NOT NULL,
  `no_of_admin` int(11) NOT NULL,
  `owing` int(11) NOT NULL,
  `annual_only_last_subjects` varchar(5) NOT NULL,
  `third_term_in_annual` varchar(3) NOT NULL DEFAULT 'no',
  `allow_finance` varchar(5) NOT NULL,
  `scratch_card` varchar(5) NOT NULL,
  `generate_result` varchar(20) NOT NULL,
  `publish_result` char(30) NOT NULL,
  `next_term_begins` date NOT NULL,
  `publish_result_deadline` date NOT NULL,
  `report_ready` varchar(15) NOT NULL,
  `sessions` varchar(20) NOT NULL,
  `terms` varchar(20) NOT NULL,
  `date_entered` datetime NOT NULL DEFAULT current_timestamp(),
  `account_balanced` varchar(12) NOT NULL,
  PRIMARY KEY (`end_term_id`),
  KEY `sess_term` (`sessions`,`terms`),
  KEY `report_ready` (`report_ready`),
  KEY `date_entered` (`date_entered`)
) ENGINE=InnoDB AUTO_INCREMENT=26 DEFAULT CHARSET=latin1;


INSERT INTO end_term_info VALUES
("18","8","8","8","0","0","0","0","5","4","0","0","1","0","no","no","no","no","generated","published","2020-01-13","0000-00-00","ready","2019/2020","1st Term","2018-04-14 13:39:26","unbalanced"),
("19","3","11","10","1","0","0","0","7","5","0","0","2","0","no","no","yes","no","generated","published","0000-00-00","2020-04-03","ready","2019/2020","2nd Term","2020-02-06 17:00:57","unbalanced"),
("20","0","7","6","1","0","2","0","7","7","0","1","1","0","no","no","yes","no","generated","published","2020-10-26","2020-10-24","ready","2019/2020","3rd Term","2020-10-13 10:20:02","unbalanced"),
("21","6","13","7","6","0","0","0","5","5","0","0","0","0","no","no","yes","no","generated","published","2021-03-01","0000-00-00","ready","2020/2021","1st Term","2020-10-23 13:02:36","unbalanced"),
("22","4","18","10","8","0","0","0","6","5","0","0","1","0","no","no","yes","no","generated","published","2021-05-24","2021-05-07","ready","2020/2021","2nd Term","2021-04-29 09:55:14","unbalanced"),
("23","16","34","20","14","0","0","0","7","6","0","0","1","0","no","no","yes","no","generated","published","2021-09-13","2021-08-18","ready","2020/2021","3rd Term","2021-07-18 18:11:49","unbalanced"),
("24","11","43","23","20","0","0","0","8","8","0","1","0","0","no","no","yes","no","generated","published","2022-01-10","0000-00-00","ready","2021/2022","1st Term","2021-10-18 14:34:47","unbalanced"),
("25","0","0","0","0","0","0","0","0","0","0","0","0","0","no","no","yes","no","not_generated","not_published","2022-05-09","0000-00-00","not_ready","2021/2022","2nd Term","2021-12-22 10:12:12","unbalanced");




CREATE TABLE `end_term_inventory` (
  `end_term_inventory_id` int(11) NOT NULL AUTO_INCREMENT,
  `account_balanced` varchar(20) NOT NULL DEFAULT 'unbalanced',
  `date_added` datetime NOT NULL DEFAULT current_timestamp(),
  `sessions` varchar(15) NOT NULL,
  `terms` varchar(15) NOT NULL,
  PRIMARY KEY (`end_term_inventory_id`)
) ENGINE=InnoDB AUTO_INCREMENT=2 DEFAULT CHARSET=utf8mb4;


INSERT INTO end_term_inventory VALUES
("1","unbalanced","2020-02-15 23:45:38","2019/2020","1st Term");




CREATE TABLE `end_term_ledger` (
  `end_term_ledger_id` int(11) NOT NULL AUTO_INCREMENT,
  `account_balanced` varchar(15) NOT NULL DEFAULT 'unbalanced',
  `date_added` datetime NOT NULL DEFAULT current_timestamp(),
  `sessions` varchar(15) NOT NULL,
  `terms` varchar(15) NOT NULL,
  PRIMARY KEY (`end_term_ledger_id`),
  KEY `terms` (`terms`,`sessions`)
) ENGINE=InnoDB AUTO_INCREMENT=2 DEFAULT CHARSET=utf8mb4;


INSERT INTO end_term_ledger VALUES
("1","unbalanced","2020-02-15 23:45:56","2019/2020","1st Term");




CREATE TABLE `end_term_school_fees` (
  `end_term_school_fees_id` int(11) NOT NULL AUTO_INCREMENT,
  `account_balanced` varchar(20) DEFAULT 'unbalanced',
  `date_added` datetime NOT NULL DEFAULT current_timestamp(),
  `sessions` varchar(15) NOT NULL,
  `terms` varchar(15) NOT NULL,
  PRIMARY KEY (`end_term_school_fees_id`),
  KEY `sessions` (`sessions`,`terms`)
) ENGINE=InnoDB AUTO_INCREMENT=6 DEFAULT CHARSET=utf8mb4;


INSERT INTO end_term_school_fees VALUES
("1","balanced","2020-02-15 23:33:48","2019/2020","1st Term"),
("3","balanced","2020-02-25 06:21:09","2019/2020","2nd Term"),
("4","balanced","2020-10-15 10:47:55","2019/2020","3rd Term"),
("5","unbalanced","2020-11-02 16:47:45","2020/2021","1st Term");




CREATE TABLE `event` (
  `event_id` int(11) NOT NULL AUTO_INCREMENT,
  `class_id` int(11) NOT NULL,
  `subclass_id` int(11) NOT NULL,
  `event_title` varchar(300) NOT NULL,
  `event_cat` varchar(20) NOT NULL,
  `event_image` varchar(300) NOT NULL,
  `location` varchar(300) NOT NULL,
  `description` text NOT NULL,
  `start_date` datetime NOT NULL,
  `end_date` datetime NOT NULL,
  `date_created` datetime NOT NULL DEFAULT current_timestamp(),
  PRIMARY KEY (`event_id`),
  KEY `date_created` (`date_created`),
  KEY `event_cat` (`event_cat`),
  KEY `class_id` (`class_id`)
) ENGINE=InnoDB DEFAULT CHARSET=latin1;






CREATE TABLE `exam_questions` (
  `exam_question_id` int(11) NOT NULL AUTO_INCREMENT,
  `exam_id` int(11) NOT NULL,
  `question_id` int(11) NOT NULL,
  `date_added` datetime NOT NULL DEFAULT current_timestamp(),
  PRIMARY KEY (`exam_question_id`)
) ENGINE=InnoDB DEFAULT CHARSET=utf8mb4;






CREATE TABLE `exam_student_questions` (
  `exam_student_question_id` int(11) NOT NULL AUTO_INCREMENT,
  `exam_student_id` int(11) NOT NULL,
  `question_options_id` int(11) NOT NULL,
  PRIMARY KEY (`exam_student_question_id`),
  KEY `exam_student_id` (`exam_student_id`),
  KEY `question_options_id` (`question_options_id`)
) ENGINE=InnoDB DEFAULT CHARSET=latin1;






CREATE TABLE `exam_student_theory` (
  `exam_student_theory_id` int(11) NOT NULL AUTO_INCREMENT,
  `exam_student_id` int(11) NOT NULL,
  `question_id` int(11) NOT NULL,
  `question_text` text NOT NULL,
  `corrected_text` text NOT NULL,
  `score` decimal(15,2) DEFAULT NULL,
  `total_score` decimal(15,2) DEFAULT NULL,
  `date_added` datetime NOT NULL DEFAULT current_timestamp(),
  PRIMARY KEY (`exam_student_theory_id`),
  KEY `exam_student_id` (`exam_student_id`),
  KEY `question_id` (`question_id`)
) ENGINE=InnoDB DEFAULT CHARSET=utf8mb4;






CREATE TABLE `exam_student_theory_images` (
  `exam_student_theory_images_id` int(11) NOT NULL AUTO_INCREMENT,
  `exam_student_id` int(11) NOT NULL,
  `question_id` int(11) NOT NULL,
  `google_drive_id` varchar(50) NOT NULL,
  `date_added` datetime NOT NULL DEFAULT current_timestamp(),
  PRIMARY KEY (`exam_student_theory_images_id`),
  KEY `exam_student_id` (`exam_student_id`),
  KEY `question_id` (`question_id`),
  KEY `google_drive_id` (`google_drive_id`)
) ENGINE=InnoDB DEFAULT CHARSET=utf8mb4;






CREATE TABLE `exam_students` (
  `exam_student_id` int(11) NOT NULL AUTO_INCREMENT,
  `exam_id` int(11) NOT NULL,
  `student_id` int(11) NOT NULL,
  `start_date` datetime NOT NULL DEFAULT current_timestamp(),
  `end_date` datetime NOT NULL,
  `score` decimal(15,2) DEFAULT NULL,
  `revised_score` decimal(15,2) DEFAULT NULL,
  `total_score` decimal(15,2) DEFAULT NULL,
  `score_percentage` decimal(15,2) DEFAULT NULL,
  `revised_score_percentage` decimal(15,2) DEFAULT NULL,
  `approval` tinyint(4) NOT NULL,
  `fullscreen_exits` int(11) NOT NULL,
  `exam_ended_cond` varchar(30) NOT NULL,
  PRIMARY KEY (`exam_student_id`),
  KEY `exam_id` (`exam_id`),
  KEY `student_id` (`student_id`),
  KEY `approval` (`approval`)
) ENGINE=InnoDB DEFAULT CHARSET=latin1;






CREATE TABLE `exam_webcams` (
  `exam_webcam_id` int(11) NOT NULL AUTO_INCREMENT,
  `exam_id` int(11) NOT NULL,
  `student_id` int(11) NOT NULL,
  `google_drive_id` varchar(300) NOT NULL,
  `timestamp` varchar(20) NOT NULL,
  PRIMARY KEY (`exam_webcam_id`),
  KEY `exam_id` (`exam_id`,`student_id`)
) ENGINE=InnoDB DEFAULT CHARSET=latin1;






CREATE TABLE `exams` (
  `exam_id` int(11) NOT NULL AUTO_INCREMENT,
  `class_id` int(11) NOT NULL,
  `subject_id` int(11) NOT NULL,
  `topic_id` int(11) NOT NULL,
  `exam_name` varchar(300) NOT NULL,
  `exam_description` text NOT NULL,
  `exam_pass` varchar(300) NOT NULL,
  `exam_pass_hash` varchar(300) NOT NULL,
  `duration` int(11) NOT NULL,
  `start_date` datetime NOT NULL,
  `end_date` datetime NOT NULL,
  `maximum_attempt` tinyint(4) NOT NULL,
  `minimum_percentage` tinyint(4) NOT NULL,
  `view_answers` tinyint(4) NOT NULL,
  `surveillance` tinyint(4) NOT NULL,
  `randomize_question` tinyint(4) NOT NULL,
  `exam_type` varchar(20) NOT NULL,
  `activation` varchar(10) NOT NULL,
  `sessions` varchar(15) NOT NULL,
  `terms` varchar(15) NOT NULL,
  `date_added` datetime NOT NULL DEFAULT current_timestamp(),
  PRIMARY KEY (`exam_id`),
  KEY `activation` (`activation`)
) ENGINE=InnoDB DEFAULT CHARSET=utf8mb4;






CREATE TABLE `executives` (
  `executive_id` int(11) NOT NULL AUTO_INCREMENT,
  `school_id` int(10) unsigned NOT NULL,
  `user_key` varchar(100) DEFAULT NULL,
  `serial_number` varchar(30) NOT NULL,
  `pass` char(255) NOT NULL,
  `new_password` char(255) NOT NULL,
  `email` varchar(200) NOT NULL,
  `status` varchar(30) NOT NULL,
  `phone_number` varchar(20) NOT NULL,
  `forget_token` varchar(200) NOT NULL,
  `login_attempt` int(11) NOT NULL,
  `login_last_time` int(10) unsigned NOT NULL,
  PRIMARY KEY (`executive_id`),
  UNIQUE KEY `user_key` (`user_key`),
  KEY `school_id` (`school_id`)
) ENGINE=InnoDB AUTO_INCREMENT=5 DEFAULT CHARSET=latin1;


INSERT INTO executives VALUES
("1","0","1b86783ae","O/16/0001","$2y$10$/WPShfudvtky2Lvam61YyuCdOUGnP1SL6eY7ovm0doCDrnTPli/AW","","zeonorganisation@gmail.com","","","","0","1505998587"),
("2","0","2df20249c","B/16/0001","$2y$10$QwvZ4k91rV9OwdsSi/bStepTSx6ZP9BvsxwLR/VD5jfO4WhDmqh12","Mynameisbackend","zeonglobal@gmail.com","","","","0","1505995243"),
("3","0","392f989c6","U/16/0001","$2y$10$hXRdO2YNOVyphYSz.pPHEuD4Zw9PhdaG6SNGJHJgQb87QUWV22tV.","","","admin","","","0","1505981376"),
("4","0","4a0978df3","A/16/0001","$2y$10$Gg5mWpO2Pt/lM7sClJy90u7orPh02Z9.ST0B5RSMl9ckFg6ls6a8K","","","account","","","0","1506032093");




CREATE TABLE `facility` (
  `facility_id` int(10) unsigned NOT NULL AUTO_INCREMENT,
  `class_id` int(11) NOT NULL,
  `facility_cat` varchar(100) NOT NULL,
  `facility_name` varchar(300) NOT NULL,
  `facility_date` datetime NOT NULL DEFAULT current_timestamp(),
  PRIMARY KEY (`facility_id`),
  KEY `facility_cat` (`facility_cat`),
  KEY `class_id` (`class_id`)
) ENGINE=InnoDB DEFAULT CHARSET=latin1;






CREATE TABLE `facility_images` (
  `facility_images_id` int(10) unsigned NOT NULL AUTO_INCREMENT,
  `facility_id` int(10) unsigned NOT NULL,
  `image_name` varchar(300) NOT NULL,
  `image_dir` varchar(500) NOT NULL,
  PRIMARY KEY (`facility_images_id`),
  KEY `facility_id` (`facility_id`)
) ENGINE=InnoDB DEFAULT CHARSET=latin1;






CREATE TABLE `fees_discount` (
  `fees_discount_id` int(11) NOT NULL AUTO_INCREMENT,
  `student_id` int(11) NOT NULL,
  `amount` decimal(15,2) NOT NULL,
  `reason` varchar(300) NOT NULL,
  `sessions` varchar(20) NOT NULL,
  `terms` varchar(20) NOT NULL,
  PRIMARY KEY (`fees_discount_id`),
  KEY `student_id` (`student_id`),
  KEY `session_term` (`sessions`,`terms`)
) ENGINE=InnoDB AUTO_INCREMENT=11 DEFAULT CHARSET=latin1;


INSERT INTO fees_discount VALUES
("1","5","6000.00","For pupils who graduated from Life Gate Montessori Basic 5 (PLSAT)","2019/2020","1st Term"),
("2","8","6000.00","For pupils who graduated from Life Gate Montessori Basic 5 (PLSAT)","2019/2020","1st Term"),
("3","4","6000.00","For pupils who graduated from Life Gate Montessori Basic 5 (PLSAT)","2019/2020","1st Term"),
("4","7","6000.00","For pupils who graduated from Life Gate Montessori Basic 5 (PLSAT)","2019/2020","1st Term"),
("5","6","6000.00","For pupils who graduated from Life Gate Montessori Basic 5 (PLSAT)","2019/2020","1st Term"),
("6","3","4500.00","He is the Son of a Staff (JSS 1 FORM TEACHER) in the college","2019/2020","1st Term"),
("7","12","6000.00","LGM Basic 5 Graduant 2019/2020","2019/2020","3rd Term"),
("8","13","6000.00","LGM Basic 5 Graduante","2020/2021","1st Term"),
("9","12","6000.00","LGM Basic 5 Graduante","2020/2021","1st Term"),
("10","14","6000.00","LGM Basic 5 Grandaunt","2020/2021","1st Term");




CREATE TABLE `form_staff_class_subclass` (
  `form_staff_class_subclass_id` int(11) NOT NULL AUTO_INCREMENT,
  `staff_id` int(11) NOT NULL,
  `class_id` int(11) NOT NULL,
  `subclass_id` int(11) NOT NULL,
  PRIMARY KEY (`form_staff_class_subclass_id`)
) ENGINE=InnoDB AUTO_INCREMENT=8 DEFAULT CHARSET=latin1;


INSERT INTO form_staff_class_subclass VALUES
("5","1","1","0"),
("6","11","2","0"),
("7","5","3","0");




CREATE TABLE `grading` (
  `grading_id` int(11) NOT NULL AUTO_INCREMENT,
  `grade_from` int(11) NOT NULL,
  `grade_to` int(11) NOT NULL,
  `grade` char(20) NOT NULL,
  `remark` char(100) NOT NULL,
  `principal_name` char(200) NOT NULL,
  `principal_comment` text NOT NULL,
  `form_staff_comment` text NOT NULL,
  `subject_comment` text NOT NULL,
  `groups` char(20) NOT NULL,
  PRIMARY KEY (`grading_id`)
) ENGINE=InnoDB AUTO_INCREMENT=31 DEFAULT CHARSET=latin1;


INSERT INTO grading VALUES
("1","0","29","F9","FAIL","CHIEF EMEKA NZECHUKWU","VERY BAD RESULT. PLEASE HELP YOURSELF.","WE WILL WORK TOWARDS IMPROVING ON THIS NEXT TERM","FAIR, YOU CAN DO BETTER","lower"),
("2","30","34","F9","FAIL","CHIEF EMEKA NZECHUKWU","VERY BAD RESULT. PLEASE HELP YOURSELF.","WE WILL WORK TOWARDS IMPROVING ON THIS NEXT TERM","FAIR, YOU CAN DO BETTER","lower"),
("3","35","39","F9","FAIL","CHIEF EMEKA NZECHUKWU","VERY BAD RESULT. PLEASE HELP YOURSELF.","WE WILL WORK TOWARDS IMPROVING ON THIS NEXT TERM","FAIR, YOU CAN DO BETTER","lower"),
("4","40","44","E8","VERY POOR","CHIEF EMEKA NZECHUKWU","TOO POOR. TRY BETTER NEXT TIME.","ALMOST THERE, LETS WORK FOR A BETTER RESULT NEXT TERM","FAIR, TRY HARDER NEXT TIME","lower"),
("5","45","49","D7","POOR","CHIEF EMEKA NZECHUKWU","NOT ENOUGH. PLEASE TRY A LITTLE HARDER.","ALMOST THERE, LETS WORK FOR A BETTER RESULT NEXT TERM","FAIR, TRY HARDER NEXT TIME","lower"),
("6","50","54","C6","CREDIT","CHIEF EMEKA NZECHUKWU","VERY CLOSE. PLEASE DO BETTER NEXT TIME.","GOOD RESULT, PUT IN MORE EFFORT","GOOD WORK. WORK HARDER","lower"),
("7","55","59","C5","CREDIT","CHIEF EMEKA NZECHUKWU","WITH MORE HARDWORK, YOU CAN SCALE HIGHER.","GOOD RESULT, PUT IN MORE EFFORT","GOOD WORK. WORK HARDER","lower"),
("8","60","64","C4","CREDIT","CHIEF EMEKA NZECHUKWU","GOOD WORK. YOU CAN BE BETTER.","GOOD RESULT, PUT IN MORE EFFORT","SATISFACTORY. YOU CAN DO BETTER.","lower"),
("9","65","69","B3","GOOD","CHIEF EMEKA NZECHUKWU","GOOD WORK. JUST A LITTLE MORE WORK AND YOU ARE ON TOP.","GOOD RESULT, PUT IN MORE EFFORT","SATISFACTORY. YOU CAN DO BETTER.","lower"),
("10","70","74","B2","VERY GOOD","CHIEF EMEKA NZECHUKWU","KEEP IT UP. THE SKY IS YOUR STARTING POINT.","VERY GOOD PERFORMANCE","VERY GOOD, WELL DONE","lower"),
("11","75","79","B2","VERY GOOD","CHIEF EMEKA NZECHUKWU","KEEP IT UP. THE SKY IS YOUR STARTING POINT.","VERY GOOD PERFORMANCE","VERY GOOD, WELL DONE","lower"),
("12","80","84","A1","EXCELLENT","CHIEF EMEKA NZECHUKWU","EXCEPTIONAL WORK. WONDERFULLY DONE.","EXECELLENT RESULT, KEEP IT UP","EXCELLENT PERFORMANCE, KEEP IT UP","lower"),
("13","85","89","A1","EXCELLENT","CHIEF EMEKA NZECHUKWU","EXCEPTIONAL WORK. WONDERFULLY DONE.","EXECELLENT RESULT, KEEP IT UP","EXCELLENT PERFORMANCE, KEEP IT UP","lower"),
("14","90","94","A1","EXCELLENT","CHIEF EMEKA NZECHUKWU","EXCEPTIONAL WORK. WONDERFULLY DONE.","EXECELLENT RESULT, KEEP IT UP","EXCEPTIONAL WORK. WONDERFULLY DONE.","lower"),
("15","95","100","A1","EXCELLENT","CHIEF EMEKA NZECHUKWU","EXCEPTIONAL WORK. WONDERFULLY DONE.","EXECELLENT RESULT, KEEP IT UP","EXCEPTIONAL WORK. WONDERFULLY DONE.","lower"),
("16","0","29","F9","FAIL","CHIEF EMEKA NZECHUKWU","VERY BAD RESULT. PLEASE HELP YOURSELF.","WE WILL WORK TOWARDS IMPROVING ON THIS NEXT TERM","FAIR, YOU CAN DO BETTER","higher"),
("17","30","34","F9","FAIL","CHIEF EMEKA NZECHUKWU","VERY BAD RESULT. PLEASE HELP YOURSELF.","WE WILL WORK TOWARDS IMPROVING ON THIS NEXT TERM","FAIR, YOU CAN DO BETTER","higher"),
("18","35","39","F9","FAIL","CHIEF EMEKA NZECHUKWU","VERY BAD RESULT. PLEASE HELP YOURSELF.","WE WILL WORK TOWARDS IMPROVING ON THIS NEXT TERM","FAIR, YOU CAN DO BETTER","higher"),
("19","40","44","E8","VERY POOR","CHIEF EMEKA NZECHUKWU","TOO POOR. TRY BETTER NEXT TIME.","ALMOST THERE, LETS WORK FOR A BETTER RESULT NEXT TERM","FAIR, TRY HARDER NEXT TIME","higher"),
("20","45","49","D7","POOR","CHIEF EMEKA NZECHUKWU","NOT ENOUGH. PLEASE TRY A LITTLE HARDER.","ALMOST THERE, LETS WORK FOR A BETTER RESULT NEXT TERM","FAIR, TRY HARDER NEXT TIME","higher"),
("21","50","54","C6","CREDIT","CHIEF EMEKA NZECHUKWU","VERY CLOSE. PLEASE DO BETTER NEXT TIME.","GOOD RESULT, PUT IN MORE EFFORT","GOOD WORK. WORK HARDER","higher"),
("22","55","59","C5","CREDIT","CHIEF EMEKA NZECHUKWU","WITH MORE HARDWORK, YOU CAN SCALE HIGHER.","GOOD RESULT, PUT IN MORE EFFORT","GOOD WORK. WORK HARDER","higher"),
("23","60","64","C4","CREDIT","CHIEF EMEKA NZECHUKWU","GOOD WORK. YOU CAN BE BETTER.","GOOD RESULT, PUT IN MORE EFFORT","SATISFACTORY. YOU CAN DO BETTER.","higher"),
("24","65","69","B3","GOOD","CHIEF EMEKA NZECHUKWU","GOOD WORK. JUST A LITTLE MORE WORK AND YOU ARE ON TOP.","GOOD RESULT, PUT IN MORE EFFORT","SATISFACTORY. YOU CAN DO BETTER.","higher"),
("25","70","74","B2","VERY GOOD","CHIEF EMEKA NZECHUKWU","KEEP IT UP. THE SKY IS YOUR STARTING POINT.","VERY GOOD PERFORMANCE","VERY GOOD, WELL DONE","higher"),
("26","75","79","B2","VERY GOOD","CHIEF EMEKA NZECHUKWU","KEEP IT UP. THE SKY IS YOUR STARTING POINT.","VERY GOOD PERFORMANCE","VERY GOOD, WELL DONE","higher"),
("27","80","84","A1","EXCELLENT","CHIEF EMEKA NZECHUKWU","EXCEPTIONAL WORK. WONDERFULLY DONE.","EXECELLENT RESULT, KEEP IT UP","EXCELLENT PERFORMANCE, KEEP IT UP","higher"),
("28","85","89","A1","EXCELLENT","CHIEF EMEKA NZECHUKWU","EXCEPTIONAL WORK. WONDERFULLY DONE.","EXECELLENT RESULT, KEEP IT UP","EXCELLENT PERFORMANCE, KEEP IT UP","higher"),
("29","90","94","A1","EXCELLENT","CHIEF EMEKA NZECHUKWU","EXCEPTIONAL WORK. WONDERFULLY DONE.","EXECELLENT RESULT, KEEP IT UP","EXCEPTIONAL WORK. WONDERFULLY DONE.","higher"),
("30","95","100","A1","EXCELLENT","CHIEF EMEKA NZECHUKWU","EXCEPTIONAL WORK. WONDERFULLY DONE.","EXECELLENT RESULT, KEEP IT UP","EXCEPTIONAL WORK. WONDERFULLY DONE.","higher");




CREATE TABLE `hostel_rooms` (
  `room_id` int(11) NOT NULL AUTO_INCREMENT,
  `hostel_id` int(11) NOT NULL,
  `room_name` varchar(400) NOT NULL,
  `bedspace_prefix` varchar(400) NOT NULL,
  `room_fee` int(11) NOT NULL,
  `room_space` int(11) NOT NULL,
  `available` int(11) NOT NULL,
  PRIMARY KEY (`room_id`)
) ENGINE=InnoDB DEFAULT CHARSET=latin1;






CREATE TABLE `hostels` (
  `hostel_id` int(11) NOT NULL AUTO_INCREMENT,
  `hostel_name` varchar(400) NOT NULL,
  `hostel_gender` varchar(20) NOT NULL,
  PRIMARY KEY (`hostel_id`)
) ENGINE=InnoDB DEFAULT CHARSET=latin1;






CREATE TABLE `html5_games` (
  `html5_games_id` int(11) NOT NULL AUTO_INCREMENT,
  `html5_games_category_id` int(11) NOT NULL,
  `game_name` varchar(50) NOT NULL,
  `game_image` varchar(150) NOT NULL,
  `game_link` varchar(300) NOT NULL,
  `date_added` datetime NOT NULL DEFAULT current_timestamp(),
  PRIMARY KEY (`html5_games_id`),
  KEY `html5_games_category_id` (`html5_games_category_id`)
) ENGINE=InnoDB AUTO_INCREMENT=11 DEFAULT CHARSET=latin1;


INSERT INTO html5_games VALUES
("1","1","Trivia Quiz","/app/private/images/games/1.jpg","https://html5.gamedistribution.com/66c37511b2d14fe4a2b5ce334c986cae/","2020-04-19 00:56:55"),
("2","1","Quiz Story Animal","https://www.h5games.com/imgs/d1bjj4kazoovdg.cloudfront.net/assets/games/quiz-story-animal/big_icon.jpg","https://games.softgames.com/games/quiz-story-animal/gamesites/6326/locale/en","2020-04-19 00:56:55"),
("3","1","Words with Owl","https://www.h5games.com/imgs/d1bjj4kazoovdg.cloudfront.net/assets/games/words-with-owl/big_icon.jpg","https://games.softgames.com/games/words-with-owl/gamesites/6326/locale/en","2020-04-19 00:56:55"),
("4","2","Waffle Game","https://www.h5games.com/imgs/img.GameDistribution.com/c501bf4c7c124cad960a0bfcedf74e49.jpg","https://html5.gamedistribution.com/c501bf4c7c124cad960a0bfcedf74e49/","2020-04-19 00:56:55"),
("5","2","Word Finder","https://www.h5games.com/imgs/img.GameDistribution.com/06f2049a0e14444eace08ead61b295aa.jpg","https://html5.gamedistribution.com/06f2049a0e14444eace08ead61b295aa/","2020-04-19 00:56:55"),
("6","3","Matt Vs Math","https://www.h5games.com/imgs/d1bjj4kazoovdg.cloudfront.net/assets/games/matt-vs-math/big_icon.jpg","https://games.softgames.com/games/matt-vs-math/gamesites/6326/locale/en","2020-04-19 01:02:09"),
("7","2","Tetra","https://www.h5games.com/imgs/d1bjj4kazoovdg.cloudfront.net/assets/games/2020-tetra/big_icon.jpg","https://games.softgames.com/games/2020-tetra/gamesites/6326/locale/en","2020-04-19 01:02:09"),
("8","2","4 Images and 1 Word","https://www.h5games.com/imgs/img.GameDistribution.com/2fcdda0631b24da5902b0a837d94f21d.jpg","https://html5.gamedistribution.com/2fcdda0631b24da5902b0a837d94f21d/","2020-04-19 01:02:09"),
("9","3","Number Search","https://cdn.htmlgames.com/NumberSearch/img/icon/icon-196x196.png","https://cdn.htmlgames.com/NumberSearch/index.html","2020-04-19 01:06:56"),
("10","3","Numbers In The City","https://cdn.htmlgames.com/NumbersInTheCity/img/icon/icon-196x196.png","https://cdn.htmlgames.com/NumbersInTheCity/index.html","2020-04-19 01:28:16");




CREATE TABLE `html5_games_category` (
  `html5_games_category_id` int(11) NOT NULL AUTO_INCREMENT,
  `category_name` varchar(50) NOT NULL,
  `date_added` datetime NOT NULL DEFAULT current_timestamp(),
  PRIMARY KEY (`html5_games_category_id`)
) ENGINE=InnoDB AUTO_INCREMENT=4 DEFAULT CHARSET=latin1;


INSERT INTO html5_games_category VALUES
("1","WORDS TRIVIA","2020-04-19 00:51:16"),
("2","PUZZLE","2020-04-19 00:51:16"),
("3","MATHS TRIVIA","2020-04-19 00:58:15");




CREATE TABLE `inv_cat` (
  `cat_id` int(11) NOT NULL AUTO_INCREMENT,
  `cat_name` varchar(200) NOT NULL,
  PRIMARY KEY (`cat_id`)
) ENGINE=InnoDB DEFAULT CHARSET=latin1;






CREATE TABLE `inv_payment` (
  `inv_payment_id` int(11) NOT NULL AUTO_INCREMENT,
  `subcat_id` int(11) NOT NULL,
  `student_id` int(11) NOT NULL,
  `transaction_id` int(11) NOT NULL,
  `quantity` int(11) DEFAULT NULL,
  `amount_paid` decimal(15,2) NOT NULL,
  `inv_payment_delete` tinyint(4) NOT NULL DEFAULT 0,
  `sessions` varchar(15) NOT NULL,
  `terms` varchar(15) NOT NULL,
  `date_added` datetime NOT NULL DEFAULT current_timestamp(),
  PRIMARY KEY (`inv_payment_id`),
  KEY `subcat_id` (`subcat_id`),
  KEY `student_id` (`student_id`),
  KEY `transaction_id` (`transaction_id`)
) ENGINE=InnoDB DEFAULT CHARSET=utf8mb4;






CREATE TABLE `inv_stack_payment` (
  `stack_payment_id` int(10) unsigned NOT NULL AUTO_INCREMENT,
  `cat_id` int(11) NOT NULL,
  `subcat_id` int(11) NOT NULL,
  `accountant_id` int(10) unsigned NOT NULL,
  `staff_name` varchar(200) NOT NULL,
  `sold` int(11) NOT NULL,
  `each_amount` decimal(15,2) NOT NULL,
  `sessions` varchar(20) NOT NULL,
  `terms` varchar(20) NOT NULL,
  `date_added` datetime NOT NULL,
  PRIMARY KEY (`stack_payment_id`)
) ENGINE=InnoDB DEFAULT CHARSET=latin1;






CREATE TABLE `inv_stock_cat` (
  `stock_id` int(10) unsigned NOT NULL AUTO_INCREMENT,
  `cat_id` int(11) NOT NULL,
  `accountant_id` int(11) NOT NULL,
  `amount` decimal(15,2) NOT NULL,
  `no_of_stock` int(11) NOT NULL,
  `staff_name` varchar(200) NOT NULL,
  `sessions` varchar(20) NOT NULL,
  `terms` varchar(20) NOT NULL,
  `date_added` datetime NOT NULL,
  PRIMARY KEY (`stock_id`),
  KEY `sessions` (`sessions`),
  KEY `terms` (`terms`)
) ENGINE=InnoDB DEFAULT CHARSET=latin1;






CREATE TABLE `inv_stock_subcat` (
  `inv_stock_subcat_id` int(10) unsigned NOT NULL AUTO_INCREMENT,
  `stock_id` int(11) NOT NULL,
  `cat_id` int(11) NOT NULL,
  `subcat_id` int(11) NOT NULL,
  `no_of_sub` int(11) NOT NULL,
  PRIMARY KEY (`inv_stock_subcat_id`)
) ENGINE=InnoDB DEFAULT CHARSET=latin1;






CREATE TABLE `inv_subcat` (
  `subcat_id` int(10) unsigned NOT NULL AUTO_INCREMENT,
  `cat_id` int(11) NOT NULL,
  `sub_cat_name` varchar(200) NOT NULL,
  `amount` decimal(15,2) NOT NULL,
  PRIMARY KEY (`subcat_id`)
) ENGINE=InnoDB DEFAULT CHARSET=latin1;






CREATE TABLE `inv_transaction` (
  `trans_id` int(11) unsigned NOT NULL AUTO_INCREMENT,
  `cat_id` int(10) unsigned NOT NULL,
  `subcat_id` int(11) NOT NULL,
  `total_no` int(11) NOT NULL,
  `remaining` int(11) NOT NULL,
  `bought` int(11) NOT NULL,
  `total_amount` decimal(15,2) NOT NULL,
  `expected_income` decimal(15,2) NOT NULL,
  `current_income` decimal(15,2) NOT NULL,
  `damaged_items` int(11) NOT NULL,
  `damages` decimal(15,2) NOT NULL,
  `damage_reason` varchar(300) NOT NULL,
  `remove` varchar(10) NOT NULL,
  `sessions` varchar(20) NOT NULL,
  `terms` varchar(20) NOT NULL,
  PRIMARY KEY (`trans_id`),
  KEY `sessions` (`sessions`),
  KEY `terms` (`terms`)
) ENGINE=InnoDB DEFAULT CHARSET=latin1;






CREATE TABLE `ledger_category` (
  `ledger_category_id` int(10) unsigned NOT NULL AUTO_INCREMENT,
  `category_name` varchar(200) NOT NULL,
  `status` varchar(20) NOT NULL,
  PRIMARY KEY (`ledger_category_id`)
) ENGINE=InnoDB DEFAULT CHARSET=latin1;






CREATE TABLE `ledger_expense` (
  `ledger_expense_id` int(11) NOT NULL AUTO_INCREMENT,
  `ledger_category_id` int(11) NOT NULL,
  `accountant_id` int(10) unsigned NOT NULL,
  `staff_name` varchar(200) NOT NULL,
  `amount_spent` decimal(15,2) NOT NULL,
  `f_explain` varchar(400) NOT NULL,
  `sessions` varchar(20) NOT NULL,
  `terms` varchar(20) NOT NULL,
  `date_added` datetime NOT NULL,
  PRIMARY KEY (`ledger_expense_id`),
  KEY `ledger_category_id` (`ledger_category_id`),
  KEY `sessions` (`sessions`),
  KEY `terms` (`terms`)
) ENGINE=InnoDB DEFAULT CHARSET=latin1;






CREATE TABLE `ledger_income` (
  `ledger_income_id` int(10) unsigned NOT NULL AUTO_INCREMENT,
  `ledger_category_id` int(10) unsigned NOT NULL,
  `accountant_id` int(10) unsigned NOT NULL,
  `staff_name` varchar(200) NOT NULL,
  `amount_gotten` decimal(15,2) unsigned NOT NULL,
  `f_explain` varchar(400) NOT NULL,
  `sessions` varchar(20) NOT NULL,
  `terms` varchar(20) NOT NULL,
  `date_added` datetime NOT NULL,
  PRIMARY KEY (`ledger_income_id`),
  KEY `sessions` (`sessions`),
  KEY `terms` (`terms`),
  KEY `ledger_category_id` (`ledger_category_id`)
) ENGINE=InnoDB DEFAULT CHARSET=latin1;






CREATE TABLE `ledger_info` (
  `ledger_info_id` int(10) unsigned NOT NULL AUTO_INCREMENT,
  `ledger_category_id` int(10) unsigned NOT NULL,
  `income` decimal(15,2) NOT NULL,
  `expense` decimal(15,2) NOT NULL,
  `sessions` varchar(20) NOT NULL,
  `terms` varchar(20) NOT NULL,
  PRIMARY KEY (`ledger_info_id`),
  KEY `sessions` (`sessions`),
  KEY `terms` (`terms`),
  KEY `ledger_category_id` (`ledger_category_id`)
) ENGINE=InnoDB DEFAULT CHARSET=latin1;






CREATE TABLE `lesson_note_template` (
  `lesson_note_template_id` int(11) NOT NULL AUTO_INCREMENT,
  `class_id` int(11) NOT NULL,
  `subclass_id` int(11) NOT NULL,
  `subject_id` int(11) NOT NULL,
  `topic` varchar(500) NOT NULL,
  `date` datetime NOT NULL,
  `ages` varchar(500) NOT NULL,
  `no_of_period` varchar(500) NOT NULL,
  `specific_objectives` varchar(500) NOT NULL,
  `instructional_materials` varchar(500) NOT NULL,
  `resource_materials` varchar(500) NOT NULL,
  `teaching_methods` varchar(500) NOT NULL,
  `previous_knowledge` varchar(500) NOT NULL,
  `teachers_intro` varchar(500) NOT NULL,
  `students_intro` varchar(500) NOT NULL,
  `learning_intro` varchar(500) NOT NULL,
  `teachers_step_one` varchar(500) NOT NULL,
  `students_step_one` varchar(500) NOT NULL,
  `learning_step_one` varchar(500) NOT NULL,
  `teachers_step_two` varchar(500) NOT NULL,
  `students_step_two` varchar(500) NOT NULL,
  `learning_step_two` varchar(500) NOT NULL,
  `teachers_step_three` varchar(500) NOT NULL,
  `students_step_three` varchar(500) NOT NULL,
  `learning_step_three` varchar(500) NOT NULL,
  `teachers_step_four` varchar(500) NOT NULL,
  `students_step_four` varchar(500) NOT NULL,
  `learning_step_four` varchar(500) NOT NULL,
  `teachers_classwork` varchar(500) NOT NULL,
  `students_classwork` varchar(500) NOT NULL,
  `learning_classwork` varchar(500) NOT NULL,
  `teachers_assignment` varchar(500) NOT NULL,
  `students_assignment` varchar(500) NOT NULL,
  `learning_assignment` varchar(500) NOT NULL,
  `teachers_conclusion` varchar(500) NOT NULL,
  `students_conclusion` varchar(500) NOT NULL,
  `learning_conclusion` varchar(500) NOT NULL,
  `summary_note` text NOT NULL,
  `date_created` datetime NOT NULL DEFAULT current_timestamp(),
  PRIMARY KEY (`lesson_note_template_id`),
  KEY `class_id` (`class_id`,`subclass_id`,`subject_id`)
) ENGINE=InnoDB DEFAULT CHARSET=latin1;






CREATE TABLE `new_fees_class` (
  `new_fees_class_id` int(11) NOT NULL AUTO_INCREMENT,
  `class_id` int(11) NOT NULL,
  `amount` decimal(15,2) NOT NULL,
  `term` varchar(20) NOT NULL,
  PRIMARY KEY (`new_fees_class_id`),
  KEY `term` (`term`),
  KEY `class_id` (`class_id`)
) ENGINE=InnoDB AUTO_INCREMENT=19 DEFAULT CHARSET=latin1;


INSERT INTO new_fees_class VALUES
("1","1","10000.00","1st Term"),
("2","1","10000.00","2nd Term"),
("3","1","10000.00","3rd Term"),
("4","2","10000.00","1st Term"),
("5","2","10000.00","2nd Term"),
("6","2","10000.00","3rd Term"),
("7","3","0.00","1st Term"),
("8","3","0.00","2nd Term"),
("9","3","0.00","3rd Term"),
("10","4","0.00","1st Term"),
("11","4","0.00","2nd Term"),
("12","4","0.00","3rd Term"),
("13","5","0.00","1st Term"),
("14","5","0.00","2nd Term"),
("15","5","0.00","3rd Term"),
("16","6","0.00","1st Term"),
("17","6","0.00","2nd Term"),
("18","6","0.00","3rd Term");




CREATE TABLE `news` (
  `news_id` int(11) NOT NULL AUTO_INCREMENT,
  `class_id` int(11) NOT NULL,
  `subclass_id` int(11) NOT NULL,
  `news_title` varchar(300) NOT NULL,
  `news_message` text NOT NULL,
  `news_category` varchar(11) NOT NULL,
  `news_image` varchar(500) NOT NULL,
  `news_date` datetime NOT NULL,
  PRIMARY KEY (`news_id`),
  KEY `news_category` (`news_category`),
  KEY `class_id` (`class_id`)
) ENGINE=InnoDB AUTO_INCREMENT=8 DEFAULT CHARSET=latin1;


INSERT INTO news VALUES
("1","0","0","RESULT FOR 2019/2020 1ST TERM IS READY !!!","<p style=\"text-align: justify;\">All students and parents of Life Gate Montessori School should be informed that the result of <strong>2019/2020 1st Term</strong> has been published. Please you are required to complete all fee payment before checking your result.</p>
\n		<p style=\"text-align: justify;\">&nbsp;</p>
\n		<p style=\"text-align: center;\"><strong><span style=\"text-decoration: underline;\">OUTSTANDING STUDENTS</span></strong></p>
\n		<p style=\"text-align: justify;\">From the outcome of the result, these are the best students in their various classes:</p>
\n		<p style=\"text-align: justify;\">&nbsp;</p><p style=\"text-align: justify;\">JSS1: <strong>EJIOGU UDOCHUKWU </strong></p>
\n						<p style=\"text-align: justify;\">&nbsp;</p>
\n		<p style=\"text-align: justify;\">&nbsp;</p>
\n		<p style=\"text-align: justify;\">Signed</p>
\n		<p style=\"text-align: justify;\">Management</p>","secondary","/private/images/default_result.png","2019-12-13 22:06:19"),
("2","0","0","RESULT FOR 2019/2020 2ND TERM IS READY !!!","<p style=\"text-align: justify;\">All students and parents of Life Gate College should be informed that the result of <strong>2019/2020 2nd Term</strong> has been published. Please you are required to complete all fee payment before checking your result.</p>
\n		<p style=\"text-align: justify;\">&nbsp;</p>
\n		<p style=\"text-align: center;\"><strong><span style=\"text-decoration: underline;\">OUTSTANDING STUDENTS</span></strong></p>
\n		<p style=\"text-align: justify;\">From the outcome of the result, these are the best students in their various classes:</p>
\n		<p style=\"text-align: justify;\">&nbsp;</p><p style=\"text-align: justify;\">JSS1: <strong>EJIOGU UDOCHUKWU </strong></p>
\n						<p style=\"text-align: justify;\">&nbsp;</p>
\n		<p style=\"text-align: justify;\">&nbsp;</p>
\n		<p style=\"text-align: justify;\">Signed</p>
\n		<p style=\"text-align: justify;\">Management</p>","secondary","/private/images/default_result.png","2020-04-04 07:34:51"),
("3","0","0","RESULT FOR 2019/2020 3RD TERM IS READY !!!","<p style=\"text-align: justify;\">All students and parents of Life Gate College should be informed that the result of <strong>2019/2020 3rd Term</strong> has been published. Please you are required to complete all fee payment before checking your result.</p>
\n		<p style=\"text-align: justify;\">&nbsp;</p>
\n		<p style=\"text-align: center;\"><strong><span style=\"text-decoration: underline;\">OUTSTANDING STUDENTS</span></strong></p>
\n		<p style=\"text-align: justify;\">From the outcome of the result, these are the best students in their various classes:</p>
\n		<p style=\"text-align: justify;\">&nbsp;</p><p style=\"text-align: justify;\">JSS1: <strong>EJIOGU UDOCHUKWU </strong></p>
\n						<p style=\"text-align: justify;\">&nbsp;</p>
\n		<p style=\"text-align: justify;\">&nbsp;</p>
\n		<p style=\"text-align: justify;\">Signed</p>
\n		<p style=\"text-align: justify;\">Management</p>","secondary","/private/images/default_result.png","2020-10-22 16:33:50"),
("4","0","0","RESULT FOR 2020/2021 1ST TERM IS READY !!!","<p style=\"text-align: justify;\">All students and parents of Life Gate College should be informed that the result of <strong>2020/2021 1st Term</strong> has been published. Please you are required to complete all fee payment before checking your result.</p>
\n		<p style=\"text-align: justify;\">&nbsp;</p>
\n		<p style=\"text-align: center;\"><strong><span style=\"text-decoration: underline;\">OUTSTANDING STUDENTS</span></strong></p>
\n		<p style=\"text-align: justify;\">From the outcome of the result, these are the best students in their various classes:</p>
\n		<p style=\"text-align: justify;\">&nbsp;</p><p style=\"text-align: justify;\">JSS1: <strong>ONYEDIKACHI OGECHUKWU </strong></p>
\n						<p style=\"text-align: justify;\">&nbsp;</p><p style=\"text-align: justify;\">JSS2: <strong>EJIOGU UDOCHUKWU </strong></p>
\n						<p style=\"text-align: justify;\">&nbsp;</p>
\n		<p style=\"text-align: justify;\">&nbsp;</p>
\n		<p style=\"text-align: justify;\">Signed</p>
\n		<p style=\"text-align: justify;\">Management</p>","secondary","/private/images/default_result.png","2021-03-01 12:16:47"),
("5","0","0","RESULT FOR 2020/2021 2ND TERM IS READY !!!","<p style=\"text-align: justify;\">All students and parents of Life Gate College should be informed that the result of <strong>2020/2021 2nd Term</strong> has been published. Please you are required to complete all fee payment before checking your result.</p>
\n		<p style=\"text-align: justify;\">&nbsp;</p>
\n		<p style=\"text-align: center;\"><strong><span style=\"text-decoration: underline;\">OUTSTANDING STUDENTS</span></strong></p>
\n		<p style=\"text-align: justify;\">From the outcome of the result, these are the best students in their various classes:</p>
\n		<p style=\"text-align: justify;\">&nbsp;</p><p style=\"text-align: justify;\">JSS1: <strong>ONYEDIKACHI OGECHUKWU </strong></p>
\n						<p style=\"text-align: justify;\">&nbsp;</p><p style=\"text-align: justify;\">JSS2: <strong>EJIOGU UDOCHUKWU </strong></p>
\n						<p style=\"text-align: justify;\">&nbsp;</p>
\n		<p style=\"text-align: justify;\">&nbsp;</p>
\n		<p style=\"text-align: justify;\">Signed</p>
\n		<p style=\"text-align: justify;\">Management</p>","secondary","/private/images/default_result.png","2021-05-04 14:42:54"),
("6","0","0","RESULT FOR 2020/2021 3RD TERM IS READY !!!","<p style=\"text-align: justify;\">All students and parents of Life Gate College should be informed that the result of <strong>2020/2021 3rd Term</strong> has been published. Please you are required to complete all fee payment before checking your result.</p>
\n		<p style=\"text-align: justify;\">&nbsp;</p>
\n		<p style=\"text-align: center;\"><strong><span style=\"text-decoration: underline;\">OUTSTANDING STUDENTS</span></strong></p>
\n		<p style=\"text-align: justify;\">From the outcome of the result, these are the best students in their various classes:</p>
\n		<p style=\"text-align: justify;\">&nbsp;</p><p style=\"text-align: justify;\">JSS1: <strong>ONYEDIKACHI OGECHUKWU </strong></p>
\n						<p style=\"text-align: justify;\">&nbsp;</p><p style=\"text-align: justify;\">JSS2: <strong>EJIOGU UDOCHUKWU </strong></p>
\n						<p style=\"text-align: justify;\">&nbsp;</p>
\n		<p style=\"text-align: justify;\">&nbsp;</p>
\n		<p style=\"text-align: justify;\">Signed</p>
\n		<p style=\"text-align: justify;\">Management</p>","secondary","/private/images/default_result.png","2021-08-17 16:02:41"),
("7","0","0","RESULT FOR 2021/2022 1ST TERM IS READY !!!","<p style=\"text-align: justify;\">All students and parents of Life Gate College should be informed that the result of <strong>2021/2022 1st Term</strong> has been published. Please you are required to complete all fee payment before checking your result.</p>
\n		<p style=\"text-align: justify;\">&nbsp;</p>
\n		<p style=\"text-align: center;\"><strong><span style=\"text-decoration: underline;\">OUTSTANDING STUDENTS</span></strong></p>
\n		<p style=\"text-align: justify;\">From the outcome of the result, these are the best students in their various classes:</p>
\n		<p style=\"text-align: justify;\">&nbsp;</p><p style=\"text-align: justify;\">JSS1: <strong>NWOHA MIRACLE </strong></p>
\n						<p style=\"text-align: justify;\">&nbsp;</p><p style=\"text-align: justify;\">JSS2: <strong>ONYEDIKACHI OGECHUKWU </strong></p>
\n						<p style=\"text-align: justify;\">&nbsp;</p><p style=\"text-align: justify;\">JSS3: <strong>NWABUKO CHIDERA </strong></p>
\n						<p style=\"text-align: justify;\">&nbsp;</p>
\n		<p style=\"text-align: justify;\">&nbsp;</p>
\n		<p style=\"text-align: justify;\">Signed</p>
\n		<p style=\"text-align: justify;\">Management</p>","secondary","/private/images/default_result.png","2021-12-22 10:08:48");




CREATE TABLE `news_images` (
  `news_images_id` int(11) NOT NULL AUTO_INCREMENT,
  `news_id` int(11) NOT NULL,
  `image_name` varchar(300) NOT NULL,
  `image_dir` varchar(300) NOT NULL,
  PRIMARY KEY (`news_images_id`),
  KEY `news_id` (`news_id`)
) ENGINE=InnoDB DEFAULT CHARSET=latin1;






CREATE TABLE `notify` (
  `notify_id` int(11) NOT NULL AUTO_INCREMENT,
  `notify_collection_id` int(10) unsigned NOT NULL,
  `person_id` int(11) NOT NULL,
  `notify_table_name` varchar(20) NOT NULL,
  `notify_title` varchar(300) NOT NULL,
  `notify_message` text NOT NULL,
  `notify_status` varchar(100) NOT NULL,
  `notify_icon` varchar(100) NOT NULL,
  `notify_color` varchar(20) NOT NULL,
  `notify_date` datetime NOT NULL,
  PRIMARY KEY (`notify_id`),
  KEY `notify_collection_id` (`notify_collection_id`),
  KEY `notify_date` (`notify_date`)
) ENGINE=InnoDB DEFAULT CHARSET=latin1;






CREATE TABLE `notify_attachments` (
  `notify_attachment_id` int(11) NOT NULL AUTO_INCREMENT,
  `notify_collection_id` int(11) NOT NULL,
  `attachment_name` varchar(300) NOT NULL,
  `attachment_dir` varchar(300) NOT NULL,
  PRIMARY KEY (`notify_attachment_id`),
  KEY `notify_collection_id` (`notify_collection_id`)
) ENGINE=InnoDB DEFAULT CHARSET=latin1;






CREATE TABLE `notify_collection` (
  `notify_collection_id` int(10) unsigned NOT NULL AUTO_INCREMENT,
  `notify_table_name` varchar(20) NOT NULL,
  `notify_title` varchar(300) NOT NULL,
  `notify_message` text NOT NULL,
  `notify_icon` varchar(100) NOT NULL,
  `notify_color` varchar(20) NOT NULL,
  `notify_date` datetime NOT NULL,
  PRIMARY KEY (`notify_collection_id`)
) ENGINE=InnoDB DEFAULT CHARSET=latin1;






CREATE TABLE `order_scratch_card` (
  `order_scratch_card_id` int(10) unsigned NOT NULL AUTO_INCREMENT,
  `transaction_id` varchar(20) NOT NULL,
  `number_bought` int(10) unsigned NOT NULL,
  `amount` varchar(20) NOT NULL,
  `status` varchar(20) NOT NULL,
  `payment_mode` varchar(5) NOT NULL,
  `date_bought` datetime NOT NULL,
  PRIMARY KEY (`order_scratch_card_id`),
  UNIQUE KEY `transaction_id` (`transaction_id`),
  KEY `mode` (`status`)
) ENGINE=InnoDB DEFAULT CHARSET=latin1;






CREATE TABLE `other_fees_cat` (
  `other_fees_cat_id` int(11) NOT NULL AUTO_INCREMENT,
  `other_fees_cat_name` varchar(200) NOT NULL,
  `date_added` datetime NOT NULL DEFAULT current_timestamp(),
  PRIMARY KEY (`other_fees_cat_id`),
  KEY `other_fees_cat_name` (`other_fees_cat_name`(191))
) ENGINE=InnoDB DEFAULT CHARSET=utf8mb4;






CREATE TABLE `other_fees_subcat` (
  `other_fees_subcat_id` int(11) NOT NULL AUTO_INCREMENT,
  `other_fees_cat_id` int(11) NOT NULL,
  `other_fees_subcat_name` varchar(200) NOT NULL,
  `other_fees_subcat_amount` varchar(200) NOT NULL,
  `date_added` datetime NOT NULL DEFAULT current_timestamp(),
  PRIMARY KEY (`other_fees_subcat_id`),
  KEY `other_fees_cat_id` (`other_fees_cat_id`)
) ENGINE=InnoDB DEFAULT CHARSET=utf8mb4;






CREATE TABLE `other_fees_subcat_payment` (
  `other_fees_subcat_payment_id` int(11) NOT NULL AUTO_INCREMENT,
  `student_id` int(11) NOT NULL,
  `transaction_id` varchar(20) NOT NULL,
  `other_fees_subcat_id` int(11) NOT NULL,
  `amount_paid` decimal(15,2) NOT NULL,
  `other_fees_delete` tinyint(4) NOT NULL DEFAULT 0,
  `sessions` varchar(15) NOT NULL,
  `terms` varchar(15) NOT NULL,
  `date_added` datetime NOT NULL DEFAULT current_timestamp(),
  PRIMARY KEY (`other_fees_subcat_payment_id`),
  KEY `student_id` (`student_id`),
  KEY `other_fees_subcat_id` (`other_fees_subcat_id`),
  KEY `sessions` (`sessions`,`terms`),
  KEY `transaction_id` (`transaction_id`),
  KEY `other_fees_delete` (`other_fees_delete`)
) ENGINE=InnoDB DEFAULT CHARSET=utf8mb4;






CREATE TABLE `parent_student_school` (
  `parent_student_school_id` int(11) NOT NULL AUTO_INCREMENT,
  `parent_id` int(11) NOT NULL,
  `student_id` int(11) NOT NULL,
  `school_id` int(11) NOT NULL,
  PRIMARY KEY (`parent_student_school_id`)
) ENGINE=InnoDB DEFAULT CHARSET=latin1;






CREATE TABLE `parents` (
  `parent_id` int(11) NOT NULL AUTO_INCREMENT,
  `user_key` varchar(100) DEFAULT NULL,
  `school_id` int(11) NOT NULL,
  `parent_name` varchar(200) NOT NULL,
  `serial_number` varchar(100) NOT NULL,
  `pass` char(255) NOT NULL,
  `first_password` varchar(200) NOT NULL,
  `new_password` varchar(255) NOT NULL,
  `email` varchar(200) NOT NULL,
  `main_phonenumber` bigint(20) NOT NULL,
  `phone_number2` bigint(20) NOT NULL,
  `phone_number3` bigint(20) NOT NULL,
  `occupation` varchar(200) NOT NULL,
  `home_address` text NOT NULL,
  `office_address` text NOT NULL,
  `state_origin` varchar(200) NOT NULL,
  `religion` varchar(200) NOT NULL,
  `local_govt` varchar(200) NOT NULL,
  `country` varchar(200) NOT NULL,
  `sent_serial_pass_sms` char(3) NOT NULL,
  `login_attempt` int(11) NOT NULL,
  `login_last_time` int(11) unsigned NOT NULL,
  `forget_token` varchar(200) NOT NULL,
  `activation` varchar(50) NOT NULL,
  `date_created` datetime NOT NULL DEFAULT current_timestamp(),
  PRIMARY KEY (`parent_id`),
  UNIQUE KEY `user_key` (`user_key`),
  KEY `activation` (`activation`),
  KEY `sent_serial_pass_sms` (`sent_serial_pass_sms`),
  KEY `religion` (`religion`),
  KEY `date_created` (`date_created`)
) ENGINE=InnoDB DEFAULT CHARSET=latin1;






CREATE TABLE `plans` (
  `plan_id` int(11) NOT NULL AUTO_INCREMENT,
  `plan_name` varchar(100) NOT NULL,
  `amount` decimal(15,2) NOT NULL,
  `date_added` datetime NOT NULL,
  PRIMARY KEY (`plan_id`)
) ENGINE=InnoDB AUTO_INCREMENT=5 DEFAULT CHARSET=latin1;


INSERT INTO plans VALUES
("1","TRANSPORT FEE ONE WAY WITHIN LOCATION","2500.00","2020-02-17 13:48:15"),
("2","TRANSPORT FEE TWO WAY WITHIN LOCATION","5000.00","2020-02-17 13:48:48"),
("3","TRANSPORT FEE ONE WAY OUTSIDE OUR LOCATION","3000.00","2020-02-17 13:49:32"),
("4","TRANSPORT FEE TWO WAY OUTSIDE OUR LOCATION","6000.00","2020-02-17 13:50:05");




CREATE TABLE `print_slip_dates` (
  `print_slip_dates_id` int(11) NOT NULL AUTO_INCREMENT,
  `type` varchar(30) NOT NULL,
  `date_printed` date NOT NULL,
  PRIMARY KEY (`print_slip_dates_id`)
) ENGINE=InnoDB AUTO_INCREMENT=2 DEFAULT CHARSET=latin1;


INSERT INTO print_slip_dates VALUES
("1","students","2019-12-13");




CREATE TABLE `push_subscriptions` (
  `push_subscriptions_id` int(11) NOT NULL AUTO_INCREMENT,
  `endpoint` varchar(500) NOT NULL,
  `p256dh` varchar(500) NOT NULL,
  `auth` varchar(500) NOT NULL,
  `date_created` datetime NOT NULL DEFAULT current_timestamp(),
  `user_id` int(11) NOT NULL,
  `school_id` int(11) NOT NULL,
  `table_name` varchar(100) NOT NULL,
  `user_key` varchar(100) NOT NULL,
  `browser_token` char(32) NOT NULL,
  PRIMARY KEY (`push_subscriptions_id`),
  KEY `user_id` (`user_id`),
  KEY `school_id` (`school_id`),
  KEY `table_name` (`table_name`),
  KEY `user_key` (`user_key`),
  KEY `browser_token` (`browser_token`)
) ENGINE=InnoDB DEFAULT CHARSET=latin1;






CREATE TABLE `question_bank` (
  `question_bank_id` int(11) NOT NULL AUTO_INCREMENT,
  `question_bank_title` varchar(30) NOT NULL,
  `class_id` int(11) NOT NULL,
  `subject_id` int(11) NOT NULL,
  `question_bank_type` varchar(20) NOT NULL,
  `date_added` datetime NOT NULL DEFAULT current_timestamp(),
  PRIMARY KEY (`question_bank_id`),
  KEY `class_id` (`class_id`),
  KEY `subject_id` (`subject_id`)
) ENGINE=InnoDB DEFAULT CHARSET=utf8;






CREATE TABLE `question_lead` (
  `question_lead_id` int(11) NOT NULL AUTO_INCREMENT,
  `question_bank_id` int(11) NOT NULL,
  `question_lead_title` varchar(300) NOT NULL,
  `question_lead_description` text NOT NULL,
  `question_lead_dir` varchar(500) NOT NULL,
  `google_drive_id` varchar(200) NOT NULL,
  `question_lead_embed_dir` varchar(300) NOT NULL,
  `question_lead_thumb_dir` varchar(300) NOT NULL,
  `date_added` datetime NOT NULL DEFAULT current_timestamp(),
  PRIMARY KEY (`question_lead_id`),
  KEY `question_bank_id` (`question_bank_id`)
) ENGINE=InnoDB DEFAULT CHARSET=utf8;






CREATE TABLE `question_options` (
  `question_options_id` int(11) NOT NULL AUTO_INCREMENT,
  `question_id` int(11) NOT NULL,
  `google_drive_id` varchar(200) NOT NULL,
  `option_text` varchar(500) NOT NULL,
  `option_dir` varchar(300) NOT NULL,
  `option_embed_dir` varchar(300) NOT NULL,
  `option_thumb_dir` varchar(200) NOT NULL,
  `answer` tinyint(4) NOT NULL,
  `date_added` datetime NOT NULL DEFAULT current_timestamp(),
  PRIMARY KEY (`question_options_id`),
  KEY `question_id` (`question_id`)
) ENGINE=InnoDB DEFAULT CHARSET=utf8mb4;






CREATE TABLE `questions` (
  `question_id` int(11) NOT NULL AUTO_INCREMENT,
  `question_bank_id` int(11) NOT NULL,
  `question_lead_id` int(11) NOT NULL,
  `google_drive_id` varchar(200) NOT NULL,
  `correct_answer` int(11) NOT NULL,
  `incorrect_answer` int(11) NOT NULL,
  `question_type` varchar(30) NOT NULL,
  `question_text` text NOT NULL,
  `question_dir` varchar(500) NOT NULL,
  `question_embed_dir` varchar(200) NOT NULL,
  `question_thumb_dir` varchar(200) NOT NULL,
  `date_added` datetime NOT NULL DEFAULT current_timestamp(),
  PRIMARY KEY (`question_id`),
  KEY `question_bank_id` (`question_bank_id`),
  KEY `question_lead_id` (`question_lead_id`)
) ENGINE=InnoDB DEFAULT CHARSET=utf8;






CREATE TABLE `received_students` (
  `received_students_id` int(11) NOT NULL AUTO_INCREMENT,
  `old_student_id` int(11) NOT NULL,
  `new_student_id` int(11) NOT NULL,
  `parent_id` int(11) NOT NULL,
  `student_name` varchar(300) NOT NULL,
  `class_id` int(11) NOT NULL,
  `old_class_name` varchar(100) NOT NULL,
  `new_class_name` varchar(100) NOT NULL,
  `old_serial_number` varchar(30) NOT NULL,
  `new_serial_number` varchar(30) NOT NULL,
  `school_id` int(11) NOT NULL,
  `database_name` varchar(300) NOT NULL,
  `status` varchar(20) NOT NULL,
  `date_created` datetime NOT NULL,
  PRIMARY KEY (`received_students_id`),
  KEY `status` (`status`)
) ENGINE=InnoDB DEFAULT CHARSET=latin1;






CREATE TABLE `remark_result` (
  `remark_result_id` int(10) unsigned NOT NULL AUTO_INCREMENT,
  `remark_result_name` varchar(300) NOT NULL,
  `class_id` int(10) unsigned NOT NULL,
  `terms` varchar(20) NOT NULL,
  `activation` varchar(20) NOT NULL DEFAULT 'activated',
  PRIMARY KEY (`remark_result_id`),
  KEY `class_id` (`class_id`),
  KEY `activation` (`activation`)
) ENGINE=InnoDB DEFAULT CHARSET=latin1;






CREATE TABLE `remark_result_cat` (
  `remark_result_cat_id` int(10) unsigned NOT NULL AUTO_INCREMENT,
  `remark_result_id` int(10) unsigned NOT NULL,
  `remark_result_cat_name` varchar(300) NOT NULL,
  `date_created` datetime NOT NULL DEFAULT current_timestamp(),
  PRIMARY KEY (`remark_result_cat_id`),
  KEY `remark_result_id` (`remark_result_id`),
  KEY `date_created` (`date_created`)
) ENGINE=InnoDB DEFAULT CHARSET=latin1;






CREATE TABLE `remark_result_column` (
  `remark_result_column_id` int(10) unsigned NOT NULL AUTO_INCREMENT,
  `remark_result_id` int(10) unsigned NOT NULL,
  `remark_result_column_name` varchar(300) NOT NULL,
  PRIMARY KEY (`remark_result_column_id`),
  KEY `remark_result_id` (`remark_result_id`)
) ENGINE=InnoDB DEFAULT CHARSET=latin1;






CREATE TABLE `remark_result_mark` (
  `remark_result_mark_id` int(10) unsigned NOT NULL AUTO_INCREMENT,
  `remark_result_id` int(10) unsigned NOT NULL,
  `grade_from` int(11) NOT NULL,
  `grade_to` int(11) NOT NULL,
  `remark_result_mark_name` varchar(300) NOT NULL,
  `remark_result_mark_desc` varchar(500) NOT NULL,
  PRIMARY KEY (`remark_result_mark_id`),
  KEY `remark_result_id` (`remark_result_id`)
) ENGINE=InnoDB DEFAULT CHARSET=latin1;






CREATE TABLE `remark_result_student` (
  `remark_result_student_id` int(10) unsigned NOT NULL AUTO_INCREMENT,
  `student_id` int(10) unsigned NOT NULL,
  `class_id` int(10) unsigned NOT NULL,
  `subclass_id` int(10) unsigned NOT NULL,
  `remark_result_id` int(10) unsigned NOT NULL,
  `remark_result_cat_id` int(10) unsigned NOT NULL,
  `remark_result_subcat_id` int(10) unsigned NOT NULL,
  `remark_result_column_id` int(10) unsigned NOT NULL,
  `remark_result_mark_id` int(10) unsigned NOT NULL,
  `class_name` varchar(300) NOT NULL,
  `subclass_name` varchar(300) NOT NULL,
  `remark_result_name` varchar(300) NOT NULL,
  `remark_result_cat_name` varchar(300) NOT NULL,
  `remark_result_subcat_name` varchar(300) NOT NULL,
  `remark_result_column_name` varchar(300) NOT NULL,
  `remark_result_mark_name` varchar(300) NOT NULL,
  `remark_result_mark_desc` varchar(500) NOT NULL,
  `score` int(11) DEFAULT NULL,
  `student_attendance` int(11) DEFAULT NULL,
  `total_attendance` int(11) DEFAULT NULL,
  `form_staff_name` varchar(200) NOT NULL,
  `form_staff_comment` text NOT NULL,
  `principal_name` varchar(200) NOT NULL,
  `principal_comment` text NOT NULL,
  `principal_signature` varchar(400) NOT NULL,
  `scratch_card_number` varchar(16) NOT NULL,
  `next_term_begins` date NOT NULL,
  `status` varchar(20) NOT NULL,
  `publish_result` varchar(20) NOT NULL DEFAULT 'not_published',
  `sessions` varchar(20) NOT NULL,
  `terms` varchar(20) NOT NULL,
  PRIMARY KEY (`remark_result_student_id`),
  KEY `student_id` (`student_id`,`class_id`,`subclass_id`,`remark_result_id`,`remark_result_cat_id`,`remark_result_subcat_id`,`remark_result_column_id`,`remark_result_mark_id`),
  KEY `status` (`status`),
  KEY `publish_result` (`publish_result`)
) ENGINE=InnoDB DEFAULT CHARSET=latin1;






CREATE TABLE `remark_result_subcat` (
  `remark_result_subcat_id` int(10) unsigned NOT NULL AUTO_INCREMENT,
  `remark_result_id` int(10) unsigned NOT NULL,
  `remark_result_cat_id` int(10) unsigned NOT NULL,
  `remark_result_subcat_name` varchar(300) NOT NULL,
  PRIMARY KEY (`remark_result_subcat_id`),
  KEY `remark_result_id` (`remark_result_id`,`remark_result_cat_id`)
) ENGINE=InnoDB DEFAULT CHARSET=latin1;






CREATE TABLE `result_class` (
  `result_class_id` int(11) NOT NULL AUTO_INCREMENT,
  `class_id` int(11) NOT NULL,
  `class_name` varchar(30) NOT NULL,
  `generate_result` varchar(30) NOT NULL,
  `skip_result` varchar(20) NOT NULL,
  `sessions` varchar(20) NOT NULL,
  `terms` varchar(20) NOT NULL,
  PRIMARY KEY (`result_class_id`),
  KEY `class_id` (`class_id`,`generate_result`,`sessions`,`terms`),
  KEY `skip_result` (`skip_result`)
) ENGINE=InnoDB AUTO_INCREMENT=55 DEFAULT CHARSET=latin1;


INSERT INTO result_class VALUES
("1","1","JSS1","generated","not_skipped","2019/2020","1st Term"),
("2","2","JSS2","generated","not_skipped","2019/2020","1st Term"),
("3","3","JSS3","generated","not_skipped","2019/2020","1st Term"),
("4","4","SSS1","generated","not_skipped","2019/2020","1st Term"),
("5","5","SSS2","generated","not_skipped","2019/2020","1st Term"),
("6","6","SSS3","generated","not_skipped","2019/2020","1st Term"),
("7","1","JSS1 A","generated","not_skipped","2019/2020","1st Term"),
("8","2","JSS2","generated","not_skipped","2019/2020","1st Term"),
("9","3","JSS3","generated","not_skipped","2019/2020","1st Term"),
("10","4","SS1","generated","not_skipped","2019/2020","1st Term"),
("11","5","SS2","generated","not_skipped","2019/2020","1st Term"),
("12","6","SS3","generated","not_skipped","2019/2020","1st Term"),
("13","1","JSS1","generated","not_skipped","2019/2020","2nd Term"),
("14","2","JSS2","generated","not_skipped","2019/2020","2nd Term"),
("15","3","JSS3","generated","not_skipped","2019/2020","2nd Term"),
("16","4","SS1","generated","not_skipped","2019/2020","2nd Term"),
("17","5","SS2","generated","not_skipped","2019/2020","2nd Term"),
("18","6","SS3","generated","not_skipped","2019/2020","2nd Term"),
("19","1","JSS1","generated","not_skipped","2019/2020","3rd Term"),
("20","2","JSS2","generated","not_skipped","2019/2020","3rd Term"),
("21","3","JSS3","generated","not_skipped","2019/2020","3rd Term"),
("22","4","SS1","generated","not_skipped","2019/2020","3rd Term"),
("23","5","SS2","generated","not_skipped","2019/2020","3rd Term"),
("24","6","SS3","generated","not_skipped","2019/2020","3rd Term"),
("25","1","JSS1","generated","not_skipped","2020/2021","1st Term"),
("26","2","JSS2","generated","not_skipped","2020/2021","1st Term"),
("27","3","JSS3","generated","not_skipped","2020/2021","1st Term"),
("28","4","SS1","generated","not_skipped","2020/2021","1st Term"),
("29","5","SS2","generated","not_skipped","2020/2021","1st Term"),
("30","6","SS3","generated","not_skipped","2020/2021","1st Term"),
("31","1","JSS1","generated","not_skipped","2020/2021","2nd Term"),
("32","2","JSS2","generated","not_skipped","2020/2021","2nd Term"),
("33","3","JSS3","generated","not_skipped","2020/2021","2nd Term"),
("34","4","SS1","generated","not_skipped","2020/2021","2nd Term"),
("35","5","SS2","generated","not_skipped","2020/2021","2nd Term"),
("36","6","SS3","generated","not_skipped","2020/2021","2nd Term"),
("37","1","JSS1","generated","not_skipped","2020/2021","3rd Term"),
("38","2","JSS2","generated","not_skipped","2020/2021","3rd Term"),
("39","3","JSS3","generated","not_skipped","2020/2021","3rd Term"),
("40","4","SS1","generated","not_skipped","2020/2021","3rd Term"),
("41","5","SS2","generated","not_skipped","2020/2021","3rd Term"),
("42","6","SS3","generated","not_skipped","2020/2021","3rd Term"),
("43","1","JSS1","generated","not_skipped","2021/2022","1st Term"),
("44","2","JSS2","generated","not_skipped","2021/2022","1st Term"),
("45","3","JSS3","generated","not_skipped","2021/2022","1st Term"),
("46","4","SS1","generated","not_skipped","2021/2022","1st Term"),
("47","5","SS2","generated","not_skipped","2021/2022","1st Term"),
("48","6","SS3","generated","not_skipped","2021/2022","1st Term"),
("49","1","JSS1","generated","not_skipped","2021/2022","2nd Term"),
("50","2","JSS2","generated","not_skipped","2021/2022","2nd Term"),
("51","3","JSS3","generated","not_skipped","2021/2022","2nd Term"),
("52","4","SS1","not_generated","not_skipped","2021/2022","2nd Term"),
("53","5","SS2","not_generated","not_skipped","2021/2022","2nd Term"),
("54","6","SS3","not_generated","not_skipped","2021/2022","2nd Term");




CREATE TABLE `result_class_score` (
  `result_class_score_id` int(10) unsigned NOT NULL AUTO_INCREMENT,
  `class_id` int(11) unsigned NOT NULL,
  `no_of_ca` int(11) NOT NULL,
  `ca1_total_score` float NOT NULL,
  `ca2_total_score` float NOT NULL,
  `ca3_total_score` float NOT NULL,
  `ca4_total_score` float NOT NULL,
  `ca5_total_score` float NOT NULL,
  `ca6_total_score` float NOT NULL,
  `ca7_total_score` float NOT NULL,
  `ca8_total_score` float NOT NULL,
  `ca9_total_score` float NOT NULL,
  `ca10_total_score` float NOT NULL,
  `exam_total_score` float NOT NULL,
  `total_score` float NOT NULL,
  `ca_name_1` varchar(50) NOT NULL,
  `ca_name_2` varchar(50) NOT NULL,
  `ca_name_3` varchar(50) NOT NULL,
  `ca_name_4` varchar(50) NOT NULL,
  `ca_name_5` varchar(50) NOT NULL,
  `ca_name_6` varchar(50) NOT NULL,
  `ca_name_7` varchar(50) NOT NULL,
  `ca_name_8` varchar(50) NOT NULL,
  `ca_name_9` varchar(50) NOT NULL,
  `ca_name_10` varchar(50) NOT NULL,
  `exam_name` varchar(50) NOT NULL,
  `terms` varchar(10) NOT NULL,
  PRIMARY KEY (`result_class_score_id`),
  KEY `class_id` (`class_id`,`terms`)
) ENGINE=InnoDB AUTO_INCREMENT=19 DEFAULT CHARSET=latin1;


INSERT INTO result_class_score VALUES
("1","1","1","30","0","0","0","0","0","0","0","0","0","70","100","CA","CA 2","CA 3","CA 4","CA 5","CA 6","","","","","EXAM","1st Term"),
("2","1","1","30","0","0","0","0","0","0","0","0","0","70","100","CA","CA 2","CA 3","CA 4","CA 5","CA 6","","","","","EXAM","2nd Term"),
("3","1","1","30","0","0","0","0","0","0","0","0","0","70","100","CA","CA 2","CA 3","CA 4","CA 5","CA 6","","","","","EXAM","3rd Term"),
("4","2","1","30","0","0","0","0","0","0","0","0","0","70","100","CA","CA 2","CA 3","CA 4","CA 5","CA 6","","","","","EXAM","1st Term"),
("5","2","1","30","0","0","0","0","0","0","0","0","0","70","100","CA","CA 2","CA 3","CA 4","CA 5","CA 6","","","","","EXAM","2nd Term"),
("6","2","1","30","0","0","0","0","0","0","0","0","0","70","100","CA","CA 2","CA 3","CA 4","CA 5","CA 6","","","","","EXAM","3rd Term"),
("7","3","1","30","0","0","0","0","0","0","0","0","0","70","100","CA","CA 2","CA 3","CA 4","CA 5","CA 6","","","","","EXAM","1st Term"),
("8","3","1","30","0","0","0","0","0","0","0","0","0","70","100","CA","CA 2","CA 3","CA 4","CA 5","CA 6","","","","","EXAM","2nd Term"),
("9","3","1","30","0","0","0","0","0","0","0","0","0","70","100","CA","CA 2","CA 3","CA 4","CA 5","CA 6","","","","","EXAM","3rd Term"),
("10","4","1","60","0","0","0","0","0","0","0","0","0","40","100","CA","CA 2","CA 3","CA 4","CA 5","CA 6","","","","","EXAM","1st Term"),
("11","4","1","60","0","0","0","0","0","0","0","0","0","40","100","CA","CA 2","CA 3","CA 4","CA 5","CA 6","","","","","EXAM","2nd Term"),
("12","4","1","60","0","0","0","0","0","0","0","0","0","40","100","CA","CA 2","CA 3","CA 4","CA 5","CA 6","","","","","EXAM","3rd Term"),
("13","5","1","60","0","0","0","0","0","0","0","0","0","40","100","CA","CA 2","CA 3","CA 4","CA 5","CA 6","","","","","EXAM","1st Term"),
("14","5","1","60","0","0","0","0","0","0","0","0","0","40","100","CA","CA 2","CA 3","CA 4","CA 5","CA 6","","","","","EXAM","2nd Term"),
("15","5","1","60","0","0","0","0","0","0","0","0","0","40","100","CA","CA 2","CA 3","CA 4","CA 5","CA 6","","","","","EXAM","3rd Term"),
("16","6","1","60","0","0","0","0","0","0","0","0","0","40","100","CA","CA 2","CA 3","CA 4","CA 5","CA 6","","","","","EXAM","1st Term"),
("17","6","1","60","0","0","0","0","0","0","0","0","0","40","100","CA","CA 2","CA 3","CA 4","CA 5","CA 6","","","","","EXAM","2nd Term"),
("18","6","1","60","0","0","0","0","0","0","0","0","0","40","100","CA","CA 2","CA 3","CA 4","CA 5","CA 6","","","","","EXAM","3rd Term");




CREATE TABLE `result_class_term` (
  `result_class_term` int(11) NOT NULL AUTO_INCREMENT,
  `class_id` int(11) NOT NULL,
  `terms` varchar(20) NOT NULL,
  PRIMARY KEY (`result_class_term`),
  KEY `class_id` (`class_id`,`terms`)
) ENGINE=InnoDB AUTO_INCREMENT=19 DEFAULT CHARSET=latin1;


INSERT INTO result_class_term VALUES
("1","1","1st Term"),
("2","1","2nd Term"),
("3","1","3rd Term"),
("4","2","1st Term"),
("5","2","2nd Term"),
("6","2","3rd Term"),
("7","3","1st Term"),
("8","3","2nd Term"),
("9","3","3rd Term"),
("10","4","1st Term"),
("11","4","2nd Term"),
("12","4","3rd Term"),
("13","5","1st Term"),
("14","5","2nd Term"),
("15","5","3rd Term"),
("16","6","1st Term"),
("17","6","2nd Term"),
("18","6","3rd Term");




CREATE TABLE `result_main` (
  `result_main_id` int(11) NOT NULL AUTO_INCREMENT,
  `student_id` int(11) NOT NULL,
  `class_id` int(11) NOT NULL,
  `class_name` char(50) NOT NULL,
  `section` varchar(10) NOT NULL,
  `subclass_id` int(11) NOT NULL,
  `subclass_name` char(50) NOT NULL,
  `total` float NOT NULL,
  `cumulative_total` float NOT NULL,
  `total_obtainable` float NOT NULL,
  `cumu_total_obtainable` float NOT NULL,
  `average` varchar(10) NOT NULL,
  `cumulative_average` varchar(10) NOT NULL,
  `position_class` varchar(20) NOT NULL,
  `cumulative_position_class` varchar(20) NOT NULL,
  `position_subclass` varchar(20) NOT NULL,
  `cumulative_position_subclass` varchar(20) NOT NULL,
  `student_attendance` int(11) DEFAULT NULL,
  `total_attendance` int(11) DEFAULT NULL,
  `total_student_class` int(10) unsigned NOT NULL,
  `total_student_subclass` int(10) unsigned NOT NULL,
  `cumulative_total_student_class` int(10) unsigned NOT NULL,
  `cumulative_total_student_subclass` int(10) unsigned NOT NULL,
  `handwriting` int(11) NOT NULL,
  `cumulative_handwriting` int(11) NOT NULL,
  `neatness` int(11) NOT NULL,
  `cumulative_neatness` int(11) NOT NULL,
  `punctuality` int(11) NOT NULL,
  `cumulative_punctuality` int(11) NOT NULL,
  `attentiveness` int(11) NOT NULL,
  `cumulative_attentiveness` int(11) NOT NULL,
  `initiative` int(11) NOT NULL,
  `cumulative_initiative` int(11) NOT NULL,
  `respect` int(11) NOT NULL,
  `cumulative_respect` int(11) NOT NULL,
  `obedience` int(11) NOT NULL,
  `cumulative_obedience` int(11) NOT NULL,
  `attitude` int(11) NOT NULL,
  `cumulative_attitude` int(11) NOT NULL,
  `honesty` int(11) NOT NULL,
  `cumulative_honesty` int(11) NOT NULL,
  `creativity` int(11) NOT NULL,
  `cumulative_creativity` int(11) NOT NULL,
  `behaviour1_name` varchar(100) NOT NULL,
  `behaviour2_name` varchar(100) NOT NULL,
  `behaviour3_name` varchar(100) NOT NULL,
  `behaviour4_name` varchar(100) NOT NULL,
  `behaviour5_name` varchar(100) NOT NULL,
  `behaviour6_name` varchar(100) NOT NULL,
  `behaviour7_name` varchar(100) NOT NULL,
  `behaviour8_name` varchar(100) NOT NULL,
  `behaviour9_name` varchar(100) NOT NULL,
  `behaviour10_name` varchar(100) NOT NULL,
  `promotion` varchar(50) NOT NULL,
  `promotion_class_id` int(11) NOT NULL,
  `promotion_class_name` varchar(50) NOT NULL,
  `promotion_comment` varchar(500) NOT NULL,
  `promotion_subclass_id` int(11) NOT NULL,
  `promotion_subclass_name` varchar(50) NOT NULL,
  `pass_ave` varchar(5) NOT NULL,
  `scratch_card_number` varchar(16) NOT NULL,
  `next_term_begins` date NOT NULL,
  `ca1_total_score` float NOT NULL,
  `ca2_total_score` float NOT NULL,
  `ca3_total_score` float NOT NULL,
  `ca4_total_score` float NOT NULL,
  `ca5_total_score` float NOT NULL,
  `ca6_total_score` float NOT NULL,
  `ca7_total_score` float NOT NULL,
  `ca8_total_score` float NOT NULL,
  `ca9_total_score` float NOT NULL,
  `ca10_total_score` float NOT NULL,
  `ca_total_score` float NOT NULL,
  `exam_total_score` float NOT NULL,
  `no_of_ca` int(11) NOT NULL,
  `exam_name` varchar(50) NOT NULL,
  `ca_name_1` varchar(50) NOT NULL,
  `ca_name_2` varchar(50) NOT NULL,
  `ca_name_3` varchar(50) NOT NULL,
  `ca_name_4` varchar(50) NOT NULL,
  `ca_name_5` varchar(50) NOT NULL,
  `ca_name_6` varchar(50) NOT NULL,
  `ca_name_7` varchar(50) NOT NULL,
  `ca_name_8` varchar(50) NOT NULL,
  `ca_name_9` varchar(50) NOT NULL,
  `ca_name_10` varchar(50) NOT NULL,
  `principal_name` varchar(100) NOT NULL,
  `principal_comment` text NOT NULL,
  `form_staff_name` varchar(200) NOT NULL,
  `form_staff_comment` text NOT NULL,
  `student_affairs_comment` text NOT NULL,
  `cumulative_principal_comment` text NOT NULL,
  `cumulative_form_staff_comment` text NOT NULL,
  `principal_signature` varchar(150) NOT NULL,
  `second_principal_signature` varchar(60) NOT NULL,
  `visited` int(11) NOT NULL,
  `sessions` varchar(20) NOT NULL,
  `terms` varchar(20) NOT NULL,
  PRIMARY KEY (`result_main_id`),
  KEY `student_id` (`student_id`),
  KEY `sessions` (`sessions`),
  KEY `terms` (`terms`),
  KEY `promotion` (`promotion`)
) ENGINE=InnoDB AUTO_INCREMENT=166 DEFAULT CHARSET=latin1;


INSERT INTO result_main VALUES
("1","1","1","JSS1","junior","0","","696","0","1500","0","46.4","","8th","","8th","","","","8","8","0","0","5","0","5","0","5","0","5","0","5","0","5","0","5","0","5","0","5","0","5","0","HANDWRITING","NEATNESS","PUNCTUALITY","ATTENTIVENESS","INITIATIVE","RESPECT","OBEDIENCE","ATTITUDE","HONESTY","CREATIVITY","","0","","","0","","50","","2020-01-13","40","0","0","0","0","0","0","0","0","0","0","60","1","EXAM","CA","CA 2","CA 3","CA 4","CA 5","CA 6","","","","","CHIEF EMEKA NZECHUKWU","NOT ENOUGH. PLEASE TRY A LITTLE HARDER.","CHIKWENDU FAVOUR","ALMOST THERE, LETS WORK FOR A BETTER RESULT NEXT TERM","","","","images/principal_signatures/b57388.jpeg","images/principal_signatures/a26ec7.jpeg","0","2019/2020","1st Term"),
("2","2","1","JSS1","junior","0","","1322","0","1500","0","88.13","","1st","","1st","","","","8","8","0","0","5","0","5","0","5","0","5","0","5","0","5","0","5","0","5","0","5","0","5","0","HANDWRITING","NEATNESS","PUNCTUALITY","ATTENTIVENESS","INITIATIVE","RESPECT","OBEDIENCE","ATTITUDE","HONESTY","CREATIVITY","","0","","","0","","50","","2020-01-13","40","0","0","0","0","0","0","0","0","0","0","60","1","EXAM","CA","CA 2","CA 3","CA 4","CA 5","CA 6","","","","","CHIEF EMEKA NZECHUKWU","EXCEPTIONAL WORK. WONDERFULLY DONE.","CHIKWENDU FAVOUR","EXECELLENT RESULT, KEEP IT UP","","","","images/principal_signatures/b57388.jpeg","images/principal_signatures/a26ec7.jpeg","0","2019/2020","1st Term"),
("3","3","1","JSS1","junior","0","","741","0","1500","0","49.4","","5th","","5th","","","","8","8","0","0","5","0","5","0","5","0","5","0","5","0","5","0","5","0","5","0","5","0","5","0","HANDWRITING","NEATNESS","PUNCTUALITY","ATTENTIVENESS","INITIATIVE","RESPECT","OBEDIENCE","ATTITUDE","HONESTY","CREATIVITY","","0","","","0","","50","","2020-01-13","40","0","0","0","0","0","0","0","0","0","0","60","1","EXAM","CA","CA 2","CA 3","CA 4","CA 5","CA 6","","","","","CHIEF EMEKA NZECHUKWU","NOT ENOUGH. PLEASE TRY A LITTLE HARDER.","CHIKWENDU FAVOUR","ALMOST THERE, LETS WORK FOR A BETTER RESULT NEXT TERM","","","","images/principal_signatures/b57388.jpeg","images/principal_signatures/a26ec7.jpeg","0","2019/2020","1st Term"),
("4","4","1","JSS1","junior","0","","1185","0","1500","0","79","","2nd","","2nd","","","","8","8","0","0","5","0","5","0","5","0","5","0","5","0","5","0","5","0","5","0","5","0","5","0","HANDWRITING","NEATNESS","PUNCTUALITY","ATTENTIVENESS","INITIATIVE","RESPECT","OBEDIENCE","ATTITUDE","HONESTY","CREATIVITY","","0","","","0","","50","","2020-01-13","40","0","0","0","0","0","0","0","0","0","0","60","1","EXAM","CA","CA 2","CA 3","CA 4","CA 5","CA 6","","","","","CHIEF EMEKA NZECHUKWU","KEEP IT UP. THE SKY IS YOUR STARTING POINT.","CHIKWENDU FAVOUR","VERY GOOD PERFORMANCE","","","","images/principal_signatures/b57388.jpeg","images/principal_signatures/a26ec7.jpeg","3","2019/2020","1st Term"),
("5","5","1","JSS1","junior","0","","1008","0","1500","0","67.2","","4th","","4th","","","","8","8","0","0","5","0","5","0","5","0","5","0","5","0","5","0","5","0","5","0","5","0","5","0","HANDWRITING","NEATNESS","PUNCTUALITY","ATTENTIVENESS","INITIATIVE","RESPECT","OBEDIENCE","ATTITUDE","HONESTY","CREATIVITY","","0","","","0","","50","","2020-01-13","40","0","0","0","0","0","0","0","0","0","0","60","1","EXAM","CA","CA 2","CA 3","CA 4","CA 5","CA 6","","","","","CHIEF EMEKA NZECHUKWU","GOOD WORK. JUST A LITTLE MORE WORK AND YOU ARE ON TOP.","CHIKWENDU FAVOUR","GOOD RESULT, PUT IN MORE EFFORT","","","","images/principal_signatures/b57388.jpeg","images/principal_signatures/a26ec7.jpeg","2","2019/2020","1st Term"),
("6","6","1","JSS1","junior","0","","741","0","1500","0","49.4","","5th","","5th","","","","8","8","0","0","5","0","5","0","5","0","5","0","5","0","5","0","5","0","5","0","5","0","5","0","HANDWRITING","NEATNESS","PUNCTUALITY","ATTENTIVENESS","INITIATIVE","RESPECT","OBEDIENCE","ATTITUDE","HONESTY","CREATIVITY","","0","","","0","","50","","2020-01-13","40","0","0","0","0","0","0","0","0","0","0","60","1","EXAM","CA","CA 2","CA 3","CA 4","CA 5","CA 6","","","","","CHIEF EMEKA NZECHUKWU","NOT ENOUGH. PLEASE TRY A LITTLE HARDER.","CHIKWENDU FAVOUR","ALMOST THERE, LETS WORK FOR A BETTER RESULT NEXT TERM","","","","images/principal_signatures/b57388.jpeg","images/principal_signatures/a26ec7.jpeg","0","2019/2020","1st Term"),
("7","7","1","JSS1","junior","0","","725","0","1500","0","48.33","","7th","","7th","","","","8","8","0","0","5","0","5","0","5","0","5","0","5","0","5","0","5","0","5","0","5","0","5","0","HANDWRITING","NEATNESS","PUNCTUALITY","ATTENTIVENESS","INITIATIVE","RESPECT","OBEDIENCE","ATTITUDE","HONESTY","CREATIVITY","","0","","","0","","50","","2020-01-13","40","0","0","0","0","0","0","0","0","0","0","60","1","EXAM","CA","CA 2","CA 3","CA 4","CA 5","CA 6","","","","","CHIEF EMEKA NZECHUKWU","NOT ENOUGH. PLEASE TRY A LITTLE HARDER.","CHIKWENDU FAVOUR","ALMOST THERE, LETS WORK FOR A BETTER RESULT NEXT TERM","","","","images/principal_signatures/b57388.jpeg","images/principal_signatures/a26ec7.jpeg","0","2019/2020","1st Term"),
("8","8","1","JSS1","junior","0","","1182","0","1500","0","78.8","","3rd","","3rd","","","","8","8","0","0","5","0","5","0","5","0","5","0","5","0","5","0","5","0","5","0","5","0","5","0","HANDWRITING","NEATNESS","PUNCTUALITY","ATTENTIVENESS","INITIATIVE","RESPECT","OBEDIENCE","ATTITUDE","HONESTY","CREATIVITY","","0","","","0","","50","","2020-01-13","40","0","0","0","0","0","0","0","0","0","0","60","1","EXAM","CA","CA 2","CA 3","CA 4","CA 5","CA 6","","","","","CHIEF EMEKA NZECHUKWU","KEEP IT UP. THE SKY IS YOUR STARTING POINT.","CHIKWENDU FAVOUR","VERY GOOD PERFORMANCE","","","","images/principal_signatures/b57388.jpeg","images/principal_signatures/a26ec7.jpeg","2","2019/2020","1st Term"),
("9","1","1","JSS1","junior","0","","526.5","0","1500","0","35.1","","9th","","9th","","","","10","10","0","0","5","0","5","0","5","0","5","0","5","0","5","0","5","0","5","0","5","0","5","0","HANDWRITING","NEATNESS","PUNCTUALITY","ATTENTIVENESS","INITIATIVE","RESPECT","OBEDIENCE","ATTITUDE","HONESTY","CREATIVITY","","0","","","0","","50","","0000-00-00","30","0","0","0","0","0","0","0","0","0","0","70","1","EXAM","CA","CA 2","CA 3","CA 4","CA 5","CA 6","","","","","CHIEF EMEKA NZECHUKWU","VERY BAD RESULT. PLEASE HELP YOURSELF.","CHIKWENDU FAVOUR","WE WILL WORK TOWARDS IMPROVING ON THIS NEXT TERM","","","","images/principal_signatures/b57388.jpeg","images/principal_signatures/a26ec7.jpeg","0","2019/2020","2nd Term"),
("10","2","1","JSS1","junior","0","","1266.5","0","1500","0","84.43","","1st","","1st","","","","10","10","0","0","5","0","5","0","5","0","5","0","5","0","5","0","5","0","5","0","5","0","5","0","HANDWRITING","NEATNESS","PUNCTUALITY","ATTENTIVENESS","INITIATIVE","RESPECT","OBEDIENCE","ATTITUDE","HONESTY","CREATIVITY","","0","","","0","","50","","0000-00-00","30","0","0","0","0","0","0","0","0","0","0","70","1","EXAM","CA","CA 2","CA 3","CA 4","CA 5","CA 6","","","","","CHIEF EMEKA NZECHUKWU","EXCEPTIONAL WORK. WONDERFULLY DONE.","CHIKWENDU FAVOUR","EXECELLENT RESULT, KEEP IT UP","","","","images/principal_signatures/b57388.jpeg","images/principal_signatures/a26ec7.jpeg","0","2019/2020","2nd Term"),
("11","3","1","JSS1","junior","0","","1110","0","1500","0","74","","2nd","","2nd","","","","10","10","0","0","5","0","5","0","5","0","5","0","5","0","5","0","5","0","5","0","5","0","5","0","HANDWRITING","NEATNESS","PUNCTUALITY","ATTENTIVENESS","INITIATIVE","RESPECT","OBEDIENCE","ATTITUDE","HONESTY","CREATIVITY","","0","","","0","","50","","0000-00-00","30","0","0","0","0","0","0","0","0","0","0","70","1","EXAM","CA","CA 2","CA 3","CA 4","CA 5","CA 6","","","","","CHIEF EMEKA NZECHUKWU","KEEP IT UP. THE SKY IS YOUR STARTING POINT.","CHIKWENDU FAVOUR","VERY GOOD PERFORMANCE","","","","images/principal_signatures/b57388.jpeg","images/principal_signatures/a26ec7.jpeg","0","2019/2020","2nd Term"),
("12","4","1","JSS1","junior","0","","1030","0","1500","0","68.67","","4th","","4th","","","","10","10","0","0","5","0","5","0","5","0","5","0","5","0","5","0","5","0","5","0","5","0","5","0","HANDWRITING","NEATNESS","PUNCTUALITY","ATTENTIVENESS","INITIATIVE","RESPECT","OBEDIENCE","ATTITUDE","HONESTY","CREATIVITY","","0","","","0","","50","","0000-00-00","30","0","0","0","0","0","0","0","0","0","0","70","1","EXAM","CA","CA 2","CA 3","CA 4","CA 5","CA 6","","","","","CHIEF EMEKA NZECHUKWU","GOOD WORK. JUST A LITTLE MORE WORK AND YOU ARE ON TOP.","CHIKWENDU FAVOUR","GOOD RESULT, PUT IN MORE EFFORT","","","","images/principal_signatures/b57388.jpeg","images/principal_signatures/a26ec7.jpeg","2","2019/2020","2nd Term"),
("13","5","1","JSS1","junior","0","","914","0","1500","0","60.93","","5th","","5th","","","","10","10","0","0","5","0","5","0","5","0","5","0","5","0","5","0","5","0","5","0","5","0","5","0","HANDWRITING","NEATNESS","PUNCTUALITY","ATTENTIVENESS","INITIATIVE","RESPECT","OBEDIENCE","ATTITUDE","HONESTY","CREATIVITY","","0","","","0","","50","","0000-00-00","30","0","0","0","0","0","0","0","0","0","0","70","1","EXAM","CA","CA 2","CA 3","CA 4","CA 5","CA 6","","","","","CHIEF EMEKA NZECHUKWU","GOOD WORK. YOU CAN BE BETTER.","CHIKWENDU FAVOUR","GOOD RESULT, PUT IN MORE EFFORT","","","","images/principal_signatures/b57388.jpeg","images/principal_signatures/a26ec7.jpeg","0","2019/2020","2nd Term"),
("14","6","1","JSS1","junior","0","","471","0","1500","0","31.4","","10th","","10th","","","","10","10","0","0","5","0","5","0","5","0","5","0","5","0","5","0","5","0","5","0","5","0","5","0","HANDWRITING","NEATNESS","PUNCTUALITY","ATTENTIVENESS","INITIATIVE","RESPECT","OBEDIENCE","ATTITUDE","HONESTY","CREATIVITY","","0","","","0","","50","","0000-00-00","30","0","0","0","0","0","0","0","0","0","0","70","1","EXAM","CA","CA 2","CA 3","CA 4","CA 5","CA 6","","","","","CHIEF EMEKA NZECHUKWU","VERY BAD RESULT. PLEASE HELP YOURSELF.","CHIKWENDU FAVOUR","WE WILL WORK TOWARDS IMPROVING ON THIS NEXT TERM","","","","images/principal_signatures/b57388.jpeg","images/principal_signatures/a26ec7.jpeg","0","2019/2020","2nd Term"),
("15","8","1","JSS1","junior","0","","530","0","1500","0","35.33","","8th","","8th","","","","10","10","0","0","5","0","5","0","5","0","5","0","5","0","5","0","5","0","5","0","5","0","5","0","HANDWRITING","NEATNESS","PUNCTUALITY","ATTENTIVENESS","INITIATIVE","RESPECT","OBEDIENCE","ATTITUDE","HONESTY","CREATIVITY","","0","","","0","","50","","0000-00-00","30","0","0","0","0","0","0","0","0","0","0","70","1","EXAM","CA","CA 2","CA 3","CA 4","CA 5","CA 6","","","","","CHIEF EMEKA NZECHUKWU","VERY BAD RESULT. PLEASE HELP YOURSELF.","CHIKWENDU FAVOUR","WE WILL WORK TOWARDS IMPROVING ON THIS NEXT TERM","","","","images/principal_signatures/b57388.jpeg","images/principal_signatures/a26ec7.jpeg","2","2019/2020","2nd Term"),
("16","9","1","JSS1","junior","0","","1048","0","1500","0","69.87","","3rd","","3rd","","","","10","10","0","0","5","0","5","0","5","0","5","0","5","0","5","0","5","0","5","0","5","0","5","0","HANDWRITING","NEATNESS","PUNCTUALITY","ATTENTIVENESS","INITIATIVE","RESPECT","OBEDIENCE","ATTITUDE","HONESTY","CREATIVITY","","0","","","0","","50","","0000-00-00","30","0","0","0","0","0","0","0","0","0","0","70","1","EXAM","CA","CA 2","CA 3","CA 4","CA 5","CA 6","","","","","CHIEF EMEKA NZECHUKWU","GOOD WORK. JUST A LITTLE MORE WORK AND YOU ARE ON TOP.","CHIKWENDU FAVOUR","GOOD RESULT, PUT IN MORE EFFORT","","","","images/principal_signatures/b57388.jpeg","images/principal_signatures/a26ec7.jpeg","1","2019/2020","2nd Term"),
("17","10","1","JSS1","junior","0","","914","0","1500","0","60.93","","5th","","5th","","","","10","10","0","0","5","0","5","0","5","0","5","0","5","0","5","0","5","0","5","0","5","0","5","0","HANDWRITING","NEATNESS","PUNCTUALITY","ATTENTIVENESS","INITIATIVE","RESPECT","OBEDIENCE","ATTITUDE","HONESTY","CREATIVITY","","0","","","0","","50","","0000-00-00","30","0","0","0","0","0","0","0","0","0","0","70","1","EXAM","CA","CA 2","CA 3","CA 4","CA 5","CA 6","","","","","CHIEF EMEKA NZECHUKWU","GOOD WORK. YOU CAN BE BETTER.","CHIKWENDU FAVOUR","GOOD RESULT, PUT IN MORE EFFORT","","","","images/principal_signatures/b57388.jpeg","images/principal_signatures/a26ec7.jpeg","0","2019/2020","2nd Term"),
("18","11","1","JSS1","junior","0","","845","0","1500","0","56.33","","7th","","7th","","","","10","10","0","0","5","0","5","0","5","0","5","0","5","0","5","0","5","0","5","0","5","0","5","0","HANDWRITING","NEATNESS","PUNCTUALITY","ATTENTIVENESS","INITIATIVE","RESPECT","OBEDIENCE","ATTITUDE","HONESTY","CREATIVITY","","0","","","0","","50","","0000-00-00","30","0","0","0","0","0","0","0","0","0","0","70","1","EXAM","CA","CA 2","CA 3","CA 4","CA 5","CA 6","","","","","CHIEF EMEKA NZECHUKWU","WITH MORE HARDWORK, YOU CAN SCALE HIGHER.","CHIKWENDU FAVOUR","GOOD RESULT, PUT IN MORE EFFORT","","","","images/principal_signatures/b57388.jpeg","images/principal_signatures/a26ec7.jpeg","0","2019/2020","2nd Term"),
("19","1","1","JSS1","junior","0","","0","663.42","0","1500","","44.23","","7th","","7th","","","6","6","7","7","0","5","0","5","0","5","0","5","0","5","0","5","0","5","0","5","0","5","0","5","HANDWRITING","NEATNESS","PUNCTUALITY","ATTENTIVENESS","INITIATIVE","RESPECT","OBEDIENCE","ATTITUDE","HONESTY","CREATIVITY","repeat","1","JSS1","REPEAT JSS1","0","","50","","2020-10-26","30","0","0","0","0","0","0","0","0","0","0","70","1","EXAM","CA","CA 2","CA 3","CA 4","CA 5","CA 6","","","","","CHIEF EMEKA NZECHUKWU","","CHIKWENDU FAVOUR","","","TOO POOR. TRY BETTER NEXT TIME.","ALMOST THERE, LETS WORK FOR A BETTER RESULT NEXT TERM","images/principal_signatures/b57388.jpeg","images/principal_signatures/a26ec7.jpeg","0","2019/2020","3rd Term"),
("20","2","1","JSS1","junior","0","","1342","1310.16","1500","1500","89.47","87.34","1st","1st","1st","1st","","","6","6","7","7","5","5","5","5","5","5","5","5","5","5","5","5","5","5","5","5","5","5","5","5","HANDWRITING","NEATNESS","PUNCTUALITY","ATTENTIVENESS","INITIATIVE","RESPECT","OBEDIENCE","ATTITUDE","HONESTY","CREATIVITY","promoted","2","JSS2","PROMOTED TO JSS2","0","","50","","2020-10-26","30","0","0","0","0","0","0","0","0","0","0","70","1","EXAM","CA","CA 2","CA 3","CA 4","CA 5","CA 6","","","","","CHIEF EMEKA NZECHUKWU","EXCEPTIONAL WORK. WONDERFULLY DONE.","CHIKWENDU FAVOUR","EXECELLENT RESULT, KEEP IT UP","","EXCEPTIONAL WORK. WONDERFULLY DONE.","EXECELLENT RESULT, KEEP IT UP","images/principal_signatures/b57388.jpeg","images/principal_signatures/a26ec7.jpeg","0","2019/2020","3rd Term"),
("21","3","1","JSS1","junior","0","","1187","1012.67","1500","1500","79.13","67.51","2nd","4th","2nd","4th","","","6","6","7","7","5","5","5","5","5","5","5","5","5","5","5","5","5","5","5","5","5","5","5","5","HANDWRITING","NEATNESS","PUNCTUALITY","ATTENTIVENESS","INITIATIVE","RESPECT","OBEDIENCE","ATTITUDE","HONESTY","CREATIVITY","promoted","2","JSS2","PROMOTED TO JSS2","0","","50","","2020-10-26","30","0","0","0","0","0","0","0","0","0","0","70","1","EXAM","CA","CA 2","CA 3","CA 4","CA 5","CA 6","","","","","CHIEF EMEKA NZECHUKWU","KEEP IT UP. THE SKY IS YOUR STARTING POINT.","CHIKWENDU FAVOUR","VERY GOOD PERFORMANCE","","GOOD WORK. JUST A LITTLE MORE WORK AND YOU ARE ON TOP.","GOOD RESULT, PUT IN MORE EFFORT","images/principal_signatures/b57388.jpeg","images/principal_signatures/a26ec7.jpeg","0","2019/2020","3rd Term"),
("22","4","1","JSS1","junior","0","","1147","1120.67","1500","1500","76.47","74.71","3rd","2nd","3rd","2nd","","","6","6","7","7","5","5","5","5","5","5","5","5","5","5","5","5","5","5","5","5","5","5","5","5","HANDWRITING","NEATNESS","PUNCTUALITY","ATTENTIVENESS","INITIATIVE","RESPECT","OBEDIENCE","ATTITUDE","HONESTY","CREATIVITY","promoted","2","JSS2","PROMOTED TO JSS2","0","","50","","2020-10-26","30","0","0","0","0","0","0","0","0","0","0","70","1","EXAM","CA","CA 2","CA 3","CA 4","CA 5","CA 6","","","","","CHIEF EMEKA NZECHUKWU","KEEP IT UP. THE SKY IS YOUR STARTING POINT.","CHIKWENDU FAVOUR","VERY GOOD PERFORMANCE","","KEEP IT UP. THE SKY IS YOUR STARTING POINT.","VERY GOOD PERFORMANCE","images/principal_signatures/b57388.jpeg","images/principal_signatures/a26ec7.jpeg","3","2019/2020","3rd Term"),
("23","5","1","JSS1","junior","0","","1049","990.34","1500","1500","69.93","66.02","5th","5th","5th","5th","","","6","6","7","7","5","5","5","5","5","5","5","5","5","5","5","5","5","5","5","5","5","5","5","5","HANDWRITING","NEATNESS","PUNCTUALITY","ATTENTIVENESS","INITIATIVE","RESPECT","OBEDIENCE","ATTITUDE","HONESTY","CREATIVITY","promoted","2","JSS2","PROMOTED TO JSS2","0","","50","","2020-10-26","30","0","0","0","0","0","0","0","0","0","0","70","1","EXAM","CA","CA 2","CA 3","CA 4","CA 5","CA 6","","","","","CHIEF EMEKA NZECHUKWU","GOOD WORK. JUST A LITTLE MORE WORK AND YOU ARE ON TOP.","CHIKWENDU FAVOUR","GOOD RESULT, PUT IN MORE EFFORT","","GOOD WORK. JUST A LITTLE MORE WORK AND YOU ARE ON TOP.","GOOD RESULT, PUT IN MORE EFFORT","images/principal_signatures/b57388.jpeg","images/principal_signatures/a26ec7.jpeg","0","2019/2020","3rd Term"),
("24","8","1","JSS1","junior","0","","808","839.99","1500","1500","53.87","56","6th","6th","6th","6th","","","6","6","7","7","5","3","5","3","5","3","5","3","5","3","5","3","5","3","5","3","5","3","5","3","HANDWRITING","NEATNESS","PUNCTUALITY","ATTENTIVENESS","INITIATIVE","RESPECT","OBEDIENCE","ATTITUDE","HONESTY","CREATIVITY","promoted","2","JSS2","PROMOTED TO JSS2","0","","50","","2020-10-26","30","0","0","0","0","0","0","0","0","0","0","70","1","EXAM","CA","CA 2","CA 3","CA 4","CA 5","CA 6","","","","","CHIEF EMEKA NZECHUKWU","VERY CLOSE. PLEASE DO BETTER NEXT TIME.","CHIKWENDU FAVOUR","GOOD RESULT, PUT IN MORE EFFORT","","WITH MORE HARDWORK, YOU CAN SCALE HIGHER.","GOOD RESULT, PUT IN MORE EFFORT","images/principal_signatures/b57388.jpeg","images/principal_signatures/a26ec7.jpeg","0","2019/2020","3rd Term"),
("25","9","1","JSS1","junior","0","","1116","1082","1500","1500","74.4","72.13","4th","3rd","4th","3rd","","","6","6","7","7","5","5","5","5","5","5","5","5","5","5","5","5","5","5","5","5","5","5","5","5","HANDWRITING","NEATNESS","PUNCTUALITY","ATTENTIVENESS","INITIATIVE","RESPECT","OBEDIENCE","ATTITUDE","HONESTY","CREATIVITY","promoted","2","JSS2","PROMOTED TO JSS2","0","","50","","2020-10-26","30","0","0","0","0","0","0","0","0","0","0","70","1","EXAM","CA","CA 2","CA 3","CA 4","CA 5","CA 6","","","","","CHIEF EMEKA NZECHUKWU","KEEP IT UP. THE SKY IS YOUR STARTING POINT.","CHIKWENDU FAVOUR","VERY GOOD PERFORMANCE","","KEEP IT UP. THE SKY IS YOUR STARTING POINT.","VERY GOOD PERFORMANCE","images/principal_signatures/b57388.jpeg","images/principal_signatures/a26ec7.jpeg","0","2019/2020","3rd Term"),
("26","12","1","JSS1","junior","0","","960","0","1500","0","64","","2nd","","2nd","","","","6","6","0","0","5","0","5","0","5","0","5","0","5","0","5","0","5","0","5","0","5","0","5","0","HANDWRITING","NEATNESS","PUNCTUALITY","ATTENTIVENESS","INITIATIVE","RESPECT","OBEDIENCE","ATTITUDE","HONESTY","CREATIVITY","","0","","","0","","50","","2021-03-01","30","0","0","0","0","0","0","0","0","0","0","70","1","EXAM","CA","CA 2","CA 3","CA 4","CA 5","CA 6","","","","","CHIEF EMEKA NZECHUKWU","GOOD WORK. YOU CAN BE BETTER.","","GOOD RESULT, PUT IN MORE EFFORT","","","","images/principal_signatures/b57388.jpeg","images/principal_signatures/a26ec7.jpeg","0","2020/2021","1st Term"),
("27","13","1","JSS1","junior","0","","903","0","1500","0","60.2","","3rd","","3rd","","","","6","6","0","0","5","0","5","0","5","0","5","0","5","0","5","0","5","0","5","0","5","0","5","0","HANDWRITING","NEATNESS","PUNCTUALITY","ATTENTIVENESS","INITIATIVE","RESPECT","OBEDIENCE","ATTITUDE","HONESTY","CREATIVITY","","0","","","0","","50","","2021-03-01","30","0","0","0","0","0","0","0","0","0","0","70","1","EXAM","CA","CA 2","CA 3","CA 4","CA 5","CA 6","","","","","CHIEF EMEKA NZECHUKWU","GOOD WORK. YOU CAN BE BETTER.","","GOOD RESULT, PUT IN MORE EFFORT","","","","images/principal_signatures/b57388.jpeg","images/principal_signatures/a26ec7.jpeg","0","2020/2021","1st Term"),
("28","14","1","JSS1","junior","0","","1132","0","1500","0","75.47","","1st","","1st","","","","6","6","0","0","5","0","5","0","5","0","5","0","5","0","5","0","5","0","5","0","5","0","5","0","HANDWRITING","NEATNESS","PUNCTUALITY","ATTENTIVENESS","INITIATIVE","RESPECT","OBEDIENCE","ATTITUDE","HONESTY","CREATIVITY","","0","","","0","","50","","2021-03-01","30","0","0","0","0","0","0","0","0","0","0","70","1","EXAM","CA","CA 2","CA 3","CA 4","CA 5","CA 6","","","","","CHIEF EMEKA NZECHUKWU","KEEP IT UP. THE SKY IS YOUR STARTING POINT.","","VERY GOOD PERFORMANCE","","","","images/principal_signatures/b57388.jpeg","images/principal_signatures/a26ec7.jpeg","0","2020/2021","1st Term"),
("29","15","1","JSS1","junior","0","","576","0","1500","0","38.4","","4th","","4th","","","","6","6","0","0","5","0","5","0","5","0","5","0","5","0","5","0","5","0","5","0","5","0","5","0","HANDWRITING","NEATNESS","PUNCTUALITY","ATTENTIVENESS","INITIATIVE","RESPECT","OBEDIENCE","ATTITUDE","HONESTY","CREATIVITY","","0","","","0","","50","","2021-03-01","30","0","0","0","0","0","0","0","0","0","0","70","1","EXAM","CA","CA 2","CA 3","CA 4","CA 5","CA 6","","","","","CHIEF EMEKA NZECHUKWU","VERY BAD RESULT. PLEASE HELP YOURSELF.","","WE WILL WORK TOWARDS IMPROVING ON THIS NEXT TERM","","","","images/principal_signatures/b57388.jpeg","images/principal_signatures/a26ec7.jpeg","0","2020/2021","1st Term"),
("30","16","1","JSS1","junior","0","","551","0","1500","0","36.73","","6th","","6th","","","","6","6","0","0","5","0","5","0","5","0","5","0","5","0","5","0","5","0","5","0","5","0","5","0","HANDWRITING","NEATNESS","PUNCTUALITY","ATTENTIVENESS","INITIATIVE","RESPECT","OBEDIENCE","ATTITUDE","HONESTY","CREATIVITY","","0","","","0","","50","","2021-03-01","30","0","0","0","0","0","0","0","0","0","0","70","1","EXAM","CA","CA 2","CA 3","CA 4","CA 5","CA 6","","","","","CHIEF EMEKA NZECHUKWU","VERY BAD RESULT. PLEASE HELP YOURSELF.","","WE WILL WORK TOWARDS IMPROVING ON THIS NEXT TERM","","","","images/principal_signatures/b57388.jpeg","images/principal_signatures/a26ec7.jpeg","0","2020/2021","1st Term"),
("31","17","1","JSS1","junior","0","","534","0","1400","0","38.14","","5th","","5th","","","","6","6","0","0","5","0","5","0","5","0","5","0","5","0","5","0","5","0","5","0","5","0","5","0","HANDWRITING","NEATNESS","PUNCTUALITY","ATTENTIVENESS","INITIATIVE","RESPECT","OBEDIENCE","ATTITUDE","HONESTY","CREATIVITY","","0","","","0","","50","","2021-03-01","30","0","0","0","0","0","0","0","0","0","0","70","1","EXAM","CA","CA 2","CA 3","CA 4","CA 5","CA 6","","","","","CHIEF EMEKA NZECHUKWU","VERY BAD RESULT. PLEASE HELP YOURSELF.","","WE WILL WORK TOWARDS IMPROVING ON THIS NEXT TERM","","","","images/principal_signatures/b57388.jpeg","images/principal_signatures/a26ec7.jpeg","0","2020/2021","1st Term"),
("32","1","2","JSS2","junior","0","","423","0","1400","0","30.21","","6th","","6th","","","","7","7","0","0","5","0","5","0","5","0","5","0","5","0","5","0","5","0","5","0","5","0","5","0","HANDWRITING","NEATNESS","PUNCTUALITY","ATTENTIVENESS","INITIATIVE","RESPECT","OBEDIENCE","ATTITUDE","HONESTY","CREATIVITY","","0","","","0","","50","","2021-03-01","30","0","0","0","0","0","0","0","0","0","0","70","1","EXAM","CA","CA 2","CA 3","CA 4","CA 5","CA 6","","","","","CHIEF EMEKA NZECHUKWU","VERY BAD RESULT. PLEASE HELP YOURSELF.","","WE WILL WORK TOWARDS IMPROVING ON THIS NEXT TERM","","","","images/principal_signatures/b57388.jpeg","images/principal_signatures/a26ec7.jpeg","0","2020/2021","1st Term"),
("33","2","2","JSS2","junior","0","","1119","0","1500","0","74.6","","1st","","1st","","","","7","7","0","0","5","0","5","0","5","0","5","0","5","0","5","0","5","0","5","0","5","0","5","0","HANDWRITING","NEATNESS","PUNCTUALITY","ATTENTIVENESS","INITIATIVE","RESPECT","OBEDIENCE","ATTITUDE","HONESTY","CREATIVITY","","0","","","0","","50","","2021-03-01","30","0","0","0","0","0","0","0","0","0","0","70","1","EXAM","CA","CA 2","CA 3","CA 4","CA 5","CA 6","","","","","CHIEF EMEKA NZECHUKWU","KEEP IT UP. THE SKY IS YOUR STARTING POINT.","","VERY GOOD PERFORMANCE","","","","images/principal_signatures/b57388.jpeg","images/principal_signatures/a26ec7.jpeg","0","2020/2021","1st Term"),
("34","3","2","JSS2","junior","0","","991","0","1500","0","66.07","","3rd","","3rd","","","","7","7","0","0","5","0","5","0","5","0","5","0","5","0","5","0","5","0","5","0","5","0","5","0","HANDWRITING","NEATNESS","PUNCTUALITY","ATTENTIVENESS","INITIATIVE","RESPECT","OBEDIENCE","ATTITUDE","HONESTY","CREATIVITY","","0","","","0","","50","","2021-03-01","30","0","0","0","0","0","0","0","0","0","0","70","1","EXAM","CA","CA 2","CA 3","CA 4","CA 5","CA 6","","","","","CHIEF EMEKA NZECHUKWU","GOOD WORK. JUST A LITTLE MORE WORK AND YOU ARE ON TOP.","","GOOD RESULT, PUT IN MORE EFFORT","","","","images/principal_signatures/b57388.jpeg","images/principal_signatures/a26ec7.jpeg","0","2020/2021","1st Term"),
("35","4","2","JSS2","junior","0","","918","0","1500","0","61.2","","4th","","4th","","","","7","7","0","0","5","0","5","0","5","0","5","0","5","0","5","0","5","0","5","0","5","0","5","0","HANDWRITING","NEATNESS","PUNCTUALITY","ATTENTIVENESS","INITIATIVE","RESPECT","OBEDIENCE","ATTITUDE","HONESTY","CREATIVITY","","0","","","0","","50","","2021-03-01","30","0","0","0","0","0","0","0","0","0","0","70","1","EXAM","CA","CA 2","CA 3","CA 4","CA 5","CA 6","","","","","CHIEF EMEKA NZECHUKWU","GOOD WORK. YOU CAN BE BETTER.","","GOOD RESULT, PUT IN MORE EFFORT","","","","images/principal_signatures/b57388.jpeg","images/principal_signatures/a26ec7.jpeg","0","2020/2021","1st Term"),
("36","5","2","JSS2","junior","0","","844","0","1500","0","56.27","","5th","","5th","","","","7","7","0","0","5","0","5","0","5","0","5","0","5","0","5","0","5","0","5","0","5","0","5","0","HANDWRITING","NEATNESS","PUNCTUALITY","ATTENTIVENESS","INITIATIVE","RESPECT","OBEDIENCE","ATTITUDE","HONESTY","CREATIVITY","","0","","","0","","50","","2021-03-01","30","0","0","0","0","0","0","0","0","0","0","70","1","EXAM","CA","CA 2","CA 3","CA 4","CA 5","CA 6","","","","","CHIEF EMEKA NZECHUKWU","WITH MORE HARDWORK, YOU CAN SCALE HIGHER.","","GOOD RESULT, PUT IN MORE EFFORT","","","","images/principal_signatures/b57388.jpeg","images/principal_signatures/a26ec7.jpeg","0","2020/2021","1st Term"),
("37","8","2","JSS2","junior","0","","436","0","1500","0","29.07","","7th","","7th","","","","7","7","0","0","5","0","5","0","5","0","5","0","5","0","5","0","5","0","5","0","5","0","5","0","HANDWRITING","NEATNESS","PUNCTUALITY","ATTENTIVENESS","INITIATIVE","RESPECT","OBEDIENCE","ATTITUDE","HONESTY","CREATIVITY","","0","","","0","","50","","2021-03-01","30","0","0","0","0","0","0","0","0","0","0","70","1","EXAM","CA","CA 2","CA 3","CA 4","CA 5","CA 6","","","","","CHIEF EMEKA NZECHUKWU","VERY BAD RESULT. PLEASE HELP YOURSELF.","","WE WILL WORK TOWARDS IMPROVING ON THIS NEXT TERM","","","","images/principal_signatures/b57388.jpeg","images/principal_signatures/a26ec7.jpeg","0","2020/2021","1st Term"),
("38","9","2","JSS2","junior","0","","1094","0","1500","0","72.93","","2nd","","2nd","","","","7","7","0","0","5","0","5","0","5","0","5","0","5","0","5","0","5","0","5","0","5","0","5","0","HANDWRITING","NEATNESS","PUNCTUALITY","ATTENTIVENESS","INITIATIVE","RESPECT","OBEDIENCE","ATTITUDE","HONESTY","CREATIVITY","","0","","","0","","50","","2021-03-01","30","0","0","0","0","0","0","0","0","0","0","70","1","EXAM","CA","CA 2","CA 3","CA 4","CA 5","CA 6","","","","","CHIEF EMEKA NZECHUKWU","KEEP IT UP. THE SKY IS YOUR STARTING POINT.","","VERY GOOD PERFORMANCE","","","","images/principal_signatures/b57388.jpeg","images/principal_signatures/a26ec7.jpeg","0","2020/2021","1st Term"),
("39","12","1","JSS1","junior","0","","1028","0","1500","0","68.53","","2nd","","2nd","","","","9","9","0","0","5","0","5","0","5","0","5","0","5","0","5","0","5","0","5","0","5","0","5","0","HANDWRITING","NEATNESS","PUNCTUALITY","ATTENTIVENESS","INITIATIVE","RESPECT","OBEDIENCE","ATTITUDE","HONESTY","CREATIVITY","","0","","","0","","50","","2021-05-24","30","0","0","0","0","0","0","0","0","0","0","70","1","EXAM","CA","CA 2","CA 3","CA 4","CA 5","CA 6","","","","","CHIEF EMEKA NZECHUKWU","GOOD WORK. JUST A LITTLE MORE WORK AND YOU ARE ON TOP.","AMANDA CHIOMA","GOOD RESULT, PUT IN MORE EFFORT","","","","images/principal_signatures/b57388.jpeg","images/principal_signatures/a26ec7.jpeg","0","2020/2021","2nd Term"),
("40","13","1","JSS1","junior","0","","943","0","1500","0","62.87","","3rd","","3rd","","","","9","9","0","0","5","0","5","0","5","0","5","0","5","0","5","0","5","0","5","0","5","0","5","0","HANDWRITING","NEATNESS","PUNCTUALITY","ATTENTIVENESS","INITIATIVE","RESPECT","OBEDIENCE","ATTITUDE","HONESTY","CREATIVITY","","0","","","0","","50","","2021-05-24","30","0","0","0","0","0","0","0","0","0","0","70","1","EXAM","CA","CA 2","CA 3","CA 4","CA 5","CA 6","","","","","CHIEF EMEKA NZECHUKWU","GOOD WORK. YOU CAN BE BETTER.","AMANDA CHIOMA","GOOD RESULT, PUT IN MORE EFFORT","","","","images/principal_signatures/b57388.jpeg","images/principal_signatures/a26ec7.jpeg","4","2020/2021","2nd Term"),
("41","14","1","JSS1","junior","0","","1238","0","1500","0","82.53","","1st","","1st","","","","9","9","0","0","5","0","5","0","5","0","5","0","5","0","5","0","5","0","5","0","5","0","5","0","HANDWRITING","NEATNESS","PUNCTUALITY","ATTENTIVENESS","INITIATIVE","RESPECT","OBEDIENCE","ATTITUDE","HONESTY","CREATIVITY","","0","","","0","","50","","2021-05-24","30","0","0","0","0","0","0","0","0","0","0","70","1","EXAM","CA","CA 2","CA 3","CA 4","CA 5","CA 6","","","","","CHIEF EMEKA NZECHUKWU","EXCEPTIONAL WORK. WONDERFULLY DONE.","AMANDA CHIOMA","EXECELLENT RESULT, KEEP IT UP","","","","images/principal_signatures/b57388.jpeg","images/principal_signatures/a26ec7.jpeg","0","2020/2021","2nd Term"),
("42","15","1","JSS1","junior","0","","573","0","1500","0","38.2","","7th","","7th","","","","9","9","0","0","5","0","5","0","5","0","5","0","5","0","5","0","5","0","5","0","5","0","5","0","HANDWRITING","NEATNESS","PUNCTUALITY","ATTENTIVENESS","INITIATIVE","RESPECT","OBEDIENCE","ATTITUDE","HONESTY","CREATIVITY","","0","","","0","","50","","2021-05-24","30","0","0","0","0","0","0","0","0","0","0","70","1","EXAM","CA","CA 2","CA 3","CA 4","CA 5","CA 6","","","","","CHIEF EMEKA NZECHUKWU","VERY BAD RESULT. PLEASE HELP YOURSELF.","AMANDA CHIOMA","WE WILL WORK TOWARDS IMPROVING ON THIS NEXT TERM","","","","images/principal_signatures/b57388.jpeg","images/principal_signatures/a26ec7.jpeg","1","2020/2021","2nd Term"),
("43","16","1","JSS1","junior","0","","658","0","1500","0","43.87","","5th","","5th","","","","9","9","0","0","5","0","5","0","5","0","5","0","5","0","5","0","5","0","5","0","5","0","5","0","HANDWRITING","NEATNESS","PUNCTUALITY","ATTENTIVENESS","INITIATIVE","RESPECT","OBEDIENCE","ATTITUDE","HONESTY","CREATIVITY","","0","","","0","","50","","2021-05-24","30","0","0","0","0","0","0","0","0","0","0","70","1","EXAM","CA","CA 2","CA 3","CA 4","CA 5","CA 6","","","","","CHIEF EMEKA NZECHUKWU","TOO POOR. TRY BETTER NEXT TIME.","AMANDA CHIOMA","ALMOST THERE, LETS WORK FOR A BETTER RESULT NEXT TERM","","","","images/principal_signatures/b57388.jpeg","images/principal_signatures/a26ec7.jpeg","0","2020/2021","2nd Term"),
("44","17","1","JSS1","junior","0","","631","0","1500","0","42.07","","6th","","6th","","","","9","9","0","0","5","0","5","0","5","0","5","0","5","0","5","0","5","0","5","0","5","0","5","0","HANDWRITING","NEATNESS","PUNCTUALITY","ATTENTIVENESS","INITIATIVE","RESPECT","OBEDIENCE","ATTITUDE","HONESTY","CREATIVITY","","0","","","0","","50","","2021-05-24","30","0","0","0","0","0","0","0","0","0","0","70","1","EXAM","CA","CA 2","CA 3","CA 4","CA 5","CA 6","","","","","CHIEF EMEKA NZECHUKWU","TOO POOR. TRY BETTER NEXT TIME.","AMANDA CHIOMA","ALMOST THERE, LETS WORK FOR A BETTER RESULT NEXT TERM","","","","images/principal_signatures/b57388.jpeg","images/principal_signatures/a26ec7.jpeg","0","2020/2021","2nd Term"),
("45","18","1","JSS1","junior","0","","753","0","1500","0","50.2","","4th","","4th","","","","9","9","0","0","5","0","5","0","5","0","5","0","5","0","5","0","5","0","5","0","5","0","5","0","HANDWRITING","NEATNESS","PUNCTUALITY","ATTENTIVENESS","INITIATIVE","RESPECT","OBEDIENCE","ATTITUDE","HONESTY","CREATIVITY","","0","","","0","","50","","2021-05-24","30","0","0","0","0","0","0","0","0","0","0","70","1","EXAM","CA","CA 2","CA 3","CA 4","CA 5","CA 6","","","","","CHIEF EMEKA NZECHUKWU","VERY CLOSE. PLEASE DO BETTER NEXT TIME.","AMANDA CHIOMA","GOOD RESULT, PUT IN MORE EFFORT","","","","images/principal_signatures/b57388.jpeg","images/principal_signatures/a26ec7.jpeg","1","2020/2021","2nd Term"),
("46","19","1","JSS1","junior","0","","509","0","1500","0","33.93","","8th","","8th","","","","9","9","0","0","5","0","5","0","5","0","5","0","5","0","5","0","5","0","5","0","5","0","5","0","HANDWRITING","NEATNESS","PUNCTUALITY","ATTENTIVENESS","INITIATIVE","RESPECT","OBEDIENCE","ATTITUDE","HONESTY","CREATIVITY","","0","","","0","","50","","2021-05-24","30","0","0","0","0","0","0","0","0","0","0","70","1","EXAM","CA","CA 2","CA 3","CA 4","CA 5","CA 6","","","","","CHIEF EMEKA NZECHUKWU","VERY BAD RESULT. PLEASE HELP YOURSELF.","AMANDA CHIOMA","WE WILL WORK TOWARDS IMPROVING ON THIS NEXT TERM","","","","images/principal_signatures/b57388.jpeg","images/principal_signatures/a26ec7.jpeg","0","2020/2021","2nd Term"),
("47","20","1","JSS1","junior","0","","455","0","1500","0","30.33","","9th","","9th","","","","9","9","0","0","5","0","5","0","5","0","5","0","5","0","5","0","5","0","5","0","5","0","5","0","HANDWRITING","NEATNESS","PUNCTUALITY","ATTENTIVENESS","INITIATIVE","RESPECT","OBEDIENCE","ATTITUDE","HONESTY","CREATIVITY","","0","","","0","","50","","2021-05-24","30","0","0","0","0","0","0","0","0","0","0","70","1","EXAM","CA","CA 2","CA 3","CA 4","CA 5","CA 6","","","","","CHIEF EMEKA NZECHUKWU","VERY BAD RESULT. PLEASE HELP YOURSELF.","AMANDA CHIOMA","WE WILL WORK TOWARDS IMPROVING ON THIS NEXT TERM","","","","images/principal_signatures/b57388.jpeg","images/principal_signatures/a26ec7.jpeg","0","2020/2021","2nd Term"),
("48","1","2","JSS2","junior","0","","455","0","1500","0","30.33","","8th","","8th","","","","9","9","0","0","5","0","5","0","5","0","5","0","5","0","5","0","5","0","5","0","5","0","5","0","HANDWRITING","NEATNESS","PUNCTUALITY","ATTENTIVENESS","INITIATIVE","RESPECT","OBEDIENCE","ATTITUDE","HONESTY","CREATIVITY","","0","","","0","","50","","2021-05-24","30","0","0","0","0","0","0","0","0","0","0","70","1","EXAM","CA","CA 2","CA 3","CA 4","CA 5","CA 6","","","","","CHIEF EMEKA NZECHUKWU","VERY BAD RESULT. PLEASE HELP YOURSELF.","ONWUCHEKWA HANNAH","WE WILL WORK TOWARDS IMPROVING ON THIS NEXT TERM","","","","images/principal_signatures/b57388.jpeg","images/principal_signatures/a26ec7.jpeg","0","2020/2021","2nd Term"),
("49","2","2","JSS2","junior","0","","1229","0","1500","0","81.93","","1st","","1st","","","","9","9","0","0","5","0","5","0","5","0","5","0","5","0","5","0","5","0","5","0","5","0","5","0","HANDWRITING","NEATNESS","PUNCTUALITY","ATTENTIVENESS","INITIATIVE","RESPECT","OBEDIENCE","ATTITUDE","HONESTY","CREATIVITY","","0","","","0","","50","","2021-05-24","30","0","0","0","0","0","0","0","0","0","0","70","1","EXAM","CA","CA 2","CA 3","CA 4","CA 5","CA 6","","","","","CHIEF EMEKA NZECHUKWU","EXCEPTIONAL WORK. WONDERFULLY DONE.","ONWUCHEKWA HANNAH","EXECELLENT RESULT, KEEP IT UP","","","","images/principal_signatures/b57388.jpeg","images/principal_signatures/a26ec7.jpeg","0","2020/2021","2nd Term"),
("50","3","2","JSS2","junior","0","","1062","0","1500","0","70.8","","4th","","4th","","","","9","9","0","0","5","0","5","0","5","0","5","0","5","0","5","0","5","0","5","0","5","0","5","0","HANDWRITING","NEATNESS","PUNCTUALITY","ATTENTIVENESS","INITIATIVE","RESPECT","OBEDIENCE","ATTITUDE","HONESTY","CREATIVITY","","0","","","0","","50","","2021-05-24","30","0","0","0","0","0","0","0","0","0","0","70","1","EXAM","CA","CA 2","CA 3","CA 4","CA 5","CA 6","","","","","CHIEF EMEKA NZECHUKWU","KEEP IT UP. THE SKY IS YOUR STARTING POINT.","ONWUCHEKWA HANNAH","VERY GOOD PERFORMANCE","","","","images/principal_signatures/b57388.jpeg","images/principal_signatures/a26ec7.jpeg","0","2020/2021","2nd Term"),
("51","4","2","JSS2","junior","0","","946","0","1500","0","63.07","","6th","","6th","","","","9","9","0","0","5","0","5","0","5","0","5","0","5","0","5","0","5","0","5","0","5","0","5","0","HANDWRITING","NEATNESS","PUNCTUALITY","ATTENTIVENESS","INITIATIVE","RESPECT","OBEDIENCE","ATTITUDE","HONESTY","CREATIVITY","","0","","","0","","50","","2021-05-24","30","0","0","0","0","0","0","0","0","0","0","70","1","EXAM","CA","CA 2","CA 3","CA 4","CA 5","CA 6","","","","","CHIEF EMEKA NZECHUKWU","GOOD WORK. YOU CAN BE BETTER.","ONWUCHEKWA HANNAH","GOOD RESULT, PUT IN MORE EFFORT","","","","images/principal_signatures/b57388.jpeg","images/principal_signatures/a26ec7.jpeg","0","2020/2021","2nd Term"),
("52","5","2","JSS2","junior","0","","997","0","1500","0","66.47","","5th","","5th","","","","9","9","0","0","5","0","5","0","5","0","5","0","5","0","5","0","5","0","5","0","5","0","5","0","HANDWRITING","NEATNESS","PUNCTUALITY","ATTENTIVENESS","INITIATIVE","RESPECT","OBEDIENCE","ATTITUDE","HONESTY","CREATIVITY","","0","","","0","","50","","2021-05-24","30","0","0","0","0","0","0","0","0","0","0","70","1","EXAM","CA","CA 2","CA 3","CA 4","CA 5","CA 6","","","","","CHIEF EMEKA NZECHUKWU","GOOD WORK. JUST A LITTLE MORE WORK AND YOU ARE ON TOP.","ONWUCHEKWA HANNAH","GOOD RESULT, PUT IN MORE EFFORT","","","","images/principal_signatures/b57388.jpeg","images/principal_signatures/a26ec7.jpeg","0","2020/2021","2nd Term"),
("53","8","2","JSS2","junior","0","","413","0","1500","0","27.53","","9th","","9th","","","","9","9","0","0","5","0","5","0","5","0","5","0","5","0","5","0","5","0","5","0","5","0","5","0","HANDWRITING","NEATNESS","PUNCTUALITY","ATTENTIVENESS","INITIATIVE","RESPECT","OBEDIENCE","ATTITUDE","HONESTY","CREATIVITY","","0","","","0","","50","","2021-05-24","30","0","0","0","0","0","0","0","0","0","0","70","1","EXAM","CA","CA 2","CA 3","CA 4","CA 5","CA 6","","","","","CHIEF EMEKA NZECHUKWU","VERY BAD RESULT. PLEASE HELP YOURSELF.","ONWUCHEKWA HANNAH","WE WILL WORK TOWARDS IMPROVING ON THIS NEXT TERM","","","","images/principal_signatures/b57388.jpeg","images/principal_signatures/a26ec7.jpeg","0","2020/2021","2nd Term"),
("54","9","2","JSS2","junior","0","","1079","0","1500","0","71.93","","3rd","","3rd","","","","9","9","0","0","5","0","5","0","5","0","5","0","5","0","5","0","5","0","5","0","5","0","5","0","HANDWRITING","NEATNESS","PUNCTUALITY","ATTENTIVENESS","INITIATIVE","RESPECT","OBEDIENCE","ATTITUDE","HONESTY","CREATIVITY","","0","","","0","","50","","2021-05-24","30","0","0","0","0","0","0","0","0","0","0","70","1","EXAM","CA","CA 2","CA 3","CA 4","CA 5","CA 6","","","","","CHIEF EMEKA NZECHUKWU","KEEP IT UP. THE SKY IS YOUR STARTING POINT.","ONWUCHEKWA HANNAH","VERY GOOD PERFORMANCE","","","","images/principal_signatures/b57388.jpeg","images/principal_signatures/a26ec7.jpeg","0","2020/2021","2nd Term"),
("55","11","2","JSS2","junior","0","","739","0","1500","0","49.27","","7th","","7th","","","","9","9","0","0","5","0","5","0","5","0","5","0","5","0","5","0","5","0","5","0","5","0","5","0","HANDWRITING","NEATNESS","PUNCTUALITY","ATTENTIVENESS","INITIATIVE","RESPECT","OBEDIENCE","ATTITUDE","HONESTY","CREATIVITY","","0","","","0","","50","","2021-05-24","30","0","0","0","0","0","0","0","0","0","0","70","1","EXAM","CA","CA 2","CA 3","CA 4","CA 5","CA 6","","","","","CHIEF EMEKA NZECHUKWU","NOT ENOUGH. PLEASE TRY A LITTLE HARDER.","ONWUCHEKWA HANNAH","ALMOST THERE, LETS WORK FOR A BETTER RESULT NEXT TERM","","","","images/principal_signatures/b57388.jpeg","images/principal_signatures/a26ec7.jpeg","0","2020/2021","2nd Term"),
("56","21","2","JSS2","junior","0","","1083","0","1500","0","72.2","","2nd","","2nd","","","","9","9","0","0","5","0","5","0","5","0","5","0","5","0","5","0","5","0","5","0","5","0","5","0","HANDWRITING","NEATNESS","PUNCTUALITY","ATTENTIVENESS","INITIATIVE","RESPECT","OBEDIENCE","ATTITUDE","HONESTY","CREATIVITY","","0","","","0","","50","","2021-05-24","30","0","0","0","0","0","0","0","0","0","0","70","1","EXAM","CA","CA 2","CA 3","CA 4","CA 5","CA 6","","","","","CHIEF EMEKA NZECHUKWU","KEEP IT UP. THE SKY IS YOUR STARTING POINT.","ONWUCHEKWA HANNAH","VERY GOOD PERFORMANCE","","","","images/principal_signatures/b57388.jpeg","images/principal_signatures/a26ec7.jpeg","0","2020/2021","2nd Term"),
("57","12","1","JSS1","junior","0","","1026","965.67","1400","1400","73.29","68.98","2nd","2nd","2nd","2nd","","","9","9","9","9","5","5","5","5","5","5","5","5","5","5","5","5","5","5","5","5","5","5","5","5","HANDWRITING","NEATNESS","PUNCTUALITY","ATTENTIVENESS","INITIATIVE","RESPECT","OBEDIENCE","ATTITUDE","HONESTY","CREATIVITY","promoted","2","JSS2","PROMOTED TO JSS2","0","","40","","2021-09-13","30","0","0","0","0","0","0","0","0","0","0","70","1","EXAM","CA","CA 2","CA 3","CA 4","CA 5","CA 6","","","","","CHIEF EMEKA NZECHUKWU","KEEP IT UP. THE SKY IS YOUR STARTING POINT.","AMANDA CHIOMA","VERY GOOD PERFORMANCE","","GOOD WORK. JUST A LITTLE MORE WORK AND YOU ARE ON TOP.","GOOD RESULT, PUT IN MORE EFFORT","images/principal_signatures/b57388.jpeg","images/principal_signatures/a26ec7.jpeg","1","2020/2021","3rd Term"),
("58","13","1","JSS1","junior","0","","941","887.99","1400","1400","67.21","63.43","3rd","3rd","3rd","3rd","","","9","9","9","9","5","5","5","5","5","5","5","5","5","5","5","5","5","5","5","5","5","5","5","5","HANDWRITING","NEATNESS","PUNCTUALITY","ATTENTIVENESS","INITIATIVE","RESPECT","OBEDIENCE","ATTITUDE","HONESTY","CREATIVITY","promoted","2","JSS2","PROMOTED TO JSS2","0","","40","","2021-09-13","30","0","0","0","0","0","0","0","0","0","0","70","1","EXAM","CA","CA 2","CA 3","CA 4","CA 5","CA 6","","","","","CHIEF EMEKA NZECHUKWU","GOOD WORK. JUST A LITTLE MORE WORK AND YOU ARE ON TOP.","AMANDA CHIOMA","GOOD RESULT, PUT IN MORE EFFORT","","GOOD WORK. YOU CAN BE BETTER.","GOOD RESULT, PUT IN MORE EFFORT","images/principal_signatures/b57388.jpeg","images/principal_signatures/a26ec7.jpeg","1","2020/2021","3rd Term"),
("59","14","1","JSS1","junior","0","","1057","1090.66","1400","1400","75.5","77.9","1st","1st","1st","1st","","","9","9","9","9","5","5","5","5","5","5","5","5","5","5","5","5","5","5","5","5","5","5","5","5","HANDWRITING","NEATNESS","PUNCTUALITY","ATTENTIVENESS","INITIATIVE","RESPECT","OBEDIENCE","ATTITUDE","HONESTY","CREATIVITY","promoted","2","JSS2","PROMOTED TO JSS2","0","","40","","2021-09-13","30","0","0","0","0","0","0","0","0","0","0","70","1","EXAM","CA","CA 2","CA 3","CA 4","CA 5","CA 6","","","","","CHIEF EMEKA NZECHUKWU","KEEP IT UP. THE SKY IS YOUR STARTING POINT.","AMANDA CHIOMA","VERY GOOD PERFORMANCE","","KEEP IT UP. THE SKY IS YOUR STARTING POINT.","VERY GOOD PERFORMANCE","images/principal_signatures/b57388.jpeg","images/principal_signatures/a26ec7.jpeg","0","2020/2021","3rd Term"),
("60","15","1","JSS1","junior","0","","540","538.99","1400","1400","38.57","38.5","8th","7th","8th","7th","","","9","9","9","9","5","5","5","5","5","5","5","5","5","5","5","5","5","5","5","5","5","5","5","5","HANDWRITING","NEATNESS","PUNCTUALITY","ATTENTIVENESS","INITIATIVE","RESPECT","OBEDIENCE","ATTITUDE","HONESTY","CREATIVITY","repeat","1","JSS1","REPEAT JSS1","0","","40","","2021-09-13","30","0","0","0","0","0","0","0","0","0","0","70","1","EXAM","CA","CA 2","CA 3","CA 4","CA 5","CA 6","","","","","CHIEF EMEKA NZECHUKWU","VERY BAD RESULT. PLEASE HELP YOURSELF.","AMANDA CHIOMA","WE WILL WORK TOWARDS IMPROVING ON THIS NEXT TERM","","VERY BAD RESULT. PLEASE HELP YOURSELF.","WE WILL WORK TOWARDS IMPROVING ON THIS NEXT TERM","images/principal_signatures/b57388.jpeg","images/principal_signatures/a26ec7.jpeg","2","2020/2021","3rd Term"),
("61","16","1","JSS1","junior","0","","707","615.99","1400","1400","50.5","44","6th","6th","6th","6th","","","9","9","9","9","5","5","5","5","5","5","5","5","5","5","5","5","5","5","5","5","5","5","5","5","HANDWRITING","NEATNESS","PUNCTUALITY","ATTENTIVENESS","INITIATIVE","RESPECT","OBEDIENCE","ATTITUDE","HONESTY","CREATIVITY","promoted","2","JSS2","PROMOTED TO JSS2","0","","40","","2021-09-13","30","0","0","0","0","0","0","0","0","0","0","70","1","EXAM","CA","CA 2","CA 3","CA 4","CA 5","CA 6","","","","","CHIEF EMEKA NZECHUKWU","VERY CLOSE. PLEASE DO BETTER NEXT TIME.","AMANDA CHIOMA","GOOD RESULT, PUT IN MORE EFFORT","","TOO POOR. TRY BETTER NEXT TIME.","ALMOST THERE, LETS WORK FOR A BETTER RESULT NEXT TERM","images/principal_signatures/b57388.jpeg","images/principal_signatures/a26ec7.jpeg","0","2020/2021","3rd Term"),
("62","17","1","JSS1","junior","0","","724","616.82","1400","1400","51.71","44.06","5th","5th","5th","5th","","","9","9","9","9","5","5","5","5","5","5","5","5","5","5","5","5","5","5","5","5","5","5","5","5","HANDWRITING","NEATNESS","PUNCTUALITY","ATTENTIVENESS","INITIATIVE","RESPECT","OBEDIENCE","ATTITUDE","HONESTY","CREATIVITY","promoted","2","JSS2","PROMOTED TO JSS2","0","","40","","2021-09-13","30","0","0","0","0","0","0","0","0","0","0","70","1","EXAM","CA","CA 2","CA 3","CA 4","CA 5","CA 6","","","","","CHIEF EMEKA NZECHUKWU","VERY CLOSE. PLEASE DO BETTER NEXT TIME.","AMANDA CHIOMA","GOOD RESULT, PUT IN MORE EFFORT","","TOO POOR. TRY BETTER NEXT TIME.","ALMOST THERE, LETS WORK FOR A BETTER RESULT NEXT TERM","images/principal_signatures/b57388.jpeg","images/principal_signatures/a26ec7.jpeg","0","2020/2021","3rd Term"),
("63","18","1","JSS1","junior","0","","792","752","1400","1400","56.57","53.71","4th","4th","4th","4th","","","9","9","9","9","5","5","5","5","5","5","5","5","5","5","5","5","5","5","5","5","5","5","5","5","HANDWRITING","NEATNESS","PUNCTUALITY","ATTENTIVENESS","INITIATIVE","RESPECT","OBEDIENCE","ATTITUDE","HONESTY","CREATIVITY","promoted","2","JSS2","PROMOTED TO JSS2","0","","40","","2021-09-13","30","0","0","0","0","0","0","0","0","0","0","70","1","EXAM","CA","CA 2","CA 3","CA 4","CA 5","CA 6","","","","","CHIEF EMEKA NZECHUKWU","WITH MORE HARDWORK, YOU CAN SCALE HIGHER.","AMANDA CHIOMA","GOOD RESULT, PUT IN MORE EFFORT","","VERY CLOSE. PLEASE DO BETTER NEXT TIME.","GOOD RESULT, PUT IN MORE EFFORT","images/principal_signatures/b57388.jpeg","images/principal_signatures/a26ec7.jpeg","0","2020/2021","3rd Term"),
("64","19","1","JSS1","junior","0","","594","538","1400","1400","42.43","38.43","7th","8th","7th","8th","","","9","9","9","9","5","5","5","5","5","5","5","5","5","5","5","5","5","5","5","5","5","5","5","5","HANDWRITING","NEATNESS","PUNCTUALITY","ATTENTIVENESS","INITIATIVE","RESPECT","OBEDIENCE","ATTITUDE","HONESTY","CREATIVITY","repeat","1","JSS1","REPEAT JSS1","0","","40","","2021-09-13","30","0","0","0","0","0","0","0","0","0","0","70","1","EXAM","CA","CA 2","CA 3","CA 4","CA 5","CA 6","","","","","CHIEF EMEKA NZECHUKWU","TOO POOR. TRY BETTER NEXT TIME.","AMANDA CHIOMA","ALMOST THERE, LETS WORK FOR A BETTER RESULT NEXT TERM","","VERY BAD RESULT. PLEASE HELP YOURSELF.","WE WILL WORK TOWARDS IMPROVING ON THIS NEXT TERM","images/principal_signatures/b57388.jpeg","images/principal_signatures/a26ec7.jpeg","0","2020/2021","3rd Term"),
("65","20","1","JSS1","junior","0","","480","451.5","1400","1400","34.29","32.25","9th","9th","9th","9th","","","9","9","9","9","5","5","5","5","5","5","5","5","5","5","5","5","5","5","5","5","5","5","5","5","HANDWRITING","NEATNESS","PUNCTUALITY","ATTENTIVENESS","INITIATIVE","RESPECT","OBEDIENCE","ATTITUDE","HONESTY","CREATIVITY","repeat","1","JSS1","REPEAT JSS1","0","","40","","2021-09-13","30","0","0","0","0","0","0","0","0","0","0","70","1","EXAM","CA","CA 2","CA 3","CA 4","CA 5","CA 6","","","","","CHIEF EMEKA NZECHUKWU","VERY BAD RESULT. PLEASE HELP YOURSELF.","AMANDA CHIOMA","WE WILL WORK TOWARDS IMPROVING ON THIS NEXT TERM","","VERY BAD RESULT. PLEASE HELP YOURSELF.","WE WILL WORK TOWARDS IMPROVING ON THIS NEXT TERM","images/principal_signatures/b57388.jpeg","images/principal_signatures/a26ec7.jpeg","1","2020/2021","3rd Term"),
("66","1","2","JSS2","junior","0","","416","415.18","1400","1400","29.71","29.66","10th","9th","10th","9th","","","10","10","10","10","5","5","5","5","5","5","5","5","5","5","5","5","5","5","5","5","5","5","5","5","HANDWRITING","NEATNESS","PUNCTUALITY","ATTENTIVENESS","INITIATIVE","RESPECT","OBEDIENCE","ATTITUDE","HONESTY","CREATIVITY","repeat","2","JSS2","REPEAT JSS2","0","","40","","2021-09-13","30","0","0","0","0","0","0","0","0","0","0","70","1","EXAM","CA","CA 2","CA 3","CA 4","CA 5","CA 6","","","","","CHIEF EMEKA NZECHUKWU","VERY BAD RESULT. PLEASE HELP YOURSELF.","ONWUCHEKWA HANNAH","WE WILL WORK TOWARDS IMPROVING ON THIS NEXT TERM","","VERY BAD RESULT. PLEASE HELP YOURSELF.","WE WILL WORK TOWARDS IMPROVING ON THIS NEXT TERM","images/principal_signatures/b57388.jpeg","images/principal_signatures/a26ec7.jpeg","0","2020/2021","3rd Term"),
("67","2","2","JSS2","junior","0","","1087","1095.33","1400","1400","77.64","78.24","2nd","1st","2nd","1st","","","10","10","10","10","5","5","5","5","5","5","5","5","5","5","5","5","5","5","5","5","5","5","5","5","HANDWRITING","NEATNESS","PUNCTUALITY","ATTENTIVENESS","INITIATIVE","RESPECT","OBEDIENCE","ATTITUDE","HONESTY","CREATIVITY","promoted","3","JSS3","PROMOTED TO JSS3","0","","40","","2021-09-13","30","0","0","0","0","0","0","0","0","0","0","70","1","EXAM","CA","CA 2","CA 3","CA 4","CA 5","CA 6","","","","","CHIEF EMEKA NZECHUKWU","KEEP IT UP. THE SKY IS YOUR STARTING POINT.","ONWUCHEKWA HANNAH","VERY GOOD PERFORMANCE","","KEEP IT UP. THE SKY IS YOUR STARTING POINT.","VERY GOOD PERFORMANCE","images/principal_signatures/b57388.jpeg","images/principal_signatures/a26ec7.jpeg","0","2020/2021","3rd Term"),
("68","3","2","JSS2","junior","0","","948","953.01","1400","1400","67.71","68.07","5th","5th","5th","5th","","","10","10","10","10","5","5","5","5","5","5","5","5","5","5","5","5","5","5","5","5","5","5","5","5","HANDWRITING","NEATNESS","PUNCTUALITY","ATTENTIVENESS","INITIATIVE","RESPECT","OBEDIENCE","ATTITUDE","HONESTY","CREATIVITY","promoted","3","JSS3","PROMOTED TO JSS3","0","","40","","2021-09-13","30","0","0","0","0","0","0","0","0","0","0","70","1","EXAM","CA","CA 2","CA 3","CA 4","CA 5","CA 6","","","","","CHIEF EMEKA NZECHUKWU","GOOD WORK. JUST A LITTLE MORE WORK AND YOU ARE ON TOP.","ONWUCHEKWA HANNAH","GOOD RESULT, PUT IN MORE EFFORT","","GOOD WORK. JUST A LITTLE MORE WORK AND YOU ARE ON TOP.","GOOD RESULT, PUT IN MORE EFFORT","images/principal_signatures/b57388.jpeg","images/principal_signatures/a26ec7.jpeg","0","2020/2021","3rd Term"),
("69","4","2","JSS2","junior","0","","939","899.01","1400","1400","67.07","64.22","6th","6th","6th","6th","","","10","10","10","10","5","5","5","5","5","5","5","5","5","5","5","5","5","5","5","5","5","5","5","5","HANDWRITING","NEATNESS","PUNCTUALITY","ATTENTIVENESS","INITIATIVE","RESPECT","OBEDIENCE","ATTITUDE","HONESTY","CREATIVITY","promoted","3","JSS3","PROMOTED TO JSS3","0","","40","","2021-09-13","30","0","0","0","0","0","0","0","0","0","0","70","1","EXAM","CA","CA 2","CA 3","CA 4","CA 5","CA 6","","","","","CHIEF EMEKA NZECHUKWU","GOOD WORK. JUST A LITTLE MORE WORK AND YOU ARE ON TOP.","ONWUCHEKWA HANNAH","GOOD RESULT, PUT IN MORE EFFORT","","GOOD WORK. YOU CAN BE BETTER.","GOOD RESULT, PUT IN MORE EFFORT","images/principal_signatures/b57388.jpeg","images/principal_signatures/a26ec7.jpeg","0","2020/2021","3rd Term"),
("70","5","2","JSS2","junior","0","","856","858.33","1400","1400","61.14","61.31","7th","7th","7th","7th","","","10","10","10","10","5","5","5","5","5","5","5","5","5","5","5","5","5","5","5","5","5","5","5","5","HANDWRITING","NEATNESS","PUNCTUALITY","ATTENTIVENESS","INITIATIVE","RESPECT","OBEDIENCE","ATTITUDE","HONESTY","CREATIVITY","promoted","3","JSS3","PROMOTED TO JSS3","0","","40","","2021-09-13","30","0","0","0","0","0","0","0","0","0","0","70","1","EXAM","CA","CA 2","CA 3","CA 4","CA 5","CA 6","","","","","CHIEF EMEKA NZECHUKWU","GOOD WORK. YOU CAN BE BETTER.","ONWUCHEKWA HANNAH","GOOD RESULT, PUT IN MORE EFFORT","","GOOD WORK. YOU CAN BE BETTER.","GOOD RESULT, PUT IN MORE EFFORT","images/principal_signatures/b57388.jpeg","images/principal_signatures/a26ec7.jpeg","0","2020/2021","3rd Term"),
("71","8","2","JSS2","junior","0","","437","408.99","1400","1400","31.21","29.21","9th","10th","9th","10th","","","10","10","10","10","5","5","5","5","5","5","5","5","5","5","5","5","5","5","5","5","5","5","5","5","HANDWRITING","NEATNESS","PUNCTUALITY","ATTENTIVENESS","INITIATIVE","RESPECT","OBEDIENCE","ATTITUDE","HONESTY","CREATIVITY","repeat","2","JSS2","REPEAT JSS2","0","","40","","2021-09-13","30","0","0","0","0","0","0","0","0","0","0","70","1","EXAM","CA","CA 2","CA 3","CA 4","CA 5","CA 6","","","","","CHIEF EMEKA NZECHUKWU","VERY BAD RESULT. PLEASE HELP YOURSELF.","ONWUCHEKWA HANNAH","WE WILL WORK TOWARDS IMPROVING ON THIS NEXT TERM","","VERY BAD RESULT. PLEASE HELP YOURSELF.","WE WILL WORK TOWARDS IMPROVING ON THIS NEXT TERM","images/principal_signatures/b57388.jpeg","images/principal_signatures/a26ec7.jpeg","0","2020/2021","3rd Term"),
("72","9","2","JSS2","junior","0","","1152","1058.34","1400","1400","82.29","75.6","1st","2nd","1st","2nd","","","10","10","10","10","5","5","5","5","5","5","5","5","5","5","5","5","5","5","5","5","5","5","5","5","HANDWRITING","NEATNESS","PUNCTUALITY","ATTENTIVENESS","INITIATIVE","RESPECT","OBEDIENCE","ATTITUDE","HONESTY","CREATIVITY","promoted","3","JSS3","PROMOTED TO JSS3","0","","40","","2021-09-13","30","0","0","0","0","0","0","0","0","0","0","70","1","EXAM","CA","CA 2","CA 3","CA 4","CA 5","CA 6","","","","","CHIEF EMEKA NZECHUKWU","EXCEPTIONAL WORK. WONDERFULLY DONE.","ONWUCHEKWA HANNAH","EXECELLENT RESULT, KEEP IT UP","","KEEP IT UP. THE SKY IS YOUR STARTING POINT.","VERY GOOD PERFORMANCE","images/principal_signatures/b57388.jpeg","images/principal_signatures/a26ec7.jpeg","0","2020/2021","3rd Term"),
("73","11","2","JSS2","junior","0","","836","763","1400","1400","59.71","54.5","8th","8th","8th","8th","","","10","10","10","10","5","5","5","5","5","5","5","5","5","5","5","5","5","5","5","5","5","5","5","5","HANDWRITING","NEATNESS","PUNCTUALITY","ATTENTIVENESS","INITIATIVE","RESPECT","OBEDIENCE","ATTITUDE","HONESTY","CREATIVITY","promoted","3","JSS3","PROMOTED TO JSS3","0","","40","","2021-09-13","30","0","0","0","0","0","0","0","0","0","0","70","1","EXAM","CA","CA 2","CA 3","CA 4","CA 5","CA 6","","","","","CHIEF EMEKA NZECHUKWU","WITH MORE HARDWORK, YOU CAN SCALE HIGHER.","ONWUCHEKWA HANNAH","GOOD RESULT, PUT IN MORE EFFORT","","VERY CLOSE. PLEASE DO BETTER NEXT TIME.","GOOD RESULT, PUT IN MORE EFFORT","images/principal_signatures/b57388.jpeg","images/principal_signatures/a26ec7.jpeg","0","2020/2021","3rd Term"),
("74","21","2","JSS2","junior","0","","980","984.5","1400","1400","70","70.32","3rd","3rd","3rd","3rd","","","10","10","10","10","5","5","5","5","5","5","5","5","5","5","5","5","5","5","5","5","5","5","5","5","HANDWRITING","NEATNESS","PUNCTUALITY","ATTENTIVENESS","INITIATIVE","RESPECT","OBEDIENCE","ATTITUDE","HONESTY","CREATIVITY","promoted","3","JSS3","PROMOTED TO JSS3","0","","40","","2021-09-13","30","0","0","0","0","0","0","0","0","0","0","70","1","EXAM","CA","CA 2","CA 3","CA 4","CA 5","CA 6","","","","","CHIEF EMEKA NZECHUKWU","KEEP IT UP. THE SKY IS YOUR STARTING POINT.","ONWUCHEKWA HANNAH","VERY GOOD PERFORMANCE","","KEEP IT UP. THE SKY IS YOUR STARTING POINT.","VERY GOOD PERFORMANCE","images/principal_signatures/b57388.jpeg","images/principal_signatures/a26ec7.jpeg","0","2020/2021","3rd Term"),
("75","22","2","JSS2","junior","0","","964","964","1400","1400","68.86","68.86","4th","4th","4th","4th","","","10","10","10","10","5","5","5","5","5","5","5","5","5","5","5","5","5","5","5","5","5","5","5","5","HANDWRITING","NEATNESS","PUNCTUALITY","ATTENTIVENESS","INITIATIVE","RESPECT","OBEDIENCE","ATTITUDE","HONESTY","CREATIVITY","promoted","3","JSS3","PROMOTED TO JSS3","0","","40","","2021-09-13","30","0","0","0","0","0","0","0","0","0","0","70","1","EXAM","CA","CA 2","CA 3","CA 4","CA 5","CA 6","","","","","CHIEF EMEKA NZECHUKWU","GOOD WORK. JUST A LITTLE MORE WORK AND YOU ARE ON TOP.","ONWUCHEKWA HANNAH","GOOD RESULT, PUT IN MORE EFFORT","","GOOD WORK. JUST A LITTLE MORE WORK AND YOU ARE ON TOP.","GOOD RESULT, PUT IN MORE EFFORT","images/principal_signatures/b57388.jpeg","images/principal_signatures/a26ec7.jpeg","4","2020/2021","3rd Term"),
("76","23","1","JSS1","junior","0","","1027","0","1500","0","68.47","","2nd","","2nd","","","","18","18","0","0","5","0","5","0","5","0","5","0","5","0","5","0","5","0","5","0","5","0","5","0","HANDWRITING","NEATNESS","PUNCTUALITY","ATTENTIVENESS","INITIATIVE","RESPECT","OBEDIENCE","ATTITUDE","HONESTY","CREATIVITY","","0","","","0","","40","","2022-01-10","30","0","0","0","0","0","0","0","0","0","0","70","1","EXAM","CA","CA 2","CA 3","CA 4","CA 5","CA 6","","","","","CHIEF EMEKA NZECHUKWU","GOOD WORK. JUST A LITTLE MORE WORK AND YOU ARE ON TOP.","CHIKWENDU FAVOUR","GOOD RESULT, PUT IN MORE EFFORT","","","","images/principal_signatures/ac13b8.png","images/principal_signatures/0656c7.png","4","2021/2022","1st Term"),
("77","24","1","JSS1","junior","0","","1012","0","1500","0","67.47","","3rd","","3rd","","","","18","18","0","0","5","0","5","0","5","0","5","0","5","0","5","0","5","0","5","0","5","0","5","0","HANDWRITING","NEATNESS","PUNCTUALITY","ATTENTIVENESS","INITIATIVE","RESPECT","OBEDIENCE","ATTITUDE","HONESTY","CREATIVITY","","0","","","0","","40","","2022-01-10","30","0","0","0","0","0","0","0","0","0","0","70","1","EXAM","CA","CA 2","CA 3","CA 4","CA 5","CA 6","","","","","CHIEF EMEKA NZECHUKWU","GOOD WORK. JUST A LITTLE MORE WORK AND YOU ARE ON TOP.","CHIKWENDU FAVOUR","GOOD RESULT, PUT IN MORE EFFORT","","","","images/principal_signatures/ac13b8.png","images/principal_signatures/0656c7.png","0","2021/2022","1st Term"),
("78","25","1","JSS1","junior","0","","479","0","1500","0","31.93","","16th","","16th","","","","18","18","0","0","5","0","5","0","5","0","5","0","5","0","5","0","5","0","5","0","5","0","5","0","HANDWRITING","NEATNESS","PUNCTUALITY","ATTENTIVENESS","INITIATIVE","RESPECT","OBEDIENCE","ATTITUDE","HONESTY","CREATIVITY","","0","","","0","","40","","2022-01-10","30","0","0","0","0","0","0","0","0","0","0","70","1","EXAM","CA","CA 2","CA 3","CA 4","CA 5","CA 6","","","","","CHIEF EMEKA NZECHUKWU","VERY BAD RESULT. PLEASE HELP YOURSELF.","CHIKWENDU FAVOUR","WE WILL WORK TOWARDS IMPROVING ON THIS NEXT TERM","","","","images/principal_signatures/ac13b8.png","images/principal_signatures/0656c7.png","0","2021/2022","1st Term"),
("79","26","1","JSS1","junior","0","","904","0","1500","0","60.27","","5th","","5th","","","","18","18","0","0","5","0","5","0","5","0","5","0","5","0","5","0","5","0","5","0","5","0","5","0","HANDWRITING","NEATNESS","PUNCTUALITY","ATTENTIVENESS","INITIATIVE","RESPECT","OBEDIENCE","ATTITUDE","HONESTY","CREATIVITY","","0","","","0","","40","","2022-01-10","30","0","0","0","0","0","0","0","0","0","0","70","1","EXAM","CA","CA 2","CA 3","CA 4","CA 5","CA 6","","","","","CHIEF EMEKA NZECHUKWU","GOOD WORK. YOU CAN BE BETTER.","CHIKWENDU FAVOUR","GOOD RESULT, PUT IN MORE EFFORT","","","","images/principal_signatures/ac13b8.png","images/principal_signatures/0656c7.png","0","2021/2022","1st Term"),
("80","27","1","JSS1","junior","0","","502","0","1500","0","33.47","","13th","","13th","","","","18","18","0","0","5","0","5","0","5","0","5","0","5","0","5","0","5","0","5","0","5","0","5","0","HANDWRITING","NEATNESS","PUNCTUALITY","ATTENTIVENESS","INITIATIVE","RESPECT","OBEDIENCE","ATTITUDE","HONESTY","CREATIVITY","","0","","","0","","40","","2022-01-10","30","0","0","0","0","0","0","0","0","0","0","70","1","EXAM","CA","CA 2","CA 3","CA 4","CA 5","CA 6","","","","","CHIEF EMEKA NZECHUKWU","VERY BAD RESULT. PLEASE HELP YOURSELF.","CHIKWENDU FAVOUR","WE WILL WORK TOWARDS IMPROVING ON THIS NEXT TERM","","","","images/principal_signatures/ac13b8.png","images/principal_signatures/0656c7.png","0","2021/2022","1st Term"),
("81","28","1","JSS1","junior","0","","791","0","1500","0","52.73","","7th","","7th","","","","18","18","0","0","5","0","5","0","5","0","5","0","5","0","5","0","5","0","5","0","5","0","5","0","HANDWRITING","NEATNESS","PUNCTUALITY","ATTENTIVENESS","INITIATIVE","RESPECT","OBEDIENCE","ATTITUDE","HONESTY","CREATIVITY","","0","","","0","","40","","2022-01-10","30","0","0","0","0","0","0","0","0","0","0","70","1","EXAM","CA","CA 2","CA 3","CA 4","CA 5","CA 6","","","","","CHIEF EMEKA NZECHUKWU","VERY CLOSE. PLEASE DO BETTER NEXT TIME.","CHIKWENDU FAVOUR","GOOD RESULT, PUT IN MORE EFFORT","","","","images/principal_signatures/ac13b8.png","images/principal_signatures/0656c7.png","2","2021/2022","1st Term"),
("82","30","1","JSS1","junior","0","","586","0","1500","0","39.07","","12th","","12th","","","","18","18","0","0","5","0","5","0","5","0","5","0","5","0","5","0","5","0","5","0","5","0","5","0","HANDWRITING","NEATNESS","PUNCTUALITY","ATTENTIVENESS","INITIATIVE","RESPECT","OBEDIENCE","ATTITUDE","HONESTY","CREATIVITY","","0","","","0","","40","","2022-01-10","30","0","0","0","0","0","0","0","0","0","0","70","1","EXAM","CA","CA 2","CA 3","CA 4","CA 5","CA 6","","","","","CHIEF EMEKA NZECHUKWU","VERY BAD RESULT. PLEASE HELP YOURSELF.","CHIKWENDU FAVOUR","WE WILL WORK TOWARDS IMPROVING ON THIS NEXT TERM","","","","images/principal_signatures/ac13b8.png","images/principal_signatures/0656c7.png","0","2021/2022","1st Term"),
("83","38","1","JSS1","junior","0","","621","0","1500","0","41.4","","11th","","11th","","","","18","18","0","0","5","0","5","0","5","0","5","0","5","0","5","0","5","0","5","0","5","0","5","0","HANDWRITING","NEATNESS","PUNCTUALITY","ATTENTIVENESS","INITIATIVE","RESPECT","OBEDIENCE","ATTITUDE","HONESTY","CREATIVITY","","0","","","0","","40","","2022-01-10","30","0","0","0","0","0","0","0","0","0","0","70","1","EXAM","CA","CA 2","CA 3","CA 4","CA 5","CA 6","","","","","CHIEF EMEKA NZECHUKWU","TOO POOR. TRY BETTER NEXT TIME.","CHIKWENDU FAVOUR","ALMOST THERE, LETS WORK FOR A BETTER RESULT NEXT TERM","","","","images/principal_signatures/ac13b8.png","images/principal_signatures/0656c7.png","1","2021/2022","1st Term"),
("84","39","1","JSS1","junior","0","","634","0","1500","0","42.27","","10th","","10th","","","","18","18","0","0","5","0","5","0","5","0","5","0","5","0","5","0","5","0","5","0","5","0","5","0","HANDWRITING","NEATNESS","PUNCTUALITY","ATTENTIVENESS","INITIATIVE","RESPECT","OBEDIENCE","ATTITUDE","HONESTY","CREATIVITY","","0","","","0","","40","","2022-01-10","30","0","0","0","0","0","0","0","0","0","0","70","1","EXAM","CA","CA 2","CA 3","CA 4","CA 5","CA 6","","","","","CHIEF EMEKA NZECHUKWU","TOO POOR. TRY BETTER NEXT TIME.","CHIKWENDU FAVOUR","ALMOST THERE, LETS WORK FOR A BETTER RESULT NEXT TERM","","","","images/principal_signatures/ac13b8.png","images/principal_signatures/0656c7.png","0","2021/2022","1st Term"),
("85","40","1","JSS1","junior","0","","491","0","1500","0","32.73","","15th","","15th","","","","18","18","0","0","5","0","5","0","5","0","5","0","5","0","5","0","5","0","5","0","5","0","5","0","HANDWRITING","NEATNESS","PUNCTUALITY","ATTENTIVENESS","INITIATIVE","RESPECT","OBEDIENCE","ATTITUDE","HONESTY","CREATIVITY","","0","","","0","","40","","2022-01-10","30","0","0","0","0","0","0","0","0","0","0","70","1","EXAM","CA","CA 2","CA 3","CA 4","CA 5","CA 6","","","","","CHIEF EMEKA NZECHUKWU","VERY BAD RESULT. PLEASE HELP YOURSELF.","CHIKWENDU FAVOUR","WE WILL WORK TOWARDS IMPROVING ON THIS NEXT TERM","","","","images/principal_signatures/ac13b8.png","images/principal_signatures/0656c7.png","0","2021/2022","1st Term"),
("86","41","1","JSS1","junior","0","","403","0","1500","0","26.87","","18th","","18th","","","","18","18","0","0","5","0","5","0","5","0","5","0","5","0","5","0","5","0","5","0","5","0","5","0","HANDWRITING","NEATNESS","PUNCTUALITY","ATTENTIVENESS","INITIATIVE","RESPECT","OBEDIENCE","ATTITUDE","HONESTY","CREATIVITY","","0","","","0","","40","","2022-01-10","30","0","0","0","0","0","0","0","0","0","0","70","1","EXAM","CA","CA 2","CA 3","CA 4","CA 5","CA 6","","","","","CHIEF EMEKA NZECHUKWU","VERY BAD RESULT. PLEASE HELP YOURSELF.","CHIKWENDU FAVOUR","WE WILL WORK TOWARDS IMPROVING ON THIS NEXT TERM","","","","images/principal_signatures/ac13b8.png","images/principal_signatures/0656c7.png","0","2021/2022","1st Term"),
("87","42","1","JSS1","junior","0","","729","0","1500","0","48.6","","9th","","9th","","","","18","18","0","0","5","0","5","0","5","0","5","0","5","0","5","0","5","0","5","0","5","0","5","0","HANDWRITING","NEATNESS","PUNCTUALITY","ATTENTIVENESS","INITIATIVE","RESPECT","OBEDIENCE","ATTITUDE","HONESTY","CREATIVITY","","0","","","0","","40","","2022-01-10","30","0","0","0","0","0","0","0","0","0","0","70","1","EXAM","CA","CA 2","CA 3","CA 4","CA 5","CA 6","","","","","CHIEF EMEKA NZECHUKWU","NOT ENOUGH. PLEASE TRY A LITTLE HARDER.","CHIKWENDU FAVOUR","ALMOST THERE, LETS WORK FOR A BETTER RESULT NEXT TERM","","","","images/principal_signatures/ac13b8.png","images/principal_signatures/0656c7.png","1","2021/2022","1st Term"),
("88","43","1","JSS1","junior","0","","494","0","1500","0","32.93","","14th","","14th","","","","18","18","0","0","5","0","5","0","5","0","5","0","5","0","5","0","5","0","5","0","5","0","5","0","HANDWRITING","NEATNESS","PUNCTUALITY","ATTENTIVENESS","INITIATIVE","RESPECT","OBEDIENCE","ATTITUDE","HONESTY","CREATIVITY","","0","","","0","","40","","2022-01-10","30","0","0","0","0","0","0","0","0","0","0","70","1","EXAM","CA","CA 2","CA 3","CA 4","CA 5","CA 6","","","","","CHIEF EMEKA NZECHUKWU","VERY BAD RESULT. PLEASE HELP YOURSELF.","CHIKWENDU FAVOUR","WE WILL WORK TOWARDS IMPROVING ON THIS NEXT TERM","","","","images/principal_signatures/ac13b8.png","images/principal_signatures/0656c7.png","0","2021/2022","1st Term"),
("89","44","1","JSS1","junior","0","","1070","0","1500","0","71.33","","1st","","1st","","","","18","18","0","0","5","0","5","0","5","0","5","0","5","0","5","0","5","0","5","0","5","0","5","0","HANDWRITING","NEATNESS","PUNCTUALITY","ATTENTIVENESS","INITIATIVE","RESPECT","OBEDIENCE","ATTITUDE","HONESTY","CREATIVITY","","0","","","0","","40","","2022-01-10","30","0","0","0","0","0","0","0","0","0","0","70","1","EXAM","CA","CA 2","CA 3","CA 4","CA 5","CA 6","","","","","CHIEF EMEKA NZECHUKWU","KEEP IT UP. THE SKY IS YOUR STARTING POINT.","CHIKWENDU FAVOUR","VERY GOOD PERFORMANCE","","","","images/principal_signatures/ac13b8.png","images/principal_signatures/0656c7.png","1","2021/2022","1st Term"),
("90","45","1","JSS1","junior","0","","436","0","1500","0","29.07","","17th","","17th","","","","18","18","0","0","5","0","5","0","5","0","5","0","5","0","5","0","5","0","5","0","5","0","5","0","HANDWRITING","NEATNESS","PUNCTUALITY","ATTENTIVENESS","INITIATIVE","RESPECT","OBEDIENCE","ATTITUDE","HONESTY","CREATIVITY","","0","","","0","","40","","2022-01-10","30","0","0","0","0","0","0","0","0","0","0","70","1","EXAM","CA","CA 2","CA 3","CA 4","CA 5","CA 6","","","","","CHIEF EMEKA NZECHUKWU","VERY BAD RESULT. PLEASE HELP YOURSELF.","CHIKWENDU FAVOUR","WE WILL WORK TOWARDS IMPROVING ON THIS NEXT TERM","","","","images/principal_signatures/ac13b8.png","images/principal_signatures/0656c7.png","0","2021/2022","1st Term"),
("91","46","1","JSS1","junior","0","","786","0","1500","0","52.4","","8th","","8th","","","","18","18","0","0","5","0","5","0","5","0","5","0","5","0","5","0","5","0","5","0","5","0","5","0","HANDWRITING","NEATNESS","PUNCTUALITY","ATTENTIVENESS","INITIATIVE","RESPECT","OBEDIENCE","ATTITUDE","HONESTY","CREATIVITY","","0","","","0","","40","","2022-01-10","30","0","0","0","0","0","0","0","0","0","0","70","1","EXAM","CA","CA 2","CA 3","CA 4","CA 5","CA 6","","","","","CHIEF EMEKA NZECHUKWU","VERY CLOSE. PLEASE DO BETTER NEXT TIME.","CHIKWENDU FAVOUR","GOOD RESULT, PUT IN MORE EFFORT","","","","images/principal_signatures/ac13b8.png","images/principal_signatures/0656c7.png","0","2021/2022","1st Term"),
("92","47","1","JSS1","junior","0","","822","0","1500","0","54.8","","6th","","6th","","","","18","18","0","0","5","0","5","0","5","0","5","0","5","0","5","0","5","0","5","0","5","0","5","0","HANDWRITING","NEATNESS","PUNCTUALITY","ATTENTIVENESS","INITIATIVE","RESPECT","OBEDIENCE","ATTITUDE","HONESTY","CREATIVITY","","0","","","0","","40","","2022-01-10","30","0","0","0","0","0","0","0","0","0","0","70","1","EXAM","CA","CA 2","CA 3","CA 4","CA 5","CA 6","","","","","CHIEF EMEKA NZECHUKWU","VERY CLOSE. PLEASE DO BETTER NEXT TIME.","CHIKWENDU FAVOUR","GOOD RESULT, PUT IN MORE EFFORT","","","","images/principal_signatures/ac13b8.png","images/principal_signatures/0656c7.png","0","2021/2022","1st Term"),
("93","48","1","JSS1","junior","0","","971","0","1500","0","64.73","","4th","","4th","","","","18","18","0","0","5","0","5","0","5","0","5","0","5","0","5","0","5","0","5","0","5","0","5","0","HANDWRITING","NEATNESS","PUNCTUALITY","ATTENTIVENESS","INITIATIVE","RESPECT","OBEDIENCE","ATTITUDE","HONESTY","CREATIVITY","","0","","","0","","40","","2022-01-10","30","0","0","0","0","0","0","0","0","0","0","70","1","EXAM","CA","CA 2","CA 3","CA 4","CA 5","CA 6","","","","","CHIEF EMEKA NZECHUKWU","GOOD WORK. YOU CAN BE BETTER.","CHIKWENDU FAVOUR","GOOD RESULT, PUT IN MORE EFFORT","","","","images/principal_signatures/ac13b8.png","images/principal_signatures/0656c7.png","0","2021/2022","1st Term"),
("94","12","2","JSS2","junior","0","","1123","0","1500","0","74.87","","2nd","","2nd","","","","12","12","0","0","5","0","5","0","5","0","5","0","5","0","5","0","5","0","5","0","5","0","5","0","HANDWRITING","NEATNESS","PUNCTUALITY","ATTENTIVENESS","INITIATIVE","RESPECT","OBEDIENCE","ATTITUDE","HONESTY","CREATIVITY","","0","","","0","","40","","2022-01-10","30","0","0","0","0","0","0","0","0","0","0","70","1","EXAM","CA","CA 2","CA 3","CA 4","CA 5","CA 6","","","","","CHIEF EMEKA NZECHUKWU","KEEP IT UP. THE SKY IS YOUR STARTING POINT.","AMANDA CHIOMA","VERY GOOD PERFORMANCE","","","","images/principal_signatures/ac13b8.png","images/principal_signatures/0656c7.png","2","2021/2022","1st Term"),
("95","13","2","JSS2","junior","0","","1003","0","1500","0","66.87","","3rd","","3rd","","","","12","12","0","0","5","0","5","0","5","0","5","0","5","0","5","0","5","0","5","0","5","0","5","0","HANDWRITING","NEATNESS","PUNCTUALITY","ATTENTIVENESS","INITIATIVE","RESPECT","OBEDIENCE","ATTITUDE","HONESTY","CREATIVITY","","0","","","0","","40","","2022-01-10","30","0","0","0","0","0","0","0","0","0","0","70","1","EXAM","CA","CA 2","CA 3","CA 4","CA 5","CA 6","","","","","CHIEF EMEKA NZECHUKWU","GOOD WORK. JUST A LITTLE MORE WORK AND YOU ARE ON TOP.","AMANDA CHIOMA","GOOD RESULT, PUT IN MORE EFFORT","","","","images/principal_signatures/ac13b8.png","images/principal_signatures/0656c7.png","3","2021/2022","1st Term"),
("96","14","2","JSS2","junior","0","","1140","0","1500","0","76","","1st","","1st","","","","12","12","0","0","5","0","5","0","5","0","5","0","5","0","5","0","5","0","5","0","5","0","5","0","HANDWRITING","NEATNESS","PUNCTUALITY","ATTENTIVENESS","INITIATIVE","RESPECT","OBEDIENCE","ATTITUDE","HONESTY","CREATIVITY","","0","","","0","","40","","2022-01-10","30","0","0","0","0","0","0","0","0","0","0","70","1","EXAM","CA","CA 2","CA 3","CA 4","CA 5","CA 6","","","","","CHIEF EMEKA NZECHUKWU","KEEP IT UP. THE SKY IS YOUR STARTING POINT.","AMANDA CHIOMA","VERY GOOD PERFORMANCE","","","","images/principal_signatures/ac13b8.png","images/principal_signatures/0656c7.png","0","2021/2022","1st Term"),
("97","15","2","JSS2","junior","0","","501","0","1500","0","33.4","","11th","","11th","","","","12","12","0","0","5","0","5","0","5","0","5","0","5","0","5","0","5","0","5","0","5","0","5","0","HANDWRITING","NEATNESS","PUNCTUALITY","ATTENTIVENESS","INITIATIVE","RESPECT","OBEDIENCE","ATTITUDE","HONESTY","CREATIVITY","","0","","","0","","40","","2022-01-10","30","0","0","0","0","0","0","0","0","0","0","70","1","EXAM","CA","CA 2","CA 3","CA 4","CA 5","CA 6","","","","","CHIEF EMEKA NZECHUKWU","VERY BAD RESULT. PLEASE HELP YOURSELF.","AMANDA CHIOMA","WE WILL WORK TOWARDS IMPROVING ON THIS NEXT TERM","","","","images/principal_signatures/ac13b8.png","images/principal_signatures/0656c7.png","2","2021/2022","1st Term"),
("98","16","2","JSS2","junior","0","","760","0","1500","0","50.67","","7th","","7th","","","","12","12","0","0","5","0","5","0","5","0","5","0","5","0","5","0","5","0","5","0","5","0","5","0","HANDWRITING","NEATNESS","PUNCTUALITY","ATTENTIVENESS","INITIATIVE","RESPECT","OBEDIENCE","ATTITUDE","HONESTY","CREATIVITY","","0","","","0","","40","","2022-01-10","30","0","0","0","0","0","0","0","0","0","0","70","1","EXAM","CA","CA 2","CA 3","CA 4","CA 5","CA 6","","","","","CHIEF EMEKA NZECHUKWU","VERY CLOSE. PLEASE DO BETTER NEXT TIME.","AMANDA CHIOMA","GOOD RESULT, PUT IN MORE EFFORT","","","","images/principal_signatures/ac13b8.png","images/principal_signatures/0656c7.png","0","2021/2022","1st Term"),
("99","17","2","JSS2","junior","0","","554","0","1500","0","36.93","","10th","","10th","","","","12","12","0","0","5","0","5","0","5","0","5","0","5","0","5","0","5","0","5","0","5","0","5","0","HANDWRITING","NEATNESS","PUNCTUALITY","ATTENTIVENESS","INITIATIVE","RESPECT","OBEDIENCE","ATTITUDE","HONESTY","CREATIVITY","","0","","","0","","40","","2022-01-10","30","0","0","0","0","0","0","0","0","0","0","70","1","EXAM","CA","CA 2","CA 3","CA 4","CA 5","CA 6","","","","","CHIEF EMEKA NZECHUKWU","VERY BAD RESULT. PLEASE HELP YOURSELF.","AMANDA CHIOMA","WE WILL WORK TOWARDS IMPROVING ON THIS NEXT TERM","","","","images/principal_signatures/ac13b8.png","images/principal_signatures/0656c7.png","0","2021/2022","1st Term"),
("100","18","2","JSS2","junior","0","","788","0","1500","0","52.53","","6th","","6th","","","","12","12","0","0","5","0","5","0","5","0","5","0","5","0","5","0","5","0","5","0","5","0","5","0","HANDWRITING","NEATNESS","PUNCTUALITY","ATTENTIVENESS","INITIATIVE","RESPECT","OBEDIENCE","ATTITUDE","HONESTY","CREATIVITY","","0","","","0","","40","","2022-01-10","30","0","0","0","0","0","0","0","0","0","0","70","1","EXAM","CA","CA 2","CA 3","CA 4","CA 5","CA 6","","","","","CHIEF EMEKA NZECHUKWU","VERY CLOSE. PLEASE DO BETTER NEXT TIME.","AMANDA CHIOMA","GOOD RESULT, PUT IN MORE EFFORT","","","","images/principal_signatures/ac13b8.png","images/principal_signatures/0656c7.png","0","2021/2022","1st Term");
INSERT INTO result_main VALUES
("101","20","2","JSS2","junior","0","","439","0","1500","0","29.27","","12th","","12th","","","","12","12","0","0","5","0","5","0","5","0","5","0","5","0","5","0","5","0","5","0","5","0","5","0","HANDWRITING","NEATNESS","PUNCTUALITY","ATTENTIVENESS","INITIATIVE","RESPECT","OBEDIENCE","ATTITUDE","HONESTY","CREATIVITY","","0","","","0","","40","","2022-01-10","30","0","0","0","0","0","0","0","0","0","0","70","1","EXAM","CA","CA 2","CA 3","CA 4","CA 5","CA 6","","","","","CHIEF EMEKA NZECHUKWU","VERY BAD RESULT. PLEASE HELP YOURSELF.","AMANDA CHIOMA","WE WILL WORK TOWARDS IMPROVING ON THIS NEXT TERM","","","","images/principal_signatures/ac13b8.png","images/principal_signatures/0656c7.png","0","2021/2022","1st Term"),
("102","31","2","JSS2","junior","0","","636","0","1500","0","42.4","","9th","","9th","","","","12","12","0","0","5","0","5","0","5","0","5","0","5","0","5","0","5","0","5","0","5","0","5","0","HANDWRITING","NEATNESS","PUNCTUALITY","ATTENTIVENESS","INITIATIVE","RESPECT","OBEDIENCE","ATTITUDE","HONESTY","CREATIVITY","","0","","","0","","40","","2022-01-10","30","0","0","0","0","0","0","0","0","0","0","70","1","EXAM","CA","CA 2","CA 3","CA 4","CA 5","CA 6","","","","","CHIEF EMEKA NZECHUKWU","TOO POOR. TRY BETTER NEXT TIME.","AMANDA CHIOMA","ALMOST THERE, LETS WORK FOR A BETTER RESULT NEXT TERM","","","","images/principal_signatures/ac13b8.png","images/principal_signatures/0656c7.png","0","2021/2022","1st Term"),
("103","35","2","JSS2","junior","0","","741","0","1500","0","49.4","","8th","","8th","","","","12","12","0","0","5","0","5","0","5","0","5","0","5","0","5","0","5","0","5","0","5","0","5","0","HANDWRITING","NEATNESS","PUNCTUALITY","ATTENTIVENESS","INITIATIVE","RESPECT","OBEDIENCE","ATTITUDE","HONESTY","CREATIVITY","","0","","","0","","40","","2022-01-10","30","0","0","0","0","0","0","0","0","0","0","70","1","EXAM","CA","CA 2","CA 3","CA 4","CA 5","CA 6","","","","","CHIEF EMEKA NZECHUKWU","NOT ENOUGH. PLEASE TRY A LITTLE HARDER.","AMANDA CHIOMA","ALMOST THERE, LETS WORK FOR A BETTER RESULT NEXT TERM","","","","images/principal_signatures/ac13b8.png","images/principal_signatures/0656c7.png","0","2021/2022","1st Term"),
("104","36","2","JSS2","junior","0","","824","0","1500","0","54.93","","4th","","4th","","","","12","12","0","0","5","0","5","0","5","0","5","0","5","0","5","0","5","0","5","0","5","0","5","0","HANDWRITING","NEATNESS","PUNCTUALITY","ATTENTIVENESS","INITIATIVE","RESPECT","OBEDIENCE","ATTITUDE","HONESTY","CREATIVITY","","0","","","0","","40","","2022-01-10","30","0","0","0","0","0","0","0","0","0","0","70","1","EXAM","CA","CA 2","CA 3","CA 4","CA 5","CA 6","","","","","CHIEF EMEKA NZECHUKWU","VERY CLOSE. PLEASE DO BETTER NEXT TIME.","AMANDA CHIOMA","GOOD RESULT, PUT IN MORE EFFORT","","","","images/principal_signatures/ac13b8.png","images/principal_signatures/0656c7.png","1","2021/2022","1st Term"),
("105","37","2","JSS2","junior","0","","800","0","1500","0","53.33","","5th","","5th","","","","12","12","0","0","5","0","5","0","5","0","5","0","5","0","5","0","5","0","5","0","5","0","5","0","HANDWRITING","NEATNESS","PUNCTUALITY","ATTENTIVENESS","INITIATIVE","RESPECT","OBEDIENCE","ATTITUDE","HONESTY","CREATIVITY","","0","","","0","","40","","2022-01-10","30","0","0","0","0","0","0","0","0","0","0","70","1","EXAM","CA","CA 2","CA 3","CA 4","CA 5","CA 6","","","","","CHIEF EMEKA NZECHUKWU","VERY CLOSE. PLEASE DO BETTER NEXT TIME.","AMANDA CHIOMA","GOOD RESULT, PUT IN MORE EFFORT","","","","images/principal_signatures/ac13b8.png","images/principal_signatures/0656c7.png","0","2021/2022","1st Term"),
("106","1","3","JSS3","junior","0","","398","0","1500","0","26.53","","13th","","13th","","","","13","13","0","0","5","0","5","0","5","0","5","0","5","0","5","0","5","0","5","0","5","0","5","0","HANDWRITING","NEATNESS","PUNCTUALITY","ATTENTIVENESS","INITIATIVE","RESPECT","OBEDIENCE","ATTITUDE","HONESTY","CREATIVITY","","0","","","0","","40","","2022-01-10","30","0","0","0","0","0","0","0","0","0","0","70","1","EXAM","CA","CA 2","CA 3","CA 4","CA 5","CA 6","","","","","CHIEF EMEKA NZECHUKWU","VERY BAD RESULT. PLEASE HELP YOURSELF.","ONWUCHEKWA HANNAH","WE WILL WORK TOWARDS IMPROVING ON THIS NEXT TERM","","","","images/principal_signatures/ac13b8.png","images/principal_signatures/0656c7.png","0","2021/2022","1st Term"),
("107","2","3","JSS3","junior","0","","1212","0","1500","0","80.8","","2nd","","2nd","","","","13","13","0","0","5","0","5","0","5","0","5","0","5","0","5","0","5","0","5","0","5","0","5","0","HANDWRITING","NEATNESS","PUNCTUALITY","ATTENTIVENESS","INITIATIVE","RESPECT","OBEDIENCE","ATTITUDE","HONESTY","CREATIVITY","","0","","","0","","40","","2022-01-10","30","0","0","0","0","0","0","0","0","0","0","70","1","EXAM","CA","CA 2","CA 3","CA 4","CA 5","CA 6","","","","","CHIEF EMEKA NZECHUKWU","EXCEPTIONAL WORK. WONDERFULLY DONE.","ONWUCHEKWA HANNAH","EXECELLENT RESULT, KEEP IT UP","","","","images/principal_signatures/ac13b8.png","images/principal_signatures/0656c7.png","1","2021/2022","1st Term"),
("108","3","3","JSS3","junior","0","","985","0","1500","0","65.67","","8th","","8th","","","","13","13","0","0","5","0","5","0","5","0","5","0","5","0","5","0","5","0","5","0","5","0","5","0","HANDWRITING","NEATNESS","PUNCTUALITY","ATTENTIVENESS","INITIATIVE","RESPECT","OBEDIENCE","ATTITUDE","HONESTY","CREATIVITY","","0","","","0","","40","","2022-01-10","30","0","0","0","0","0","0","0","0","0","0","70","1","EXAM","CA","CA 2","CA 3","CA 4","CA 5","CA 6","","","","","CHIEF EMEKA NZECHUKWU","GOOD WORK. JUST A LITTLE MORE WORK AND YOU ARE ON TOP.","ONWUCHEKWA HANNAH","GOOD RESULT, PUT IN MORE EFFORT","","","","images/principal_signatures/ac13b8.png","images/principal_signatures/0656c7.png","1","2021/2022","1st Term"),
("109","4","3","JSS3","junior","0","","1041","0","1500","0","69.4","","6th","","6th","","","","13","13","0","0","5","0","5","0","5","0","5","0","5","0","5","0","5","0","5","0","5","0","5","0","HANDWRITING","NEATNESS","PUNCTUALITY","ATTENTIVENESS","INITIATIVE","RESPECT","OBEDIENCE","ATTITUDE","HONESTY","CREATIVITY","","0","","","0","","40","","2022-01-10","30","0","0","0","0","0","0","0","0","0","0","70","1","EXAM","CA","CA 2","CA 3","CA 4","CA 5","CA 6","","","","","CHIEF EMEKA NZECHUKWU","GOOD WORK. JUST A LITTLE MORE WORK AND YOU ARE ON TOP.","ONWUCHEKWA HANNAH","GOOD RESULT, PUT IN MORE EFFORT","","","","images/principal_signatures/ac13b8.png","images/principal_signatures/0656c7.png","0","2021/2022","1st Term"),
("110","5","3","JSS3","junior","0","","1055","0","1500","0","70.33","","5th","","5th","","","","13","13","0","0","5","0","5","0","5","0","5","0","5","0","5","0","5","0","5","0","5","0","5","0","HANDWRITING","NEATNESS","PUNCTUALITY","ATTENTIVENESS","INITIATIVE","RESPECT","OBEDIENCE","ATTITUDE","HONESTY","CREATIVITY","","0","","","0","","40","","2022-01-10","30","0","0","0","0","0","0","0","0","0","0","70","1","EXAM","CA","CA 2","CA 3","CA 4","CA 5","CA 6","","","","","CHIEF EMEKA NZECHUKWU","KEEP IT UP. THE SKY IS YOUR STARTING POINT.","ONWUCHEKWA HANNAH","VERY GOOD PERFORMANCE","","","","images/principal_signatures/ac13b8.png","images/principal_signatures/0656c7.png","0","2021/2022","1st Term"),
("111","8","3","JSS3","junior","0","","424","0","1500","0","28.27","","12th","","12th","","","","13","13","0","0","5","0","5","0","5","0","5","0","5","0","5","0","5","0","5","0","5","0","5","0","HANDWRITING","NEATNESS","PUNCTUALITY","ATTENTIVENESS","INITIATIVE","RESPECT","OBEDIENCE","ATTITUDE","HONESTY","CREATIVITY","","0","","","0","","40","","2022-01-10","30","0","0","0","0","0","0","0","0","0","0","70","1","EXAM","CA","CA 2","CA 3","CA 4","CA 5","CA 6","","","","","CHIEF EMEKA NZECHUKWU","VERY BAD RESULT. PLEASE HELP YOURSELF.","ONWUCHEKWA HANNAH","WE WILL WORK TOWARDS IMPROVING ON THIS NEXT TERM","","","","images/principal_signatures/ac13b8.png","images/principal_signatures/0656c7.png","0","2021/2022","1st Term"),
("112","9","3","JSS3","junior","0","","1207","0","1500","0","80.47","","3rd","","3rd","","","","13","13","0","0","5","0","5","0","5","0","5","0","5","0","5","0","5","0","5","0","5","0","5","0","HANDWRITING","NEATNESS","PUNCTUALITY","ATTENTIVENESS","INITIATIVE","RESPECT","OBEDIENCE","ATTITUDE","HONESTY","CREATIVITY","","0","","","0","","40","","2022-01-10","30","0","0","0","0","0","0","0","0","0","0","70","1","EXAM","CA","CA 2","CA 3","CA 4","CA 5","CA 6","","","","","CHIEF EMEKA NZECHUKWU","EXCEPTIONAL WORK. WONDERFULLY DONE.","ONWUCHEKWA HANNAH","EXECELLENT RESULT, KEEP IT UP","","","","images/principal_signatures/ac13b8.png","images/principal_signatures/0656c7.png","1","2021/2022","1st Term"),
("113","11","3","JSS3","junior","0","","822","0","1500","0","54.8","","10th","","10th","","","","13","13","0","0","5","0","5","0","5","0","5","0","5","0","5","0","5","0","5","0","5","0","5","0","HANDWRITING","NEATNESS","PUNCTUALITY","ATTENTIVENESS","INITIATIVE","RESPECT","OBEDIENCE","ATTITUDE","HONESTY","CREATIVITY","","0","","","0","","40","","2022-01-10","30","0","0","0","0","0","0","0","0","0","0","70","1","EXAM","CA","CA 2","CA 3","CA 4","CA 5","CA 6","","","","","CHIEF EMEKA NZECHUKWU","VERY CLOSE. PLEASE DO BETTER NEXT TIME.","ONWUCHEKWA HANNAH","GOOD RESULT, PUT IN MORE EFFORT","","","","images/principal_signatures/ac13b8.png","images/principal_signatures/0656c7.png","0","2021/2022","1st Term"),
("114","21","3","JSS3","junior","0","","1185","0","1500","0","79","","4th","","4th","","","","13","13","0","0","5","0","5","0","5","0","5","0","5","0","5","0","5","0","5","0","5","0","5","0","HANDWRITING","NEATNESS","PUNCTUALITY","ATTENTIVENESS","INITIATIVE","RESPECT","OBEDIENCE","ATTITUDE","HONESTY","CREATIVITY","","0","","","0","","40","","2022-01-10","30","0","0","0","0","0","0","0","0","0","0","70","1","EXAM","CA","CA 2","CA 3","CA 4","CA 5","CA 6","","","","","CHIEF EMEKA NZECHUKWU","KEEP IT UP. THE SKY IS YOUR STARTING POINT.","ONWUCHEKWA HANNAH","VERY GOOD PERFORMANCE","","","","images/principal_signatures/ac13b8.png","images/principal_signatures/0656c7.png","1","2021/2022","1st Term"),
("115","22","3","JSS3","junior","0","","1032","0","1500","0","68.8","","7th","","7th","","","","13","13","0","0","5","0","5","0","5","0","5","0","5","0","5","0","5","0","5","0","5","0","5","0","HANDWRITING","NEATNESS","PUNCTUALITY","ATTENTIVENESS","INITIATIVE","RESPECT","OBEDIENCE","ATTITUDE","HONESTY","CREATIVITY","","0","","","0","","40","","2022-01-10","30","0","0","0","0","0","0","0","0","0","0","70","1","EXAM","CA","CA 2","CA 3","CA 4","CA 5","CA 6","","","","","CHIEF EMEKA NZECHUKWU","GOOD WORK. JUST A LITTLE MORE WORK AND YOU ARE ON TOP.","ONWUCHEKWA HANNAH","GOOD RESULT, PUT IN MORE EFFORT","","","","images/principal_signatures/ac13b8.png","images/principal_signatures/0656c7.png","1","2021/2022","1st Term"),
("116","32","3","JSS3","junior","0","","1229","0","1500","0","81.93","","1st","","1st","","","","13","13","0","0","5","0","5","0","5","0","5","0","5","0","5","0","5","0","5","0","5","0","5","0","HANDWRITING","NEATNESS","PUNCTUALITY","ATTENTIVENESS","INITIATIVE","RESPECT","OBEDIENCE","ATTITUDE","HONESTY","CREATIVITY","","0","","","0","","40","","2022-01-10","30","0","0","0","0","0","0","0","0","0","0","70","1","EXAM","CA","CA 2","CA 3","CA 4","CA 5","CA 6","","","","","CHIEF EMEKA NZECHUKWU","EXCEPTIONAL WORK. WONDERFULLY DONE.","ONWUCHEKWA HANNAH","EXECELLENT RESULT, KEEP IT UP","","","","images/principal_signatures/ac13b8.png","images/principal_signatures/0656c7.png","4","2021/2022","1st Term"),
("117","33","3","JSS3","junior","0","","527","0","1500","0","35.13","","11th","","11th","","","","13","13","0","0","5","0","5","0","5","0","5","0","5","0","5","0","5","0","5","0","5","0","5","0","HANDWRITING","NEATNESS","PUNCTUALITY","ATTENTIVENESS","INITIATIVE","RESPECT","OBEDIENCE","ATTITUDE","HONESTY","CREATIVITY","","0","","","0","","40","","2022-01-10","30","0","0","0","0","0","0","0","0","0","0","70","1","EXAM","CA","CA 2","CA 3","CA 4","CA 5","CA 6","","","","","CHIEF EMEKA NZECHUKWU","VERY BAD RESULT. PLEASE HELP YOURSELF.","ONWUCHEKWA HANNAH","WE WILL WORK TOWARDS IMPROVING ON THIS NEXT TERM","","","","images/principal_signatures/ac13b8.png","images/principal_signatures/0656c7.png","0","2021/2022","1st Term"),
("118","34","3","JSS3","junior","0","","955","0","1500","0","63.67","","9th","","9th","","","","13","13","0","0","5","0","5","0","5","0","5","0","5","0","5","0","5","0","5","0","5","0","5","0","HANDWRITING","NEATNESS","PUNCTUALITY","ATTENTIVENESS","INITIATIVE","RESPECT","OBEDIENCE","ATTITUDE","HONESTY","CREATIVITY","","0","","","0","","40","","2022-01-10","30","0","0","0","0","0","0","0","0","0","0","70","1","EXAM","CA","CA 2","CA 3","CA 4","CA 5","CA 6","","","","","CHIEF EMEKA NZECHUKWU","GOOD WORK. YOU CAN BE BETTER.","ONWUCHEKWA HANNAH","GOOD RESULT, PUT IN MORE EFFORT","","","","images/principal_signatures/ac13b8.png","images/principal_signatures/0656c7.png","4","2021/2022","1st Term"),
("119","23","1","JSS1","junior","0","","1062","0","1600","0","66.38","","3rd","","3rd","","","","20","20","0","0","5","0","5","0","5","0","5","0","5","0","5","0","5","0","5","0","5","0","5","0","HANDWRITING","NEATNESS","PUNCTUALITY","ATTENTIVENESS","INITIATIVE","RESPECT","OBEDIENCE","ATTITUDE","HONESTY","CREATIVITY","","0","","","0","","40","","2022-05-09","30","0","0","0","0","0","0","0","0","0","0","70","1","EXAM","CA","CA 2","CA 3","CA 4","CA 5","CA 6","","","","","CHIEF EMEKA NZECHUKWU","GOOD WORK. JUST A LITTLE MORE WORK AND YOU ARE ON TOP.","CHIKWENDU FAVOUR","GOOD RESULT, PUT IN MORE EFFORT","","","","images/principal_signatures/ac13b8.png","images/principal_signatures/0656c7.png","0","2021/2022","2nd Term"),
("120","24","1","JSS1","junior","0","","979","0","1600","0","61.19","","6th","","6th","","","","20","20","0","0","5","0","5","0","5","0","5","0","5","0","5","0","5","0","5","0","5","0","5","0","HANDWRITING","NEATNESS","PUNCTUALITY","ATTENTIVENESS","INITIATIVE","RESPECT","OBEDIENCE","ATTITUDE","HONESTY","CREATIVITY","","0","","","0","","40","","2022-05-09","30","0","0","0","0","0","0","0","0","0","0","70","1","EXAM","CA","CA 2","CA 3","CA 4","CA 5","CA 6","","","","","CHIEF EMEKA NZECHUKWU","GOOD WORK. YOU CAN BE BETTER.","CHIKWENDU FAVOUR","GOOD RESULT, PUT IN MORE EFFORT","","","","images/principal_signatures/ac13b8.png","images/principal_signatures/0656c7.png","0","2021/2022","2nd Term"),
("121","25","1","JSS1","junior","0","","589","0","1600","0","36.81","","20th","","20th","","","","20","20","0","0","5","0","5","0","5","0","5","0","5","0","5","0","5","0","5","0","5","0","5","0","HANDWRITING","NEATNESS","PUNCTUALITY","ATTENTIVENESS","INITIATIVE","RESPECT","OBEDIENCE","ATTITUDE","HONESTY","CREATIVITY","","0","","","0","","40","","2022-05-09","30","0","0","0","0","0","0","0","0","0","0","70","1","EXAM","CA","CA 2","CA 3","CA 4","CA 5","CA 6","","","","","CHIEF EMEKA NZECHUKWU","VERY BAD RESULT. PLEASE HELP YOURSELF.","CHIKWENDU FAVOUR","WE WILL WORK TOWARDS IMPROVING ON THIS NEXT TERM","","","","images/principal_signatures/ac13b8.png","images/principal_signatures/0656c7.png","0","2021/2022","2nd Term"),
("122","26","1","JSS1","junior","0","","1120","0","1600","0","70","","2nd","","2nd","","","","20","20","0","0","5","0","5","0","5","0","5","0","5","0","5","0","5","0","5","0","5","0","5","0","HANDWRITING","NEATNESS","PUNCTUALITY","ATTENTIVENESS","INITIATIVE","RESPECT","OBEDIENCE","ATTITUDE","HONESTY","CREATIVITY","","0","","","0","","40","","2022-05-09","30","0","0","0","0","0","0","0","0","0","0","70","1","EXAM","CA","CA 2","CA 3","CA 4","CA 5","CA 6","","","","","CHIEF EMEKA NZECHUKWU","KEEP IT UP. THE SKY IS YOUR STARTING POINT.","CHIKWENDU FAVOUR","VERY GOOD PERFORMANCE","","","","images/principal_signatures/ac13b8.png","images/principal_signatures/0656c7.png","0","2021/2022","2nd Term"),
("123","27","1","JSS1","junior","0","","634","0","1600","0","39.63","","15th","","15th","","","","20","20","0","0","5","0","5","0","5","0","5","0","5","0","5","0","5","0","5","0","5","0","5","0","HANDWRITING","NEATNESS","PUNCTUALITY","ATTENTIVENESS","INITIATIVE","RESPECT","OBEDIENCE","ATTITUDE","HONESTY","CREATIVITY","","0","","","0","","40","","2022-05-09","30","0","0","0","0","0","0","0","0","0","0","70","1","EXAM","CA","CA 2","CA 3","CA 4","CA 5","CA 6","","","","","CHIEF EMEKA NZECHUKWU","VERY BAD RESULT. PLEASE HELP YOURSELF.","CHIKWENDU FAVOUR","WE WILL WORK TOWARDS IMPROVING ON THIS NEXT TERM","","","","images/principal_signatures/ac13b8.png","images/principal_signatures/0656c7.png","0","2021/2022","2nd Term"),
("124","28","1","JSS1","junior","0","","906","0","1600","0","56.63","","8th","","8th","","","","20","20","0","0","5","0","5","0","5","0","5","0","5","0","5","0","5","0","5","0","5","0","5","0","HANDWRITING","NEATNESS","PUNCTUALITY","ATTENTIVENESS","INITIATIVE","RESPECT","OBEDIENCE","ATTITUDE","HONESTY","CREATIVITY","","0","","","0","","40","","2022-05-09","30","0","0","0","0","0","0","0","0","0","0","70","1","EXAM","CA","CA 2","CA 3","CA 4","CA 5","CA 6","","","","","CHIEF EMEKA NZECHUKWU","WITH MORE HARDWORK, YOU CAN SCALE HIGHER.","CHIKWENDU FAVOUR","GOOD RESULT, PUT IN MORE EFFORT","","","","images/principal_signatures/ac13b8.png","images/principal_signatures/0656c7.png","0","2021/2022","2nd Term"),
("125","30","1","JSS1","junior","0","","732","0","1600","0","45.75","","13th","","13th","","","","20","20","0","0","5","0","5","0","5","0","5","0","5","0","5","0","5","0","5","0","5","0","5","0","HANDWRITING","NEATNESS","PUNCTUALITY","ATTENTIVENESS","INITIATIVE","RESPECT","OBEDIENCE","ATTITUDE","HONESTY","CREATIVITY","","0","","","0","","40","","2022-05-09","30","0","0","0","0","0","0","0","0","0","0","70","1","EXAM","CA","CA 2","CA 3","CA 4","CA 5","CA 6","","","","","CHIEF EMEKA NZECHUKWU","NOT ENOUGH. PLEASE TRY A LITTLE HARDER.","CHIKWENDU FAVOUR","ALMOST THERE, LETS WORK FOR A BETTER RESULT NEXT TERM","","","","images/principal_signatures/ac13b8.png","images/principal_signatures/0656c7.png","0","2021/2022","2nd Term"),
("126","38","1","JSS1","junior","0","","759","0","1600","0","47.44","","11th","","11th","","","","20","20","0","0","5","0","5","0","5","0","5","0","5","0","5","0","5","0","5","0","5","0","5","0","HANDWRITING","NEATNESS","PUNCTUALITY","ATTENTIVENESS","INITIATIVE","RESPECT","OBEDIENCE","ATTITUDE","HONESTY","CREATIVITY","","0","","","0","","40","","2022-05-09","30","0","0","0","0","0","0","0","0","0","0","70","1","EXAM","CA","CA 2","CA 3","CA 4","CA 5","CA 6","","","","","CHIEF EMEKA NZECHUKWU","NOT ENOUGH. PLEASE TRY A LITTLE HARDER.","CHIKWENDU FAVOUR","ALMOST THERE, LETS WORK FOR A BETTER RESULT NEXT TERM","","","","images/principal_signatures/ac13b8.png","images/principal_signatures/0656c7.png","0","2021/2022","2nd Term"),
("127","39","1","JSS1","junior","0","","739","0","1600","0","46.19","","12th","","12th","","","","20","20","0","0","5","0","5","0","5","0","5","0","5","0","5","0","5","0","5","0","5","0","5","0","HANDWRITING","NEATNESS","PUNCTUALITY","ATTENTIVENESS","INITIATIVE","RESPECT","OBEDIENCE","ATTITUDE","HONESTY","CREATIVITY","","0","","","0","","40","","2022-05-09","30","0","0","0","0","0","0","0","0","0","0","70","1","EXAM","CA","CA 2","CA 3","CA 4","CA 5","CA 6","","","","","CHIEF EMEKA NZECHUKWU","NOT ENOUGH. PLEASE TRY A LITTLE HARDER.","CHIKWENDU FAVOUR","ALMOST THERE, LETS WORK FOR A BETTER RESULT NEXT TERM","","","","images/principal_signatures/ac13b8.png","images/principal_signatures/0656c7.png","0","2021/2022","2nd Term"),
("128","40","1","JSS1","junior","0","","649","0","1600","0","40.56","","14th","","14th","","","","20","20","0","0","5","0","5","0","5","0","5","0","5","0","5","0","5","0","5","0","5","0","5","0","HANDWRITING","NEATNESS","PUNCTUALITY","ATTENTIVENESS","INITIATIVE","RESPECT","OBEDIENCE","ATTITUDE","HONESTY","CREATIVITY","","0","","","0","","40","","2022-05-09","30","0","0","0","0","0","0","0","0","0","0","70","1","EXAM","CA","CA 2","CA 3","CA 4","CA 5","CA 6","","","","","CHIEF EMEKA NZECHUKWU","TOO POOR. TRY BETTER NEXT TIME.","CHIKWENDU FAVOUR","ALMOST THERE, LETS WORK FOR A BETTER RESULT NEXT TERM","","","","images/principal_signatures/ac13b8.png","images/principal_signatures/0656c7.png","0","2021/2022","2nd Term"),
("129","42","1","JSS1","junior","0","","807","0","1600","0","50.44","","10th","","10th","","","","20","20","0","0","5","0","5","0","5","0","5","0","5","0","5","0","5","0","5","0","5","0","5","0","HANDWRITING","NEATNESS","PUNCTUALITY","ATTENTIVENESS","INITIATIVE","RESPECT","OBEDIENCE","ATTITUDE","HONESTY","CREATIVITY","","0","","","0","","40","","2022-05-09","30","0","0","0","0","0","0","0","0","0","0","70","1","EXAM","CA","CA 2","CA 3","CA 4","CA 5","CA 6","","","","","CHIEF EMEKA NZECHUKWU","VERY CLOSE. PLEASE DO BETTER NEXT TIME.","CHIKWENDU FAVOUR","GOOD RESULT, PUT IN MORE EFFORT","","","","images/principal_signatures/ac13b8.png","images/principal_signatures/0656c7.png","0","2021/2022","2nd Term"),
("130","43","1","JSS1","junior","0","","615","0","1600","0","38.44","","17th","","17th","","","","20","20","0","0","5","0","5","0","5","0","5","0","5","0","5","0","5","0","5","0","5","0","5","0","HANDWRITING","NEATNESS","PUNCTUALITY","ATTENTIVENESS","INITIATIVE","RESPECT","OBEDIENCE","ATTITUDE","HONESTY","CREATIVITY","","0","","","0","","40","","2022-05-09","30","0","0","0","0","0","0","0","0","0","0","70","1","EXAM","CA","CA 2","CA 3","CA 4","CA 5","CA 6","","","","","CHIEF EMEKA NZECHUKWU","VERY BAD RESULT. PLEASE HELP YOURSELF.","CHIKWENDU FAVOUR","WE WILL WORK TOWARDS IMPROVING ON THIS NEXT TERM","","","","images/principal_signatures/ac13b8.png","images/principal_signatures/0656c7.png","0","2021/2022","2nd Term"),
("131","44","1","JSS1","junior","0","","1217","0","1600","0","76.06","","1st","","1st","","","","20","20","0","0","5","0","5","0","5","0","5","0","5","0","5","0","5","0","5","0","5","0","5","0","HANDWRITING","NEATNESS","PUNCTUALITY","ATTENTIVENESS","INITIATIVE","RESPECT","OBEDIENCE","ATTITUDE","HONESTY","CREATIVITY","","0","","","0","","40","","2022-05-09","30","0","0","0","0","0","0","0","0","0","0","70","1","EXAM","CA","CA 2","CA 3","CA 4","CA 5","CA 6","","","","","CHIEF EMEKA NZECHUKWU","KEEP IT UP. THE SKY IS YOUR STARTING POINT.","CHIKWENDU FAVOUR","VERY GOOD PERFORMANCE","","","","images/principal_signatures/ac13b8.png","images/principal_signatures/0656c7.png","0","2021/2022","2nd Term"),
("132","45","1","JSS1","junior","0","","606","0","1600","0","37.88","","19th","","19th","","","","20","20","0","0","5","0","5","0","5","0","5","0","5","0","5","0","5","0","5","0","5","0","5","0","HANDWRITING","NEATNESS","PUNCTUALITY","ATTENTIVENESS","INITIATIVE","RESPECT","OBEDIENCE","ATTITUDE","HONESTY","CREATIVITY","","0","","","0","","40","","2022-05-09","30","0","0","0","0","0","0","0","0","0","0","70","1","EXAM","CA","CA 2","CA 3","CA 4","CA 5","CA 6","","","","","CHIEF EMEKA NZECHUKWU","VERY BAD RESULT. PLEASE HELP YOURSELF.","CHIKWENDU FAVOUR","WE WILL WORK TOWARDS IMPROVING ON THIS NEXT TERM","","","","images/principal_signatures/ac13b8.png","images/principal_signatures/0656c7.png","0","2021/2022","2nd Term"),
("133","46","1","JSS1","junior","0","","1059","0","1600","0","66.19","","4th","","4th","","","","20","20","0","0","5","0","5","0","5","0","5","0","5","0","5","0","5","0","5","0","5","0","5","0","HANDWRITING","NEATNESS","PUNCTUALITY","ATTENTIVENESS","INITIATIVE","RESPECT","OBEDIENCE","ATTITUDE","HONESTY","CREATIVITY","","0","","","0","","40","","2022-05-09","30","0","0","0","0","0","0","0","0","0","0","70","1","EXAM","CA","CA 2","CA 3","CA 4","CA 5","CA 6","","","","","CHIEF EMEKA NZECHUKWU","GOOD WORK. JUST A LITTLE MORE WORK AND YOU ARE ON TOP.","CHIKWENDU FAVOUR","GOOD RESULT, PUT IN MORE EFFORT","","","","images/principal_signatures/ac13b8.png","images/principal_signatures/0656c7.png","0","2021/2022","2nd Term"),
("134","47","1","JSS1","junior","0","","970","0","1600","0","60.63","","7th","","7th","","","","20","20","0","0","5","0","5","0","5","0","5","0","5","0","5","0","5","0","5","0","5","0","5","0","HANDWRITING","NEATNESS","PUNCTUALITY","ATTENTIVENESS","INITIATIVE","RESPECT","OBEDIENCE","ATTITUDE","HONESTY","CREATIVITY","","0","","","0","","40","","2022-05-09","30","0","0","0","0","0","0","0","0","0","0","70","1","EXAM","CA","CA 2","CA 3","CA 4","CA 5","CA 6","","","","","CHIEF EMEKA NZECHUKWU","GOOD WORK. YOU CAN BE BETTER.","CHIKWENDU FAVOUR","GOOD RESULT, PUT IN MORE EFFORT","","","","images/principal_signatures/ac13b8.png","images/principal_signatures/0656c7.png","0","2021/2022","2nd Term"),
("135","48","1","JSS1","junior","0","","1007","0","1600","0","62.94","","5th","","5th","","","","20","20","0","0","5","0","5","0","5","0","5","0","5","0","5","0","5","0","5","0","5","0","5","0","HANDWRITING","NEATNESS","PUNCTUALITY","ATTENTIVENESS","INITIATIVE","RESPECT","OBEDIENCE","ATTITUDE","HONESTY","CREATIVITY","","0","","","0","","40","","2022-05-09","30","0","0","0","0","0","0","0","0","0","0","70","1","EXAM","CA","CA 2","CA 3","CA 4","CA 5","CA 6","","","","","CHIEF EMEKA NZECHUKWU","GOOD WORK. YOU CAN BE BETTER.","CHIKWENDU FAVOUR","GOOD RESULT, PUT IN MORE EFFORT","","","","images/principal_signatures/ac13b8.png","images/principal_signatures/0656c7.png","0","2021/2022","2nd Term"),
("136","51","1","JSS1","junior","0","","608","0","1600","0","38","","18th","","18th","","","","20","20","0","0","5","0","5","0","5","0","5","0","5","0","5","0","5","0","5","0","5","0","5","0","HANDWRITING","NEATNESS","PUNCTUALITY","ATTENTIVENESS","INITIATIVE","RESPECT","OBEDIENCE","ATTITUDE","HONESTY","CREATIVITY","","0","","","0","","40","","2022-05-09","30","0","0","0","0","0","0","0","0","0","0","70","1","EXAM","CA","CA 2","CA 3","CA 4","CA 5","CA 6","","","","","CHIEF EMEKA NZECHUKWU","VERY BAD RESULT. PLEASE HELP YOURSELF.","CHIKWENDU FAVOUR","WE WILL WORK TOWARDS IMPROVING ON THIS NEXT TERM","","","","images/principal_signatures/ac13b8.png","images/principal_signatures/0656c7.png","0","2021/2022","2nd Term"),
("137","52","1","JSS1","junior","0","","633","0","1600","0","39.56","","16th","","16th","","","","20","20","0","0","5","0","5","0","5","0","5","0","5","0","5","0","5","0","5","0","5","0","5","0","HANDWRITING","NEATNESS","PUNCTUALITY","ATTENTIVENESS","INITIATIVE","RESPECT","OBEDIENCE","ATTITUDE","HONESTY","CREATIVITY","","0","","","0","","40","","2022-05-09","30","0","0","0","0","0","0","0","0","0","0","70","1","EXAM","CA","CA 2","CA 3","CA 4","CA 5","CA 6","","","","","CHIEF EMEKA NZECHUKWU","VERY BAD RESULT. PLEASE HELP YOURSELF.","CHIKWENDU FAVOUR","WE WILL WORK TOWARDS IMPROVING ON THIS NEXT TERM","","","","images/principal_signatures/ac13b8.png","images/principal_signatures/0656c7.png","0","2021/2022","2nd Term"),
("138","53","1","JSS1","junior","0","","741","0","1400","0","52.93","","9th","","9th","","","","20","20","0","0","5","0","5","0","5","0","5","0","5","0","5","0","5","0","5","0","5","0","5","0","HANDWRITING","NEATNESS","PUNCTUALITY","ATTENTIVENESS","INITIATIVE","RESPECT","OBEDIENCE","ATTITUDE","HONESTY","CREATIVITY","","0","","","0","","40","","2022-05-09","30","0","0","0","0","0","0","0","0","0","0","70","1","EXAM","CA","CA 2","CA 3","CA 4","CA 5","CA 6","","","","","CHIEF EMEKA NZECHUKWU","VERY CLOSE. PLEASE DO BETTER NEXT TIME.","CHIKWENDU FAVOUR","GOOD RESULT, PUT IN MORE EFFORT","","","","images/principal_signatures/ac13b8.png","images/principal_signatures/0656c7.png","0","2021/2022","2nd Term"),
("139","12","2","JSS2","junior","0","","1215","0","1600","0","75.94","","1st","","1st","","","","12","12","0","0","5","0","5","0","5","0","5","0","5","0","5","0","5","0","5","0","5","0","5","0","HANDWRITING","NEATNESS","PUNCTUALITY","ATTENTIVENESS","INITIATIVE","RESPECT","OBEDIENCE","ATTITUDE","HONESTY","CREATIVITY","","0","","","0","","40","","2022-05-09","30","0","0","0","0","0","0","0","0","0","0","70","1","EXAM","CA","CA 2","CA 3","CA 4","CA 5","CA 6","","","","","CHIEF EMEKA NZECHUKWU","KEEP IT UP. THE SKY IS YOUR STARTING POINT.","","VERY GOOD PERFORMANCE","","","","images/principal_signatures/ac13b8.png","images/principal_signatures/0656c7.png","0","2021/2022","2nd Term"),
("140","13","2","JSS2","junior","0","","1134","0","1600","0","70.88","","3rd","","3rd","","","","12","12","0","0","5","0","5","0","5","0","5","0","5","0","5","0","5","0","5","0","5","0","5","0","HANDWRITING","NEATNESS","PUNCTUALITY","ATTENTIVENESS","INITIATIVE","RESPECT","OBEDIENCE","ATTITUDE","HONESTY","CREATIVITY","","0","","","0","","40","","2022-05-09","30","0","0","0","0","0","0","0","0","0","0","70","1","EXAM","CA","CA 2","CA 3","CA 4","CA 5","CA 6","","","","","CHIEF EMEKA NZECHUKWU","KEEP IT UP. THE SKY IS YOUR STARTING POINT.","","VERY GOOD PERFORMANCE","","","","images/principal_signatures/ac13b8.png","images/principal_signatures/0656c7.png","0","2021/2022","2nd Term"),
("141","14","2","JSS2","junior","0","","1165","0","1600","0","72.81","","2nd","","2nd","","","","12","12","0","0","5","0","5","0","5","0","5","0","5","0","5","0","5","0","5","0","5","0","5","0","HANDWRITING","NEATNESS","PUNCTUALITY","ATTENTIVENESS","INITIATIVE","RESPECT","OBEDIENCE","ATTITUDE","HONESTY","CREATIVITY","","0","","","0","","40","","2022-05-09","30","0","0","0","0","0","0","0","0","0","0","70","1","EXAM","CA","CA 2","CA 3","CA 4","CA 5","CA 6","","","","","CHIEF EMEKA NZECHUKWU","KEEP IT UP. THE SKY IS YOUR STARTING POINT.","","VERY GOOD PERFORMANCE","","","","images/principal_signatures/ac13b8.png","images/principal_signatures/0656c7.png","0","2021/2022","2nd Term"),
("142","15","2","JSS2","junior","0","","669","0","1600","0","41.81","","11th","","11th","","","","12","12","0","0","5","0","5","0","5","0","5","0","5","0","5","0","5","0","5","0","5","0","5","0","HANDWRITING","NEATNESS","PUNCTUALITY","ATTENTIVENESS","INITIATIVE","RESPECT","OBEDIENCE","ATTITUDE","HONESTY","CREATIVITY","","0","","","0","","40","","2022-05-09","30","0","0","0","0","0","0","0","0","0","0","70","1","EXAM","CA","CA 2","CA 3","CA 4","CA 5","CA 6","","","","","CHIEF EMEKA NZECHUKWU","TOO POOR. TRY BETTER NEXT TIME.","","ALMOST THERE, LETS WORK FOR A BETTER RESULT NEXT TERM","","","","images/principal_signatures/ac13b8.png","images/principal_signatures/0656c7.png","0","2021/2022","2nd Term"),
("143","16","2","JSS2","junior","0","","884","0","1600","0","55.25","","5th","","5th","","","","12","12","0","0","5","0","5","0","5","0","5","0","5","0","5","0","5","0","5","0","5","0","5","0","HANDWRITING","NEATNESS","PUNCTUALITY","ATTENTIVENESS","INITIATIVE","RESPECT","OBEDIENCE","ATTITUDE","HONESTY","CREATIVITY","","0","","","0","","40","","2022-05-09","30","0","0","0","0","0","0","0","0","0","0","70","1","EXAM","CA","CA 2","CA 3","CA 4","CA 5","CA 6","","","","","CHIEF EMEKA NZECHUKWU","WITH MORE HARDWORK, YOU CAN SCALE HIGHER.","","GOOD RESULT, PUT IN MORE EFFORT","","","","images/principal_signatures/ac13b8.png","images/principal_signatures/0656c7.png","0","2021/2022","2nd Term"),
("144","17","2","JSS2","junior","0","","693","0","1600","0","43.31","","10th","","10th","","","","12","12","0","0","5","0","5","0","5","0","5","0","5","0","5","0","5","0","5","0","5","0","5","0","HANDWRITING","NEATNESS","PUNCTUALITY","ATTENTIVENESS","INITIATIVE","RESPECT","OBEDIENCE","ATTITUDE","HONESTY","CREATIVITY","","0","","","0","","40","","2022-05-09","30","0","0","0","0","0","0","0","0","0","0","70","1","EXAM","CA","CA 2","CA 3","CA 4","CA 5","CA 6","","","","","CHIEF EMEKA NZECHUKWU","TOO POOR. TRY BETTER NEXT TIME.","","ALMOST THERE, LETS WORK FOR A BETTER RESULT NEXT TERM","","","","images/principal_signatures/ac13b8.png","images/principal_signatures/0656c7.png","0","2021/2022","2nd Term"),
("145","18","2","JSS2","junior","0","","806","0","1600","0","50.38","","7th","","7th","","","","12","12","0","0","5","0","5","0","5","0","5","0","5","0","5","0","5","0","5","0","5","0","5","0","HANDWRITING","NEATNESS","PUNCTUALITY","ATTENTIVENESS","INITIATIVE","RESPECT","OBEDIENCE","ATTITUDE","HONESTY","CREATIVITY","","0","","","0","","40","","2022-05-09","30","0","0","0","0","0","0","0","0","0","0","70","1","EXAM","CA","CA 2","CA 3","CA 4","CA 5","CA 6","","","","","CHIEF EMEKA NZECHUKWU","VERY CLOSE. PLEASE DO BETTER NEXT TIME.","","GOOD RESULT, PUT IN MORE EFFORT","","","","images/principal_signatures/ac13b8.png","images/principal_signatures/0656c7.png","0","2021/2022","2nd Term"),
("146","20","2","JSS2","junior","0","","562","0","1600","0","35.13","","12th","","12th","","","","12","12","0","0","5","0","5","0","5","0","5","0","5","0","5","0","5","0","5","0","5","0","5","0","HANDWRITING","NEATNESS","PUNCTUALITY","ATTENTIVENESS","INITIATIVE","RESPECT","OBEDIENCE","ATTITUDE","HONESTY","CREATIVITY","","0","","","0","","40","","2022-05-09","30","0","0","0","0","0","0","0","0","0","0","70","1","EXAM","CA","CA 2","CA 3","CA 4","CA 5","CA 6","","","","","CHIEF EMEKA NZECHUKWU","VERY BAD RESULT. PLEASE HELP YOURSELF.","","WE WILL WORK TOWARDS IMPROVING ON THIS NEXT TERM","","","","images/principal_signatures/ac13b8.png","images/principal_signatures/0656c7.png","0","2021/2022","2nd Term"),
("147","31","2","JSS2","junior","0","","776","0","1600","0","48.5","","9th","","9th","","","","12","12","0","0","5","0","5","0","5","0","5","0","5","0","5","0","5","0","5","0","5","0","5","0","HANDWRITING","NEATNESS","PUNCTUALITY","ATTENTIVENESS","INITIATIVE","RESPECT","OBEDIENCE","ATTITUDE","HONESTY","CREATIVITY","","0","","","0","","40","","2022-05-09","30","0","0","0","0","0","0","0","0","0","0","70","1","EXAM","CA","CA 2","CA 3","CA 4","CA 5","CA 6","","","","","CHIEF EMEKA NZECHUKWU","NOT ENOUGH. PLEASE TRY A LITTLE HARDER.","","ALMOST THERE, LETS WORK FOR A BETTER RESULT NEXT TERM","","","","images/principal_signatures/ac13b8.png","images/principal_signatures/0656c7.png","0","2021/2022","2nd Term"),
("148","35","2","JSS2","junior","0","","800","0","1600","0","50","","8th","","8th","","","","12","12","0","0","5","0","5","0","5","0","5","0","5","0","5","0","5","0","5","0","5","0","5","0","HANDWRITING","NEATNESS","PUNCTUALITY","ATTENTIVENESS","INITIATIVE","RESPECT","OBEDIENCE","ATTITUDE","HONESTY","CREATIVITY","","0","","","0","","40","","2022-05-09","30","0","0","0","0","0","0","0","0","0","0","70","1","EXAM","CA","CA 2","CA 3","CA 4","CA 5","CA 6","","","","","CHIEF EMEKA NZECHUKWU","VERY CLOSE. PLEASE DO BETTER NEXT TIME.","","GOOD RESULT, PUT IN MORE EFFORT","","","","images/principal_signatures/ac13b8.png","images/principal_signatures/0656c7.png","0","2021/2022","2nd Term"),
("149","36","2","JSS2","junior","0","","907","0","1600","0","56.69","","4th","","4th","","","","12","12","0","0","5","0","5","0","5","0","5","0","5","0","5","0","5","0","5","0","5","0","5","0","HANDWRITING","NEATNESS","PUNCTUALITY","ATTENTIVENESS","INITIATIVE","RESPECT","OBEDIENCE","ATTITUDE","HONESTY","CREATIVITY","","0","","","0","","40","","2022-05-09","30","0","0","0","0","0","0","0","0","0","0","70","1","EXAM","CA","CA 2","CA 3","CA 4","CA 5","CA 6","","","","","CHIEF EMEKA NZECHUKWU","WITH MORE HARDWORK, YOU CAN SCALE HIGHER.","","GOOD RESULT, PUT IN MORE EFFORT","","","","images/principal_signatures/ac13b8.png","images/principal_signatures/0656c7.png","0","2021/2022","2nd Term"),
("150","37","2","JSS2","junior","0","","868","0","1600","0","54.25","","6th","","6th","","","","12","12","0","0","5","0","5","0","5","0","5","0","5","0","5","0","5","0","5","0","5","0","5","0","HANDWRITING","NEATNESS","PUNCTUALITY","ATTENTIVENESS","INITIATIVE","RESPECT","OBEDIENCE","ATTITUDE","HONESTY","CREATIVITY","","0","","","0","","40","","2022-05-09","30","0","0","0","0","0","0","0","0","0","0","70","1","EXAM","CA","CA 2","CA 3","CA 4","CA 5","CA 6","","","","","CHIEF EMEKA NZECHUKWU","VERY CLOSE. PLEASE DO BETTER NEXT TIME.","","GOOD RESULT, PUT IN MORE EFFORT","","","","images/principal_signatures/ac13b8.png","images/principal_signatures/0656c7.png","0","2021/2022","2nd Term"),
("151","1","3","JSS3","junior","0","","474","0","1600","0","29.63","","15th","","15th","","","","15","15","0","0","5","0","5","0","5","0","5","0","5","0","5","0","5","0","5","0","5","0","5","0","HANDWRITING","NEATNESS","PUNCTUALITY","ATTENTIVENESS","INITIATIVE","RESPECT","OBEDIENCE","ATTITUDE","HONESTY","CREATIVITY","","0","","","0","","40","","2022-05-09","30","0","0","0","0","0","0","0","0","0","0","70","1","EXAM","CA","CA 2","CA 3","CA 4","CA 5","CA 6","","","","","CHIEF EMEKA NZECHUKWU","VERY BAD RESULT. PLEASE HELP YOURSELF.","ONWUCHEKWA HANNAH","WE WILL WORK TOWARDS IMPROVING ON THIS NEXT TERM","","","","images/principal_signatures/ac13b8.png","images/principal_signatures/0656c7.png","0","2021/2022","2nd Term"),
("152","2","3","JSS3","junior","0","","1209","0","1600","0","75.56","","1st","","1st","","","","15","15","0","0","5","0","5","0","5","0","5","0","5","0","5","0","5","0","5","0","5","0","5","0","HANDWRITING","NEATNESS","PUNCTUALITY","ATTENTIVENESS","INITIATIVE","RESPECT","OBEDIENCE","ATTITUDE","HONESTY","CREATIVITY","","0","","","0","","40","","2022-05-09","30","0","0","0","0","0","0","0","0","0","0","70","1","EXAM","CA","CA 2","CA 3","CA 4","CA 5","CA 6","","","","","CHIEF EMEKA NZECHUKWU","KEEP IT UP. THE SKY IS YOUR STARTING POINT.","ONWUCHEKWA HANNAH","VERY GOOD PERFORMANCE","","","","images/principal_signatures/ac13b8.png","images/principal_signatures/0656c7.png","0","2021/2022","2nd Term"),
("153","3","3","JSS3","junior","0","","906","0","1600","0","56.63","","7th","","7th","","","","15","15","0","0","5","0","5","0","5","0","5","0","5","0","5","0","5","0","5","0","5","0","5","0","HANDWRITING","NEATNESS","PUNCTUALITY","ATTENTIVENESS","INITIATIVE","RESPECT","OBEDIENCE","ATTITUDE","HONESTY","CREATIVITY","","0","","","0","","40","","2022-05-09","30","0","0","0","0","0","0","0","0","0","0","70","1","EXAM","CA","CA 2","CA 3","CA 4","CA 5","CA 6","","","","","CHIEF EMEKA NZECHUKWU","WITH MORE HARDWORK, YOU CAN SCALE HIGHER.","ONWUCHEKWA HANNAH","GOOD RESULT, PUT IN MORE EFFORT","","","","images/principal_signatures/ac13b8.png","images/principal_signatures/0656c7.png","0","2021/2022","2nd Term"),
("154","4","3","JSS3","junior","0","","978","0","1600","0","61.13","","5th","","5th","","","","15","15","0","0","5","0","5","0","5","0","5","0","5","0","5","0","5","0","5","0","5","0","5","0","HANDWRITING","NEATNESS","PUNCTUALITY","ATTENTIVENESS","INITIATIVE","RESPECT","OBEDIENCE","ATTITUDE","HONESTY","CREATIVITY","","0","","","0","","40","","2022-05-09","30","0","0","0","0","0","0","0","0","0","0","70","1","EXAM","CA","CA 2","CA 3","CA 4","CA 5","CA 6","","","","","CHIEF EMEKA NZECHUKWU","GOOD WORK. YOU CAN BE BETTER.","ONWUCHEKWA HANNAH","GOOD RESULT, PUT IN MORE EFFORT","","","","images/principal_signatures/ac13b8.png","images/principal_signatures/0656c7.png","0","2021/2022","2nd Term"),
("155","5","3","JSS3","junior","0","","834","0","1600","0","52.13","","9th","","9th","","","","15","15","0","0","5","0","5","0","5","0","5","0","5","0","5","0","5","0","5","0","5","0","5","0","HANDWRITING","NEATNESS","PUNCTUALITY","ATTENTIVENESS","INITIATIVE","RESPECT","OBEDIENCE","ATTITUDE","HONESTY","CREATIVITY","","0","","","0","","40","","2022-05-09","30","0","0","0","0","0","0","0","0","0","0","70","1","EXAM","CA","CA 2","CA 3","CA 4","CA 5","CA 6","","","","","CHIEF EMEKA NZECHUKWU","VERY CLOSE. PLEASE DO BETTER NEXT TIME.","ONWUCHEKWA HANNAH","GOOD RESULT, PUT IN MORE EFFORT","","","","images/principal_signatures/ac13b8.png","images/principal_signatures/0656c7.png","0","2021/2022","2nd Term"),
("156","8","3","JSS3","junior","0","","487","0","1600","0","30.44","","14th","","14th","","","","15","15","0","0","5","0","5","0","5","0","5","0","5","0","5","0","5","0","5","0","5","0","5","0","HANDWRITING","NEATNESS","PUNCTUALITY","ATTENTIVENESS","INITIATIVE","RESPECT","OBEDIENCE","ATTITUDE","HONESTY","CREATIVITY","","0","","","0","","40","","2022-05-09","30","0","0","0","0","0","0","0","0","0","0","70","1","EXAM","CA","CA 2","CA 3","CA 4","CA 5","CA 6","","","","","CHIEF EMEKA NZECHUKWU","VERY BAD RESULT. PLEASE HELP YOURSELF.","ONWUCHEKWA HANNAH","WE WILL WORK TOWARDS IMPROVING ON THIS NEXT TERM","","","","images/principal_signatures/ac13b8.png","images/principal_signatures/0656c7.png","0","2021/2022","2nd Term"),
("157","9","3","JSS3","junior","0","","1121","0","1600","0","70.06","","2nd","","2nd","","","","15","15","0","0","5","0","5","0","5","0","5","0","5","0","5","0","5","0","5","0","5","0","5","0","HANDWRITING","NEATNESS","PUNCTUALITY","ATTENTIVENESS","INITIATIVE","RESPECT","OBEDIENCE","ATTITUDE","HONESTY","CREATIVITY","","0","","","0","","40","","2022-05-09","30","0","0","0","0","0","0","0","0","0","0","70","1","EXAM","CA","CA 2","CA 3","CA 4","CA 5","CA 6","","","","","CHIEF EMEKA NZECHUKWU","KEEP IT UP. THE SKY IS YOUR STARTING POINT.","ONWUCHEKWA HANNAH","VERY GOOD PERFORMANCE","","","","images/principal_signatures/ac13b8.png","images/principal_signatures/0656c7.png","0","2021/2022","2nd Term"),
("158","11","3","JSS3","junior","0","","851","0","1600","0","53.19","","8th","","8th","","","","15","15","0","0","5","0","5","0","5","0","5","0","5","0","5","0","5","0","5","0","5","0","5","0","HANDWRITING","NEATNESS","PUNCTUALITY","ATTENTIVENESS","INITIATIVE","RESPECT","OBEDIENCE","ATTITUDE","HONESTY","CREATIVITY","","0","","","0","","40","","2022-05-09","30","0","0","0","0","0","0","0","0","0","0","70","1","EXAM","CA","CA 2","CA 3","CA 4","CA 5","CA 6","","","","","CHIEF EMEKA NZECHUKWU","VERY CLOSE. PLEASE DO BETTER NEXT TIME.","ONWUCHEKWA HANNAH","GOOD RESULT, PUT IN MORE EFFORT","","","","images/principal_signatures/ac13b8.png","images/principal_signatures/0656c7.png","0","2021/2022","2nd Term"),
("159","21","3","JSS3","junior","0","","1073","0","1600","0","67.06","","4th","","4th","","","","15","15","0","0","5","0","5","0","5","0","5","0","5","0","5","0","5","0","5","0","5","0","5","0","HANDWRITING","NEATNESS","PUNCTUALITY","ATTENTIVENESS","INITIATIVE","RESPECT","OBEDIENCE","ATTITUDE","HONESTY","CREATIVITY","","0","","","0","","40","","2022-05-09","30","0","0","0","0","0","0","0","0","0","0","70","1","EXAM","CA","CA 2","CA 3","CA 4","CA 5","CA 6","","","","","CHIEF EMEKA NZECHUKWU","GOOD WORK. JUST A LITTLE MORE WORK AND YOU ARE ON TOP.","ONWUCHEKWA HANNAH","GOOD RESULT, PUT IN MORE EFFORT","","","","images/principal_signatures/ac13b8.png","images/principal_signatures/0656c7.png","0","2021/2022","2nd Term"),
("160","22","3","JSS3","junior","0","","910","0","1600","0","56.88","","6th","","6th","","","","15","15","0","0","5","0","5","0","5","0","5","0","5","0","5","0","5","0","5","0","5","0","5","0","HANDWRITING","NEATNESS","PUNCTUALITY","ATTENTIVENESS","INITIATIVE","RESPECT","OBEDIENCE","ATTITUDE","HONESTY","CREATIVITY","","0","","","0","","40","","2022-05-09","30","0","0","0","0","0","0","0","0","0","0","70","1","EXAM","CA","CA 2","CA 3","CA 4","CA 5","CA 6","","","","","CHIEF EMEKA NZECHUKWU","WITH MORE HARDWORK, YOU CAN SCALE HIGHER.","ONWUCHEKWA HANNAH","GOOD RESULT, PUT IN MORE EFFORT","","","","images/principal_signatures/ac13b8.png","images/principal_signatures/0656c7.png","0","2021/2022","2nd Term"),
("161","32","3","JSS3","junior","0","","1095","0","1600","0","68.44","","3rd","","3rd","","","","15","15","0","0","5","0","5","0","5","0","5","0","5","0","5","0","5","0","5","0","5","0","5","0","HANDWRITING","NEATNESS","PUNCTUALITY","ATTENTIVENESS","INITIATIVE","RESPECT","OBEDIENCE","ATTITUDE","HONESTY","CREATIVITY","","0","","","0","","40","","2022-05-09","30","0","0","0","0","0","0","0","0","0","0","70","1","EXAM","CA","CA 2","CA 3","CA 4","CA 5","CA 6","","","","","CHIEF EMEKA NZECHUKWU","GOOD WORK. JUST A LITTLE MORE WORK AND YOU ARE ON TOP.","ONWUCHEKWA HANNAH","GOOD RESULT, PUT IN MORE EFFORT","","","","images/principal_signatures/ac13b8.png","images/principal_signatures/0656c7.png","0","2021/2022","2nd Term"),
("162","33","3","JSS3","junior","0","","647","0","1600","0","40.44","","11th","","11th","","","","15","15","0","0","5","0","5","0","5","0","5","0","5","0","5","0","5","0","5","0","5","0","5","0","HANDWRITING","NEATNESS","PUNCTUALITY","ATTENTIVENESS","INITIATIVE","RESPECT","OBEDIENCE","ATTITUDE","HONESTY","CREATIVITY","","0","","","0","","40","","2022-05-09","30","0","0","0","0","0","0","0","0","0","0","70","1","EXAM","CA","CA 2","CA 3","CA 4","CA 5","CA 6","","","","","CHIEF EMEKA NZECHUKWU","TOO POOR. TRY BETTER NEXT TIME.","ONWUCHEKWA HANNAH","ALMOST THERE, LETS WORK FOR A BETTER RESULT NEXT TERM","","","","images/principal_signatures/ac13b8.png","images/principal_signatures/0656c7.png","0","2021/2022","2nd Term"),
("163","34","3","JSS3","junior","0","","812","0","1600","0","50.75","","10th","","10th","","","","15","15","0","0","5","0","5","0","5","0","5","0","5","0","5","0","5","0","5","0","5","0","5","0","HANDWRITING","NEATNESS","PUNCTUALITY","ATTENTIVENESS","INITIATIVE","RESPECT","OBEDIENCE","ATTITUDE","HONESTY","CREATIVITY","","0","","","0","","40","","2022-05-09","30","0","0","0","0","0","0","0","0","0","0","70","1","EXAM","CA","CA 2","CA 3","CA 4","CA 5","CA 6","","","","","CHIEF EMEKA NZECHUKWU","VERY CLOSE. PLEASE DO BETTER NEXT TIME.","ONWUCHEKWA HANNAH","GOOD RESULT, PUT IN MORE EFFORT","","","","images/principal_signatures/ac13b8.png","images/principal_signatures/0656c7.png","0","2021/2022","2nd Term"),
("164","49","3","JSS3","junior","0","","509","0","1600","0","31.81","","12th","","12th","","","","15","15","0","0","5","0","5","0","5","0","5","0","5","0","5","0","5","0","5","0","5","0","5","0","HANDWRITING","NEATNESS","PUNCTUALITY","ATTENTIVENESS","INITIATIVE","RESPECT","OBEDIENCE","ATTITUDE","HONESTY","CREATIVITY","","0","","","0","","40","","2022-05-09","30","0","0","0","0","0","0","0","0","0","0","70","1","EXAM","CA","CA 2","CA 3","CA 4","CA 5","CA 6","","","","","CHIEF EMEKA NZECHUKWU","VERY BAD RESULT. PLEASE HELP YOURSELF.","ONWUCHEKWA HANNAH","WE WILL WORK TOWARDS IMPROVING ON THIS NEXT TERM","","","","images/principal_signatures/ac13b8.png","images/principal_signatures/0656c7.png","0","2021/2022","2nd Term"),
("165","50","3","JSS3","junior","0","","499","0","1600","0","31.19","","13th","","13th","","","","15","15","0","0","5","0","5","0","5","0","5","0","5","0","5","0","5","0","5","0","5","0","5","0","HANDWRITING","NEATNESS","PUNCTUALITY","ATTENTIVENESS","INITIATIVE","RESPECT","OBEDIENCE","ATTITUDE","HONESTY","CREATIVITY","","0","","","0","","40","","2022-05-09","30","0","0","0","0","0","0","0","0","0","0","70","1","EXAM","CA","CA 2","CA 3","CA 4","CA 5","CA 6","","","","","CHIEF EMEKA NZECHUKWU","VERY BAD RESULT. PLEASE HELP YOURSELF.","ONWUCHEKWA HANNAH","WE WILL WORK TOWARDS IMPROVING ON THIS NEXT TERM","","","","images/principal_signatures/ac13b8.png","images/principal_signatures/0656c7.png","0","2021/2022","2nd Term");




